/*
Navicat MySQL Data Transfer

Source Server         : localhost
Source Server Version : 50710
Source Host           : localhost:3306
Source Database       : demodata

Target Server Type    : MYSQL
Target Server Version : 50710
File Encoding         : 65001

Date: 2022-04-23 19:51:49
*/


-- ----------------------------
-- Table structure for `achievement`
-- ----------------------------
CREATE TABLE `achievement` (
  `times` varchar(255) DEFAULT NULL,
  `name` varchar(255) DEFAULT NULL,
  `value` int(11) DEFAULT NULL
) ENGINE=InnoDB DEFAULT CHARSET=utf8;

-- ----------------------------
-- Records of achievement
-- ----------------------------
INSERT INTO `achievement` VALUES ('201901', '李明', '88');
INSERT INTO `achievement` VALUES ('201901', '韩梅梅', '98');
INSERT INTO `achievement` VALUES ('201901', '孙权', '46');
INSERT INTO `achievement` VALUES ('201901', '刘备', '55');
INSERT INTO `achievement` VALUES ('201901', '曹操', '18');
INSERT INTO `achievement` VALUES ('201901', '周瑜', '65');
INSERT INTO `achievement` VALUES ('201901', '诸葛亮', '83');
INSERT INTO `achievement` VALUES ('201901', '荀彧', '90');
INSERT INTO `achievement` VALUES ('201902', '李明', '6');
INSERT INTO `achievement` VALUES ('201902', '曹操', '90');
INSERT INTO `achievement` VALUES ('201902', '孙权', '88');
INSERT INTO `achievement` VALUES ('201902', '刘备', '55');
INSERT INTO `achievement` VALUES ('201902', '周瑜', '16');
INSERT INTO `achievement` VALUES ('201902', '诸葛亮', '93');
INSERT INTO `achievement` VALUES ('201902', '荀彧', '30');
INSERT INTO `achievement` VALUES ('201902', '韩梅梅', '78');
INSERT INTO `achievement` VALUES ('201903', '韩梅梅', '100');
INSERT INTO `achievement` VALUES ('201903', '李明', '99');
INSERT INTO `achievement` VALUES ('201903', '曹操', '97');
INSERT INTO `achievement` VALUES ('201903', '刘备', '96');
INSERT INTO `achievement` VALUES ('201903', '孙权', '15');
INSERT INTO `achievement` VALUES ('201903', '周瑜', '89');
INSERT INTO `achievement` VALUES ('201903', '诸葛亮', '87');
INSERT INTO `achievement` VALUES ('201903', '荀彧', '89');

-- ----------------------------
-- Table structure for `car`
-- ----------------------------
CREATE TABLE `car` (
  `id` int(11) DEFAULT NULL,
  `name` varchar(255) DEFAULT NULL,
  `image` varchar(255) DEFAULT NULL
) ENGINE=InnoDB DEFAULT CHARSET=utf8;

-- ----------------------------
-- Records of car
-- ----------------------------
INSERT INTO `car` VALUES ('1', '宝马', 'https://imgs.cobwebtimes.com/demo/logos/bmw.png');
INSERT INTO `car` VALUES ('2', '奔驰', 'https://imgs.cobwebtimes.com/demo/logos/mercedes-benz.png');
INSERT INTO `car` VALUES ('3', '奥迪', 'https://imgs.cobwebtimes.com/demo/logos/audi.png');
INSERT INTO `car` VALUES ('4', '凯迪拉克', 'https://imgs.cobwebtimes.com/demo/logos/cadillac.png');
INSERT INTO `car` VALUES ('5', '雷克萨斯', 'https://imgs.cobwebtimes.com/demo/logos/lexus.png');
INSERT INTO `car` VALUES ('6', '马自达', 'https://imgs.cobwebtimes.com/demo/logos/mazda.png');
INSERT INTO `car` VALUES ('7', '林肯', 'https://imgs.cobwebtimes.com/demo/logos/lincoln.png');
INSERT INTO `car` VALUES ('8', '别克', 'https://imgs.cobwebtimes.com/demo/logos/buick.png');
INSERT INTO `car` VALUES ('9', '大众', 'https://imgs.cobwebtimes.com/demo/logos/volkswagen.png');
INSERT INTO `car` VALUES ('10', '丰田', 'https://imgs.cobwebtimes.com/demo/logos/toyota.png');
INSERT INTO `car` VALUES ('11', '本田', 'https://imgs.cobwebtimes.com/demo/logos/honda.png');
INSERT INTO `car` VALUES ('12', '现代', 'https://imgs.cobwebtimes.com/demo/logos/hyundai.png');
INSERT INTO `car` VALUES ('13', '起亚', 'https://imgs.cobwebtimes.com/demo/logos/kia.png');

-- ----------------------------
-- Table structure for `car_series`
-- ----------------------------
CREATE TABLE `car_series` (
  `id` int(11) DEFAULT NULL,
  `series` varchar(255) DEFAULT NULL,
  `car_id` int(11) DEFAULT NULL,
  `value` int(11) DEFAULT NULL
) ENGINE=InnoDB DEFAULT CHARSET=utf8;

-- ----------------------------
-- Records of car_series
-- ----------------------------
INSERT INTO `car_series` VALUES ('1', '1系', '1', '3000');
INSERT INTO `car_series` VALUES ('2', '3系', '1', '4000');
INSERT INTO `car_series` VALUES ('3', '5系', '1', '2000');
INSERT INTO `car_series` VALUES ('4', 'A级', '2', '2000');
INSERT INTO `car_series` VALUES ('5', 'C级', '2', '5000');
INSERT INTO `car_series` VALUES ('6', 'E级', '2', '3000');
INSERT INTO `car_series` VALUES ('7', 'S级', '2', '160');
INSERT INTO `car_series` VALUES ('8', 'GLC', '2', '6000');
INSERT INTO `car_series` VALUES ('9', 'GLE', '2', '2000');
INSERT INTO `car_series` VALUES ('13', 'X1', '1', '5000');
INSERT INTO `car_series` VALUES ('12', 'X3', '1', '3000');
INSERT INTO `car_series` VALUES ('11', 'X5', '1', '2400');
INSERT INTO `car_series` VALUES ('10', 'X6', '1', '400');
INSERT INTO `car_series` VALUES ('14', 'A3', '3', '9000');
INSERT INTO `car_series` VALUES ('15', 'A4L', '3', '8000');
INSERT INTO `car_series` VALUES ('16', 'A6L', '3', '6000');
INSERT INTO `car_series` VALUES ('17', 'A8L', '3', '1000');
INSERT INTO `car_series` VALUES ('18', 'Q2', '3', '2000');
INSERT INTO `car_series` VALUES ('19', 'Q3', '3', '3000');
INSERT INTO `car_series` VALUES ('20', 'Q5', '3', '7000');
INSERT INTO `car_series` VALUES ('25', 'ATSL', '4', '4000');
INSERT INTO `car_series` VALUES ('22', 'XTS', '4', '5000');
INSERT INTO `car_series` VALUES ('21', 'CT6', '4', '1000');
INSERT INTO `car_series` VALUES ('24', 'XT4', '4', '5000');
INSERT INTO `car_series` VALUES ('23', 'XT5', '4', '7000');
INSERT INTO `car_series` VALUES ('26', 'XT6', '4', '300');
INSERT INTO `car_series` VALUES ('27', 'ES', '5', '1000');
INSERT INTO `car_series` VALUES ('28', '马6', '6', '3000');
INSERT INTO `car_series` VALUES ('29', '领航者', '7', '2000');
INSERT INTO `car_series` VALUES ('31', '威朗', '8', '5000');
INSERT INTO `car_series` VALUES ('30', '英朗', '8', '1200');
INSERT INTO `car_series` VALUES ('32', '凯美瑞', '10', '7000');
INSERT INTO `car_series` VALUES ('33', '雅阁', '11', '4000');
INSERT INTO `car_series` VALUES ('34', '索纳塔', '12', '7700');
INSERT INTO `car_series` VALUES ('35', 'K5', '13', '2000');
INSERT INTO `car_series` VALUES ('36', '捷达', '9', '6500');
INSERT INTO `car_series` VALUES ('37', '桑塔纳', '9', '1000');
INSERT INTO `car_series` VALUES ('38', 'MKZ', '7', '1000');
INSERT INTO `car_series` VALUES ('39', '卡罗拉', '10', '9000');
INSERT INTO `car_series` VALUES ('40', '凌克', '10', '7000');
INSERT INTO `car_series` VALUES ('41', '凌派', '11', '4000');

-- ----------------------------
-- Table structure for `ccs_3d`
-- ----------------------------
CREATE TABLE `ccs_3d` (
  `x_value` int(11) DEFAULT NULL,
  `y_value` int(11) DEFAULT NULL,
  `z_value` int(11) DEFAULT NULL,
  `name` varchar(255) DEFAULT NULL
) ENGINE=InnoDB DEFAULT CHARSET=utf8;

-- ----------------------------
-- Records of ccs_3d
-- ----------------------------
INSERT INTO `ccs_3d` VALUES ('30', '40', '35', '蜀国');
INSERT INTO `ccs_3d` VALUES ('44', '20', '60', '魏国');
INSERT INTO `ccs_3d` VALUES ('15', '30', '20', '吴国');

-- ----------------------------
-- Table structure for `ccs_class`
-- ----------------------------
CREATE TABLE `ccs_class` (
  `id` int(4) NOT NULL AUTO_INCREMENT,
  `class_name` varchar(255) DEFAULT NULL,
  PRIMARY KEY (`id`)
) ENGINE=InnoDB AUTO_INCREMENT=6 DEFAULT CHARSET=utf8;

-- ----------------------------
-- Records of ccs_class
-- ----------------------------
INSERT INTO `ccs_class` VALUES ('1', '语文');
INSERT INTO `ccs_class` VALUES ('2', '数学');
INSERT INTO `ccs_class` VALUES ('3', '英语');
INSERT INTO `ccs_class` VALUES ('4', '物理');
INSERT INTO `ccs_class` VALUES ('5', '化学');

-- ----------------------------
-- Table structure for `ccs_country`
-- ----------------------------
CREATE TABLE `ccs_country` (
  `id` int(4) NOT NULL AUTO_INCREMENT,
  `country_name` varchar(255) DEFAULT NULL,
  `a1` varchar(255) DEFAULT NULL,
  `a2` varchar(255) DEFAULT NULL,
  `a3` varchar(255) DEFAULT NULL,
  PRIMARY KEY (`id`)
) ENGINE=InnoDB AUTO_INCREMENT=4 DEFAULT CHARSET=utf8;

-- ----------------------------
-- Records of ccs_country
-- ----------------------------
INSERT INTO `ccs_country` VALUES ('1', '魏国', '50,70,80,77,90,88,70,90,78', '70,79,70,80,81,84,95,85,88', '60,70,80,81,82,83,84,81,80');
INSERT INTO `ccs_country` VALUES ('2', '蜀国', '99,70,80,81,82,83,84,81,80', '60,77,90,67,91,68,70,80,58', '80,78,88,87,80,78,77,70,98');
INSERT INTO `ccs_country` VALUES ('3', '吴国', '60,75,85,61,92,83,84,91,80', '50,70,80,77,90,88,70,90,78', '50,70,80,77,90,88,70,90,78');

-- ----------------------------
-- Table structure for `ccs_country_brand`
-- ----------------------------
CREATE TABLE `ccs_country_brand` (
  `country_id` int(11) DEFAULT NULL,
  `master` varchar(255) DEFAULT NULL,
  `info` varchar(255) DEFAULT NULL,
  `during_time` varchar(255) DEFAULT NULL,
  `img_src` varchar(255) DEFAULT NULL
) ENGINE=InnoDB DEFAULT CHARSET=utf8;

-- ----------------------------
-- Records of ccs_country_brand
-- ----------------------------
INSERT INTO `ccs_country_brand` VALUES ('1', '曹操', '魏国（213年5月 —265年12月）是三国时期割据政权之一，后世史家多称曹魏，由于之后的北魏被称作“后魏”，故曹魏也称为“前魏”或者“先魏”，是三国之中最强大的国家。', '213年5月 —265年12月', 'https://imgs.cobwebtimes.com/demo/sanguo_caocao.png');
INSERT INTO `ccs_country_brand` VALUES ('2', '刘备', '蜀汉（221年5月15日  —263年），三国之一。公元221年，刘备在成都称帝，国号汉，史称“蜀汉”，简称“蜀”，亦称“刘蜀”、“季汉”。蜀汉王朝疆域所及，北至武都、汉中，东抵巫峡，南包云、贵，西达缅甸东部。占有今云南全省，四川、贵州二省的大部，陕西，甘肃南部、广西西北部及缅甸东北部、越南西北部。263年为魏所灭。共历二帝，四十三年。', '221年5月15日  —263年', 'https://imgs.cobwebtimes.com/demo/sanguo_liubei.png');
INSERT INTO `ccs_country_brand` VALUES ('3', '孙权', '吴国（222年5月23日—280年5月1日 ），三国之一，是孙权在中国东南部建立的政权，国号为“吴”，史学界称之为孙吴。由于与曹魏、蜀汉呈鼎立之势，所统治地区又居于三国之东，故亦称东吴。', '222年5月23日—280年5月1日', 'https://imgs.cobwebtimes.com/demo/sanguo_sunquan.png');

-- ----------------------------
-- Table structure for `ccs_country_total`
-- ----------------------------
CREATE TABLE `ccs_country_total` (
  `country_id` int(11) DEFAULT NULL,
  `a1` int(11) DEFAULT NULL,
  `a2` int(11) DEFAULT NULL,
  `a3` int(11) DEFAULT NULL
) ENGINE=InnoDB DEFAULT CHARSET=utf8;

-- ----------------------------
-- Records of ccs_country_total
-- ----------------------------
INSERT INTO `ccs_country_total` VALUES ('1', '78', '88', '80');
INSERT INTO `ccs_country_total` VALUES ('2', '80', '58', '98');
INSERT INTO `ccs_country_total` VALUES ('3', '80', '78', '78');

-- ----------------------------
-- Table structure for `ccs_inout`
-- ----------------------------
CREATE TABLE `ccs_inout` (
  `id` int(4) NOT NULL AUTO_INCREMENT,
  `log_month` int(6) DEFAULT NULL,
  `country_id` int(4) DEFAULT NULL,
  `type_id` int(4) DEFAULT NULL,
  `money` int(12) DEFAULT NULL,
  PRIMARY KEY (`id`)
) ENGINE=InnoDB AUTO_INCREMENT=55 DEFAULT CHARSET=utf8;

-- ----------------------------
-- Records of ccs_inout
-- ----------------------------
INSERT INTO `ccs_inout` VALUES ('1', '201801', '1', '1', '1200');
INSERT INTO `ccs_inout` VALUES ('2', '201801', '1', '2', '790');
INSERT INTO `ccs_inout` VALUES ('3', '201801', '1', '3', '330');
INSERT INTO `ccs_inout` VALUES ('4', '201801', '1', '4', '890');
INSERT INTO `ccs_inout` VALUES ('5', '201801', '1', '5', '800');
INSERT INTO `ccs_inout` VALUES ('6', '201801', '1', '6', '700');
INSERT INTO `ccs_inout` VALUES ('7', '201801', '2', '6', '800');
INSERT INTO `ccs_inout` VALUES ('8', '201801', '2', '5', '600');
INSERT INTO `ccs_inout` VALUES ('9', '201801', '2', '4', '320');
INSERT INTO `ccs_inout` VALUES ('10', '201801', '2', '3', '700');
INSERT INTO `ccs_inout` VALUES ('11', '201801', '2', '2', '430');
INSERT INTO `ccs_inout` VALUES ('12', '201801', '2', '1', '660');
INSERT INTO `ccs_inout` VALUES ('13', '201801', '3', '6', '1100');
INSERT INTO `ccs_inout` VALUES ('14', '201801', '3', '5', '560');
INSERT INTO `ccs_inout` VALUES ('15', '201801', '3', '4', '450');
INSERT INTO `ccs_inout` VALUES ('16', '201801', '3', '3', '963');
INSERT INTO `ccs_inout` VALUES ('17', '201801', '3', '2', '660');
INSERT INTO `ccs_inout` VALUES ('18', '201801', '3', '1', '560');
INSERT INTO `ccs_inout` VALUES ('19', '201802', '1', '6', '990');
INSERT INTO `ccs_inout` VALUES ('20', '201802', '1', '5', '689');
INSERT INTO `ccs_inout` VALUES ('21', '201802', '1', '4', '660');
INSERT INTO `ccs_inout` VALUES ('22', '201802', '1', '3', '1200');
INSERT INTO `ccs_inout` VALUES ('23', '201802', '1', '2', '980');
INSERT INTO `ccs_inout` VALUES ('24', '201802', '1', '1', '780');
INSERT INTO `ccs_inout` VALUES ('25', '201802', '2', '6', '653');
INSERT INTO `ccs_inout` VALUES ('26', '201802', '2', '5', '850');
INSERT INTO `ccs_inout` VALUES ('27', '201802', '2', '4', '880');
INSERT INTO `ccs_inout` VALUES ('28', '201802', '2', '3', '780');
INSERT INTO `ccs_inout` VALUES ('29', '201802', '2', '2', '680');
INSERT INTO `ccs_inout` VALUES ('30', '201802', '2', '1', '980');
INSERT INTO `ccs_inout` VALUES ('31', '201802', '3', '6', '996');
INSERT INTO `ccs_inout` VALUES ('32', '201802', '3', '5', '563');
INSERT INTO `ccs_inout` VALUES ('33', '201802', '3', '4', '789');
INSERT INTO `ccs_inout` VALUES ('34', '201802', '3', '3', '456');
INSERT INTO `ccs_inout` VALUES ('35', '201802', '3', '2', '988');
INSERT INTO `ccs_inout` VALUES ('36', '201802', '3', '1', '780');
INSERT INTO `ccs_inout` VALUES ('37', '201803', '1', '6', '956');
INSERT INTO `ccs_inout` VALUES ('38', '201803', '1', '5', '632');
INSERT INTO `ccs_inout` VALUES ('39', '201803', '1', '4', '854');
INSERT INTO `ccs_inout` VALUES ('40', '201803', '1', '3', '776');
INSERT INTO `ccs_inout` VALUES ('41', '201803', '1', '2', '886');
INSERT INTO `ccs_inout` VALUES ('42', '201803', '1', '1', '996');
INSERT INTO `ccs_inout` VALUES ('43', '201803', '2', '6', '653');
INSERT INTO `ccs_inout` VALUES ('44', '201803', '2', '5', '789');
INSERT INTO `ccs_inout` VALUES ('45', '201803', '2', '4', '639');
INSERT INTO `ccs_inout` VALUES ('46', '201803', '2', '3', '211');
INSERT INTO `ccs_inout` VALUES ('47', '201803', '2', '2', '244');
INSERT INTO `ccs_inout` VALUES ('48', '201803', '2', '1', '985');
INSERT INTO `ccs_inout` VALUES ('49', '201803', '3', '6', '849');
INSERT INTO `ccs_inout` VALUES ('50', '201803', '3', '5', '653');
INSERT INTO `ccs_inout` VALUES ('51', '201803', '3', '4', '369');
INSERT INTO `ccs_inout` VALUES ('52', '201803', '3', '3', '761');
INSERT INTO `ccs_inout` VALUES ('53', '201803', '3', '2', '963');
INSERT INTO `ccs_inout` VALUES ('54', '201803', '3', '1', '885');

-- ----------------------------
-- Table structure for `ccs_nation`
-- ----------------------------
CREATE TABLE `ccs_nation` (
  `country_id` int(11) DEFAULT NULL,
  `nation` varchar(255) DEFAULT NULL,
  `person_num` int(11) DEFAULT NULL
) ENGINE=InnoDB DEFAULT CHARSET=utf8;

-- ----------------------------
-- Records of ccs_nation
-- ----------------------------
INSERT INTO `ccs_nation` VALUES ('1', '汉', '500');
INSERT INTO `ccs_nation` VALUES ('1', '羌', '50');
INSERT INTO `ccs_nation` VALUES ('1', '乌丸', '30');
INSERT INTO `ccs_nation` VALUES ('1', '匈奴', '100');
INSERT INTO `ccs_nation` VALUES ('2', '汉', '120');
INSERT INTO `ccs_nation` VALUES ('2', '南蛮', '50');
INSERT INTO `ccs_nation` VALUES ('2', '氐', '20');
INSERT INTO `ccs_nation` VALUES ('3', '汉', '230');
INSERT INTO `ccs_nation` VALUES ('3', '山越', '70');

-- ----------------------------
-- Table structure for `ccs_person`
-- ----------------------------
CREATE TABLE `ccs_person` (
  `id` int(4) NOT NULL AUTO_INCREMENT,
  `person_name` varchar(255) NOT NULL,
  `age` int(3) NOT NULL,
  `sex` int(1) NOT NULL,
  PRIMARY KEY (`id`)
) ENGINE=InnoDB AUTO_INCREMENT=4 DEFAULT CHARSET=utf8;

-- ----------------------------
-- Records of ccs_person
-- ----------------------------
INSERT INTO `ccs_person` VALUES ('1', '刘备', '75', '0');
INSERT INTO `ccs_person` VALUES ('2', '曹操', '72', '0');
INSERT INTO `ccs_person` VALUES ('3', '孙权', '90', '1');

-- ----------------------------
-- Table structure for `ccs_score`
-- ----------------------------
CREATE TABLE `ccs_score` (
  `id` int(4) NOT NULL,
  `log_date` date DEFAULT NULL,
  `person_id` int(4) DEFAULT NULL,
  `class_id` int(4) DEFAULT NULL,
  `score` int(3) DEFAULT NULL,
  PRIMARY KEY (`id`)
) ENGINE=InnoDB DEFAULT CHARSET=utf8;

-- ----------------------------
-- Records of ccs_score
-- ----------------------------
INSERT INTO `ccs_score` VALUES ('1', '2019-02-20', '1', '1', '60');
INSERT INTO `ccs_score` VALUES ('2', '2019-02-20', '1', '2', '70');
INSERT INTO `ccs_score` VALUES ('3', '2019-02-20', '1', '3', '88');
INSERT INTO `ccs_score` VALUES ('4', '2019-02-20', '1', '4', '83');
INSERT INTO `ccs_score` VALUES ('5', '2019-02-20', '1', '5', '86');
INSERT INTO `ccs_score` VALUES ('6', '2019-02-20', '2', '5', '86');
INSERT INTO `ccs_score` VALUES ('7', '2019-02-20', '2', '4', '91');
INSERT INTO `ccs_score` VALUES ('8', '2019-02-20', '2', '3', '76');
INSERT INTO `ccs_score` VALUES ('9', '2019-02-20', '2', '2', '100');
INSERT INTO `ccs_score` VALUES ('10', '2019-02-20', '2', '1', '99');
INSERT INTO `ccs_score` VALUES ('11', '2019-02-20', '3', '5', '99');
INSERT INTO `ccs_score` VALUES ('12', '2019-02-20', '3', '4', '99');
INSERT INTO `ccs_score` VALUES ('13', '2019-02-20', '3', '3', '95');
INSERT INTO `ccs_score` VALUES ('14', '2019-02-20', '3', '2', '93');
INSERT INTO `ccs_score` VALUES ('15', '2019-02-20', '3', '1', '100');
INSERT INTO `ccs_score` VALUES ('16', '2019-01-20', '1', '5', '56');
INSERT INTO `ccs_score` VALUES ('17', '2019-01-20', '1', '4', '79');
INSERT INTO `ccs_score` VALUES ('18', '2019-01-20', '1', '3', '93');
INSERT INTO `ccs_score` VALUES ('19', '2019-01-20', '1', '2', '77');
INSERT INTO `ccs_score` VALUES ('20', '2019-01-20', '1', '1', '85');
INSERT INTO `ccs_score` VALUES ('21', '2019-01-20', '2', '5', '81');
INSERT INTO `ccs_score` VALUES ('22', '2019-01-20', '2', '4', '82');
INSERT INTO `ccs_score` VALUES ('23', '2019-01-20', '2', '3', '84');
INSERT INTO `ccs_score` VALUES ('24', '2019-01-20', '2', '2', '86');
INSERT INTO `ccs_score` VALUES ('25', '2019-01-20', '2', '1', '85');
INSERT INTO `ccs_score` VALUES ('26', '2019-01-20', '3', '5', '97');
INSERT INTO `ccs_score` VALUES ('27', '2019-01-20', '3', '4', '99');
INSERT INTO `ccs_score` VALUES ('28', '2019-01-20', '3', '3', '93');
INSERT INTO `ccs_score` VALUES ('29', '2019-01-20', '3', '2', '96');
INSERT INTO `ccs_score` VALUES ('30', '2019-01-20', '3', '1', '91');
INSERT INTO `ccs_score` VALUES ('31', '2018-12-20', '1', '5', '87');
INSERT INTO `ccs_score` VALUES ('32', '2018-12-20', '1', '4', '65');
INSERT INTO `ccs_score` VALUES ('33', '2018-12-20', '1', '3', '96');
INSERT INTO `ccs_score` VALUES ('34', '2018-12-20', '1', '2', '78');
INSERT INTO `ccs_score` VALUES ('35', '2018-12-20', '1', '1', '77');
INSERT INTO `ccs_score` VALUES ('36', '2018-12-20', '2', '5', '55');
INSERT INTO `ccs_score` VALUES ('37', '2018-12-20', '2', '4', '91');
INSERT INTO `ccs_score` VALUES ('38', '2018-12-20', '2', '3', '78');
INSERT INTO `ccs_score` VALUES ('39', '2018-12-20', '2', '2', '79');
INSERT INTO `ccs_score` VALUES ('40', '2018-12-20', '2', '1', '88');
INSERT INTO `ccs_score` VALUES ('41', '2018-12-20', '3', '5', '89');
INSERT INTO `ccs_score` VALUES ('42', '2018-12-20', '3', '4', '83');
INSERT INTO `ccs_score` VALUES ('43', '2018-12-20', '3', '3', '79');
INSERT INTO `ccs_score` VALUES ('44', '2018-12-20', '3', '2', '96');
INSERT INTO `ccs_score` VALUES ('45', '2018-12-20', '3', '1', '87');

-- ----------------------------
-- Table structure for `ccs_standings`
-- ----------------------------
CREATE TABLE `ccs_standings` (
  `name` varchar(255) DEFAULT NULL,
  `score` int(11) DEFAULT NULL
) ENGINE=InnoDB DEFAULT CHARSET=utf8;

-- ----------------------------
-- Records of ccs_standings
-- ----------------------------
INSERT INTO `ccs_standings` VALUES (' 利物浦', '82');
INSERT INTO `ccs_standings` VALUES (' 曼城', '57');
INSERT INTO `ccs_standings` VALUES (' 莱斯特城', '53');
INSERT INTO `ccs_standings` VALUES (' 切尔西', '48');
INSERT INTO `ccs_standings` VALUES (' 曼联', '45');
INSERT INTO `ccs_standings` VALUES (' 狼队', '43');
INSERT INTO `ccs_standings` VALUES (' 谢菲尔德联', '43');
INSERT INTO `ccs_standings` VALUES (' 热刺', '41');
INSERT INTO `ccs_standings` VALUES (' 阿森纳', '40');
INSERT INTO `ccs_standings` VALUES (' 伯恩利', '39');
INSERT INTO `ccs_standings` VALUES (' 水晶宫', '39');
INSERT INTO `ccs_standings` VALUES (' 埃弗顿', '37');
INSERT INTO `ccs_standings` VALUES (' 纽卡斯尔', '35');
INSERT INTO `ccs_standings` VALUES (' 南安普敦', '34');
INSERT INTO `ccs_standings` VALUES (' 布莱顿', '29');
INSERT INTO `ccs_standings` VALUES (' 西汉姆联', '27');
INSERT INTO `ccs_standings` VALUES (' 沃特福德', '27');
INSERT INTO `ccs_standings` VALUES (' 伯恩茅斯', '27');
INSERT INTO `ccs_standings` VALUES (' 阿斯顿维拉', '25');
INSERT INTO `ccs_standings` VALUES (' 诺维奇', '21');

-- ----------------------------
-- Table structure for `ccs_type`
-- ----------------------------
CREATE TABLE `ccs_type` (
  `id` int(4) NOT NULL AUTO_INCREMENT,
  `type_name` varchar(255) DEFAULT NULL,
  `flag` int(1) DEFAULT NULL,
  PRIMARY KEY (`id`)
) ENGINE=InnoDB AUTO_INCREMENT=7 DEFAULT CHARSET=utf8;

-- ----------------------------
-- Records of ccs_type
-- ----------------------------
INSERT INTO `ccs_type` VALUES ('1', '商业', '0');
INSERT INTO `ccs_type` VALUES ('2', '农业', '0');
INSERT INTO `ccs_type` VALUES ('3', '教育', '1');
INSERT INTO `ccs_type` VALUES ('4', '养老', '1');
INSERT INTO `ccs_type` VALUES ('5', '税收', '0');
INSERT INTO `ccs_type` VALUES ('6', '养兵', '1');

-- ----------------------------
-- Table structure for `ccs_waterfull`
-- ----------------------------
CREATE TABLE `ccs_waterfull` (
  `name` varchar(255) DEFAULT NULL,
  `speed` int(11) DEFAULT NULL,
  `num` int(11) DEFAULT NULL
) ENGINE=InnoDB DEFAULT CHARSET=utf8;

-- ----------------------------
-- Records of ccs_waterfull
-- ----------------------------
INSERT INTO `ccs_waterfull` VALUES ('高速A', '80', '85');
INSERT INTO `ccs_waterfull` VALUES ('高速B', '30', '150');

-- ----------------------------
-- Table structure for `city`
-- ----------------------------
CREATE TABLE `city` (
  `from_city` varchar(255) DEFAULT NULL,
  `to_city` varchar(255) DEFAULT NULL,
  `value` int(11) DEFAULT NULL
) ENGINE=InnoDB DEFAULT CHARSET=utf8;

-- ----------------------------
-- Records of city
-- ----------------------------
INSERT INTO `city` VALUES ('北京', '沈阳', '80');
INSERT INTO `city` VALUES ('北京', '南京', '90');
INSERT INTO `city` VALUES ('北京', '乌鲁木齐', '50');
INSERT INTO `city` VALUES ('北京', '西安', '85');
INSERT INTO `city` VALUES ('北京', '重庆', '95');
INSERT INTO `city` VALUES ('北京', '昆明', '79');
INSERT INTO `city` VALUES ('北京', '武汉', '75');
INSERT INTO `city` VALUES ('北京', '长沙', '80');
INSERT INTO `city` VALUES ('北京', '哈尔滨', '55');
INSERT INTO `city` VALUES ('北京', '兰州', '30');
INSERT INTO `city` VALUES ('北京', '厦门', '70');

-- ----------------------------
-- Table structure for `days_sale`
-- ----------------------------
CREATE TABLE `days_sale` (
  `id` int(11) NOT NULL,
  `create_date` date DEFAULT NULL,
  `sale_value` int(11) DEFAULT NULL,
  PRIMARY KEY (`id`)
) ENGINE=InnoDB DEFAULT CHARSET=utf8;

-- ----------------------------
-- Records of days_sale
-- ----------------------------
INSERT INTO `days_sale` VALUES ('1', '2019-08-01', '3000');
INSERT INTO `days_sale` VALUES ('2', '2019-08-02', '5000');
INSERT INTO `days_sale` VALUES ('3', '2019-08-03', '4000');
INSERT INTO `days_sale` VALUES ('4', '2019-08-04', '6000');

-- ----------------------------
-- Table structure for `days_sale_detail`
-- ----------------------------
CREATE TABLE `days_sale_detail` (
  `id` int(11) NOT NULL,
  `type_id` int(11) DEFAULT NULL,
  `sale_value` int(11) DEFAULT NULL,
  `crt_date` date DEFAULT NULL,
  PRIMARY KEY (`id`)
) ENGINE=InnoDB DEFAULT CHARSET=utf8;

-- ----------------------------
-- Records of days_sale_detail
-- ----------------------------
INSERT INTO `days_sale_detail` VALUES ('1', '13', '1500', '2019-08-01');
INSERT INTO `days_sale_detail` VALUES ('2', '14', '1000', '2019-08-01');
INSERT INTO `days_sale_detail` VALUES ('3', '15', '300', '2019-08-01');
INSERT INTO `days_sale_detail` VALUES ('4', '16', '200', '2019-08-01');
INSERT INTO `days_sale_detail` VALUES ('5', '13', '1000', '2019-08-02');
INSERT INTO `days_sale_detail` VALUES ('6', '14', '2000', '2019-08-02');
INSERT INTO `days_sale_detail` VALUES ('7', '15', '1500', '2019-08-02');
INSERT INTO `days_sale_detail` VALUES ('8', '16', '500', '2019-08-02');
INSERT INTO `days_sale_detail` VALUES ('9', '13', '1000', '2019-08-03');
INSERT INTO `days_sale_detail` VALUES ('10', '14', '500', '2019-08-03');
INSERT INTO `days_sale_detail` VALUES ('11', '15', '500', '2019-08-03');
INSERT INTO `days_sale_detail` VALUES ('12', '16', '2000', '2019-08-03');
INSERT INTO `days_sale_detail` VALUES ('13', '13', '2000', '2019-08-04');
INSERT INTO `days_sale_detail` VALUES ('14', '15', '2000', '2019-08-04');
INSERT INTO `days_sale_detail` VALUES ('15', '14', '1000', '2019-08-04');
INSERT INTO `days_sale_detail` VALUES ('16', '16', '1000', '2019-08-04');

-- ----------------------------
-- Table structure for `day_timeline`
-- ----------------------------
CREATE TABLE `day_timeline` (
  `task` varchar(255) DEFAULT NULL,
  `start_time` timestamp NULL DEFAULT NULL ON UPDATE CURRENT_TIMESTAMP,
  `end_time` timestamp NULL DEFAULT NULL ON UPDATE CURRENT_TIMESTAMP
) ENGINE=InnoDB DEFAULT CHARSET=utf8;

-- ----------------------------
-- Records of day_timeline
-- ----------------------------
INSERT INTO `day_timeline` VALUES ('早餐', '2019-09-21 08:00:09', '2019-09-21 08:15:31');
INSERT INTO `day_timeline` VALUES ('上学', '2019-09-21 08:30:51', '2019-09-21 12:00:14');
INSERT INTO `day_timeline` VALUES ('午休', '2019-09-21 12:00:33', '2019-09-21 13:00:47');
INSERT INTO `day_timeline` VALUES ('勤工俭学', '2019-09-21 13:00:14', '2019-09-21 16:00:32');
INSERT INTO `day_timeline` VALUES ('午餐', '2019-09-21 12:00:08', '2019-09-21 12:20:24');
INSERT INTO `day_timeline` VALUES ('晚自习', '2019-09-21 16:30:40', '2019-09-21 18:00:55');
INSERT INTO `day_timeline` VALUES ('晚餐', '2019-09-21 18:00:26', '2019-09-21 18:30:00');

-- ----------------------------
-- Table structure for `demo_city`
-- ----------------------------
CREATE TABLE `demo_city` (
  `city` varchar(255) DEFAULT NULL,
  `province` varchar(255) DEFAULT NULL,
  `value` int(11) DEFAULT NULL
) ENGINE=InnoDB DEFAULT CHARSET=utf8;

-- ----------------------------
-- Records of demo_city
-- ----------------------------
INSERT INTO `demo_city` VALUES ('阿勒泰地区', '新疆', '4');
INSERT INTO `demo_city` VALUES ('阿里地区', '西藏', '5');
INSERT INTO `demo_city` VALUES ('安康市', '陕西', '6');
INSERT INTO `demo_city` VALUES ('安庆市', '安徽', '7');
INSERT INTO `demo_city` VALUES ('安顺市', '贵州', '8');
INSERT INTO `demo_city` VALUES ('安阳市', '河南', '9');
INSERT INTO `demo_city` VALUES ('鞍山市', '辽宁', '10');
INSERT INTO `demo_city` VALUES ('巴彦淖尔市', '内蒙古', '11');
INSERT INTO `demo_city` VALUES ('巴音郭楞蒙古自治州', '新疆', '12');
INSERT INTO `demo_city` VALUES ('巴中市', '四川', '13');
INSERT INTO `demo_city` VALUES ('白城市', '吉林', '14');
INSERT INTO `demo_city` VALUES ('白山市', '吉林', '15');
INSERT INTO `demo_city` VALUES ('白银市', '甘肃', '16');
INSERT INTO `demo_city` VALUES ('百色市', '广西', '17');
INSERT INTO `demo_city` VALUES ('蚌埠市', '安徽', '18');
INSERT INTO `demo_city` VALUES ('包头市', '内蒙古', '19');
INSERT INTO `demo_city` VALUES ('宝鸡市', '陕西', '20');
INSERT INTO `demo_city` VALUES ('保定市', '河北', '21');
INSERT INTO `demo_city` VALUES ('保山市', '云南', '22');
INSERT INTO `demo_city` VALUES ('北海市', '广西', '23');
INSERT INTO `demo_city` VALUES ('本溪市', '辽宁', '24');
INSERT INTO `demo_city` VALUES ('毕节地区', '贵州', '25');
INSERT INTO `demo_city` VALUES ('滨州市', '山东', '26');
INSERT INTO `demo_city` VALUES ('博尔塔拉蒙古自治州', '新疆', '27');
INSERT INTO `demo_city` VALUES ('沧州市', '河北', '28');
INSERT INTO `demo_city` VALUES ('昌都地区', '西藏', '29');
INSERT INTO `demo_city` VALUES ('昌吉回族自治州', '新疆', '30');
INSERT INTO `demo_city` VALUES ('长春市', '吉林', '31');
INSERT INTO `demo_city` VALUES ('长沙市', '湖南', '32');
INSERT INTO `demo_city` VALUES ('长治市', '山西', '33');
INSERT INTO `demo_city` VALUES ('常德市', '湖南', '34');
INSERT INTO `demo_city` VALUES ('常州市', '江苏', '35');
INSERT INTO `demo_city` VALUES ('巢湖市', '安徽', '36');
INSERT INTO `demo_city` VALUES ('朝阳市', '辽宁', '37');
INSERT INTO `demo_city` VALUES ('潮州市', '广东', '38');
INSERT INTO `demo_city` VALUES ('郴州市', '湖南', '39');
INSERT INTO `demo_city` VALUES ('成都市', '四川', '40');
INSERT INTO `demo_city` VALUES ('承德市', '河北', '41');
INSERT INTO `demo_city` VALUES ('池州市', '安徽', '42');
INSERT INTO `demo_city` VALUES ('赤峰市', '内蒙古', '43');
INSERT INTO `demo_city` VALUES ('崇左市', '广西', '44');
INSERT INTO `demo_city` VALUES ('滁州市', '安徽', '45');
INSERT INTO `demo_city` VALUES ('楚雄彝族自治州', '云南', '46');
INSERT INTO `demo_city` VALUES ('达州市', '四川', '47');
INSERT INTO `demo_city` VALUES ('大理白族自治州', '云南', '48');
INSERT INTO `demo_city` VALUES ('大连市', '辽宁', '49');
INSERT INTO `demo_city` VALUES ('大庆市', '黑龙江', '50');
INSERT INTO `demo_city` VALUES ('大同市', '山西', '51');
INSERT INTO `demo_city` VALUES ('大兴安岭地区', '黑龙江', '52');
INSERT INTO `demo_city` VALUES ('丹东市', '辽宁', '53');
INSERT INTO `demo_city` VALUES ('德宏傣族景颇族自治州', '云南', '54');
INSERT INTO `demo_city` VALUES ('德阳市', '四川', '55');
INSERT INTO `demo_city` VALUES ('德州市', '山东', '56');
INSERT INTO `demo_city` VALUES ('迪庆藏族自治州', '云南', '57');
INSERT INTO `demo_city` VALUES ('定西市', '甘肃', '58');
INSERT INTO `demo_city` VALUES ('东莞市', '广东', '59');
INSERT INTO `demo_city` VALUES ('东营市', '山东', '60');
INSERT INTO `demo_city` VALUES ('鄂尔多斯市', '内蒙古', '61');
INSERT INTO `demo_city` VALUES ('鄂州市', '湖北', '62');
INSERT INTO `demo_city` VALUES ('恩施土家族苗族自治州', '湖北', '63');
INSERT INTO `demo_city` VALUES ('防城港市', '广西', '64');
INSERT INTO `demo_city` VALUES ('佛山市', '广东', '65');
INSERT INTO `demo_city` VALUES ('福州市', '福建', '66');
INSERT INTO `demo_city` VALUES ('抚顺市', '辽宁', '67');
INSERT INTO `demo_city` VALUES ('抚州市', '江西', '68');
INSERT INTO `demo_city` VALUES ('阜新市', '辽宁', '69');
INSERT INTO `demo_city` VALUES ('阜阳市', '安徽', '70');
INSERT INTO `demo_city` VALUES ('甘南州', '甘肃', '71');
INSERT INTO `demo_city` VALUES ('甘孜藏族自治州', '四川', '72');
INSERT INTO `demo_city` VALUES ('赣州市', '江西', '73');
INSERT INTO `demo_city` VALUES ('固原市', '宁夏', '74');
INSERT INTO `demo_city` VALUES ('广安市', '四川', '75');
INSERT INTO `demo_city` VALUES ('广元市', '四川', '76');
INSERT INTO `demo_city` VALUES ('广州市', '广东', '77');
INSERT INTO `demo_city` VALUES ('贵港市', '广西', '78');
INSERT INTO `demo_city` VALUES ('贵阳市', '贵州', '79');
INSERT INTO `demo_city` VALUES ('桂林市', '广西', '80');
INSERT INTO `demo_city` VALUES ('果洛藏族自治州', '青海', '81');
INSERT INTO `demo_city` VALUES ('哈尔滨市', '黑龙江', '82');
INSERT INTO `demo_city` VALUES ('哈密地区', '新疆', '83');
INSERT INTO `demo_city` VALUES ('海北藏族自治州', '青海', '84');
INSERT INTO `demo_city` VALUES ('海东地区', '青海', '85');
INSERT INTO `demo_city` VALUES ('海口市', '海南', '86');
INSERT INTO `demo_city` VALUES ('海南藏族自治州', '青海', '87');
INSERT INTO `demo_city` VALUES ('海西蒙古族藏族自治州', '青海', '88');
INSERT INTO `demo_city` VALUES ('邯郸市', '河北', '89');
INSERT INTO `demo_city` VALUES ('汉中市', '陕西', '90');
INSERT INTO `demo_city` VALUES ('杭州市', '浙江', '91');
INSERT INTO `demo_city` VALUES ('毫州市', '安徽', '92');
INSERT INTO `demo_city` VALUES ('合肥市', '安徽', '93');
INSERT INTO `demo_city` VALUES ('和田地区', '新疆', '94');
INSERT INTO `demo_city` VALUES ('河池市', '广西', '95');
INSERT INTO `demo_city` VALUES ('河源市', '广东', '96');
INSERT INTO `demo_city` VALUES ('菏泽市', '山东', '97');
INSERT INTO `demo_city` VALUES ('贺州市', '广西', '98');
INSERT INTO `demo_city` VALUES ('鹤壁市', '河南', '99');
INSERT INTO `demo_city` VALUES ('鹤岗市', '黑龙江', '100');
INSERT INTO `demo_city` VALUES ('黑河市', '黑龙江', '101');
INSERT INTO `demo_city` VALUES ('衡水市', '河北', '102');
INSERT INTO `demo_city` VALUES ('衡阳市', '湖南', '103');
INSERT INTO `demo_city` VALUES ('红河哈尼族彝族自治州', '云南', '104');
INSERT INTO `demo_city` VALUES ('呼和浩特市', '内蒙古', '105');
INSERT INTO `demo_city` VALUES ('呼伦贝尔市', '内蒙古', '106');
INSERT INTO `demo_city` VALUES ('湖州市', '浙江', '107');
INSERT INTO `demo_city` VALUES ('葫芦岛市', '辽宁', '108');
INSERT INTO `demo_city` VALUES ('怀化市', '湖南', '109');
INSERT INTO `demo_city` VALUES ('淮安市', '江苏', '110');
INSERT INTO `demo_city` VALUES ('淮北市', '安徽', '111');
INSERT INTO `demo_city` VALUES ('淮南市', '安徽', '112');
INSERT INTO `demo_city` VALUES ('黄冈市', '湖北', '113');
INSERT INTO `demo_city` VALUES ('黄南藏族自治州', '青海', '114');
INSERT INTO `demo_city` VALUES ('黄山市', '安徽', '115');
INSERT INTO `demo_city` VALUES ('黄石市', '湖北', '116');
INSERT INTO `demo_city` VALUES ('惠州市', '广东', '117');
INSERT INTO `demo_city` VALUES ('鸡西市', '黑龙江', '118');
INSERT INTO `demo_city` VALUES ('吉安市', '江西', '119');
INSERT INTO `demo_city` VALUES ('吉林市', '吉林', '120');
INSERT INTO `demo_city` VALUES ('济南市', '山东', '121');
INSERT INTO `demo_city` VALUES ('济宁市', '山东', '122');
INSERT INTO `demo_city` VALUES ('佳木斯市', '黑龙江', '123');
INSERT INTO `demo_city` VALUES ('嘉兴市', '浙江', '124');
INSERT INTO `demo_city` VALUES ('嘉峪关市', '甘肃', '125');
INSERT INTO `demo_city` VALUES ('江门市', '广东', '126');
INSERT INTO `demo_city` VALUES ('焦作市', '河南', '127');
INSERT INTO `demo_city` VALUES ('揭阳市', '广东', '128');
INSERT INTO `demo_city` VALUES ('金昌市', '甘肃', '129');
INSERT INTO `demo_city` VALUES ('金华市', '浙江', '130');
INSERT INTO `demo_city` VALUES ('锦州市', '辽宁', '131');
INSERT INTO `demo_city` VALUES ('晋城市', '山西', '132');
INSERT INTO `demo_city` VALUES ('晋中市', '山西', '133');
INSERT INTO `demo_city` VALUES ('荆门市', '湖北', '134');
INSERT INTO `demo_city` VALUES ('荆州市', '湖北', '135');
INSERT INTO `demo_city` VALUES ('景德镇市', '江西', '136');
INSERT INTO `demo_city` VALUES ('九江市', '江西', '137');
INSERT INTO `demo_city` VALUES ('酒泉市', '甘肃', '138');
INSERT INTO `demo_city` VALUES ('喀什地区', '新疆', '139');
INSERT INTO `demo_city` VALUES ('开封市', '河南', '140');
INSERT INTO `demo_city` VALUES ('克拉玛依市', '新疆', '141');
INSERT INTO `demo_city` VALUES ('克孜勒苏柯尔克孜自治州', '新疆', '142');
INSERT INTO `demo_city` VALUES ('昆明市', '云南', '143');
INSERT INTO `demo_city` VALUES ('拉萨市', '西藏', '144');
INSERT INTO `demo_city` VALUES ('来宾市', '广西', '145');
INSERT INTO `demo_city` VALUES ('莱芜市', '山东', '146');
INSERT INTO `demo_city` VALUES ('兰州市', '甘肃', '147');
INSERT INTO `demo_city` VALUES ('廊坊市', '河北', '148');
INSERT INTO `demo_city` VALUES ('乐山市', '四川', '149');
INSERT INTO `demo_city` VALUES ('丽江市', '云南', '150');
INSERT INTO `demo_city` VALUES ('丽水市', '浙江', '151');
INSERT INTO `demo_city` VALUES ('连云港市', '江苏', '152');
INSERT INTO `demo_city` VALUES ('凉山彝族自治州', '四川', '153');
INSERT INTO `demo_city` VALUES ('辽阳市', '辽宁', '154');
INSERT INTO `demo_city` VALUES ('辽源市', '吉林', '155');
INSERT INTO `demo_city` VALUES ('聊城市', '山东', '156');
INSERT INTO `demo_city` VALUES ('林芝地区', '西藏', '157');
INSERT INTO `demo_city` VALUES ('临沧市', '云南', '158');
INSERT INTO `demo_city` VALUES ('临汾市', '山西', '159');
INSERT INTO `demo_city` VALUES ('临夏州', '甘肃', '160');
INSERT INTO `demo_city` VALUES ('临沂市', '山东', '161');
INSERT INTO `demo_city` VALUES ('柳州市', '广西', '162');
INSERT INTO `demo_city` VALUES ('六安市', '安徽', '163');
INSERT INTO `demo_city` VALUES ('六盘水市', '贵州', '164');
INSERT INTO `demo_city` VALUES ('龙岩市', '福建', '165');
INSERT INTO `demo_city` VALUES ('陇南市', '甘肃', '166');
INSERT INTO `demo_city` VALUES ('娄底市', '湖南', '167');
INSERT INTO `demo_city` VALUES ('泸州市', '四川', '168');
INSERT INTO `demo_city` VALUES ('吕梁市', '山西', '169');
INSERT INTO `demo_city` VALUES ('洛阳市', '河南', '170');
INSERT INTO `demo_city` VALUES ('漯河市', '河南', '171');
INSERT INTO `demo_city` VALUES ('马鞍山市', '安徽', '172');
INSERT INTO `demo_city` VALUES ('茂名市', '广东', '173');
INSERT INTO `demo_city` VALUES ('眉山市', '四川', '174');
INSERT INTO `demo_city` VALUES ('梅州市', '广东', '175');
INSERT INTO `demo_city` VALUES ('绵阳市', '四川', '176');
INSERT INTO `demo_city` VALUES ('牡丹江市', '黑龙江', '177');
INSERT INTO `demo_city` VALUES ('内江市', '四川', '178');
INSERT INTO `demo_city` VALUES ('那曲地区', '西藏', '179');
INSERT INTO `demo_city` VALUES ('南昌市', '江西', '180');
INSERT INTO `demo_city` VALUES ('南充市', '四川', '181');
INSERT INTO `demo_city` VALUES ('南京市', '江苏', '182');
INSERT INTO `demo_city` VALUES ('南宁市', '广西', '183');
INSERT INTO `demo_city` VALUES ('南平市', '福建', '184');
INSERT INTO `demo_city` VALUES ('南通市', '江苏', '185');
INSERT INTO `demo_city` VALUES ('南阳市', '河南', '186');
INSERT INTO `demo_city` VALUES ('宁波市', '浙江', '187');
INSERT INTO `demo_city` VALUES ('宁德市', '福建', '188');
INSERT INTO `demo_city` VALUES ('怒江傈僳族自治州', '云南', '189');
INSERT INTO `demo_city` VALUES ('攀枝花市', '四川', '190');
INSERT INTO `demo_city` VALUES ('盘锦市', '辽宁', '191');
INSERT INTO `demo_city` VALUES ('平顶山市', '河南', '192');
INSERT INTO `demo_city` VALUES ('平凉市', '甘肃', '193');
INSERT INTO `demo_city` VALUES ('萍乡市', '江西', '194');
INSERT INTO `demo_city` VALUES ('莆田市', '福建', '195');
INSERT INTO `demo_city` VALUES ('濮阳市', '河南', '196');
INSERT INTO `demo_city` VALUES ('普洱市', '云南', '197');
INSERT INTO `demo_city` VALUES ('七台河市', '黑龙江', '198');
INSERT INTO `demo_city` VALUES ('齐齐哈尔市', '黑龙江', '199');
INSERT INTO `demo_city` VALUES ('黔东南苗族侗族自治州', '贵州', '200');
INSERT INTO `demo_city` VALUES ('黔南布依族苗族自治州', '贵州', '201');
INSERT INTO `demo_city` VALUES ('黔西南布依族苗族自治州', '贵州', '202');
INSERT INTO `demo_city` VALUES ('钦州市', '广西', '203');
INSERT INTO `demo_city` VALUES ('秦皇岛市', '河北', '204');
INSERT INTO `demo_city` VALUES ('青岛市', '山东', '205');
INSERT INTO `demo_city` VALUES ('清远市', '广东', '206');
INSERT INTO `demo_city` VALUES ('庆阳市', '甘肃', '207');
INSERT INTO `demo_city` VALUES ('曲靖市', '云南', '208');
INSERT INTO `demo_city` VALUES ('衢州市', '浙江', '209');
INSERT INTO `demo_city` VALUES ('泉州市', '福建', '210');
INSERT INTO `demo_city` VALUES ('日喀则地区', '西藏', '211');
INSERT INTO `demo_city` VALUES ('日照市', '山东', '212');
INSERT INTO `demo_city` VALUES ('三门峡市', '河南', '213');
INSERT INTO `demo_city` VALUES ('三明市', '福建', '214');
INSERT INTO `demo_city` VALUES ('三亚市', '海南', '215');
INSERT INTO `demo_city` VALUES ('山南地区', '西藏', '216');
INSERT INTO `demo_city` VALUES ('汕头市', '广东', '217');
INSERT INTO `demo_city` VALUES ('汕尾市', '广东', '218');
INSERT INTO `demo_city` VALUES ('商洛市', '陕西', '219');
INSERT INTO `demo_city` VALUES ('商丘市', '河南', '220');
INSERT INTO `demo_city` VALUES ('上饶市', '江西', '221');
INSERT INTO `demo_city` VALUES ('韶关市', '广东', '222');
INSERT INTO `demo_city` VALUES ('邵阳市', '湖南', '223');
INSERT INTO `demo_city` VALUES ('绍兴市', '浙江', '224');
INSERT INTO `demo_city` VALUES ('深圳市', '广东', '225');
INSERT INTO `demo_city` VALUES ('沈阳市', '辽宁', '226');
INSERT INTO `demo_city` VALUES ('十堰市', '湖北', '227');
INSERT INTO `demo_city` VALUES ('石家庄市', '河北', '228');
INSERT INTO `demo_city` VALUES ('石嘴山市', '宁夏', '229');
INSERT INTO `demo_city` VALUES ('双鸭山市', '黑龙江', '230');
INSERT INTO `demo_city` VALUES ('朔州市', '山西', '231');
INSERT INTO `demo_city` VALUES ('四平市', '吉林', '232');
INSERT INTO `demo_city` VALUES ('松原市', '吉林', '233');
INSERT INTO `demo_city` VALUES ('苏州市', '江苏', '234');
INSERT INTO `demo_city` VALUES ('宿迁市', '江苏', '235');
INSERT INTO `demo_city` VALUES ('宿州市', '安徽', '236');
INSERT INTO `demo_city` VALUES ('绥化市', '黑龙江', '237');
INSERT INTO `demo_city` VALUES ('随州市', '湖北', '238');
INSERT INTO `demo_city` VALUES ('遂宁市', '四川', '239');
INSERT INTO `demo_city` VALUES ('塔城地区', '新疆', '240');
INSERT INTO `demo_city` VALUES ('台州市', '浙江', '241');
INSERT INTO `demo_city` VALUES ('太原市', '山西', '242');
INSERT INTO `demo_city` VALUES ('泰安市', '山东', '243');
INSERT INTO `demo_city` VALUES ('泰州市', '江苏', '244');
INSERT INTO `demo_city` VALUES ('唐山市', '河北', '245');
INSERT INTO `demo_city` VALUES ('天水市', '甘肃', '246');
INSERT INTO `demo_city` VALUES ('铁岭市', '辽宁', '247');
INSERT INTO `demo_city` VALUES ('通化市', '吉林', '248');
INSERT INTO `demo_city` VALUES ('通辽市', '内蒙古', '249');
INSERT INTO `demo_city` VALUES ('铜川市', '陕西', '250');
INSERT INTO `demo_city` VALUES ('铜陵市', '安徽', '251');
INSERT INTO `demo_city` VALUES ('铜仁市', '贵州', '252');
INSERT INTO `demo_city` VALUES ('吐鲁番地区', '新疆', '253');
INSERT INTO `demo_city` VALUES ('威海市', '山东', '254');
INSERT INTO `demo_city` VALUES ('潍坊市', '山东', '255');
INSERT INTO `demo_city` VALUES ('渭南市', '陕西', '256');
INSERT INTO `demo_city` VALUES ('温州市', '浙江', '257');
INSERT INTO `demo_city` VALUES ('文山壮族苗族自治州', '云南', '258');
INSERT INTO `demo_city` VALUES ('乌海市', '内蒙古', '259');
INSERT INTO `demo_city` VALUES ('乌兰察布市', '内蒙古', '260');
INSERT INTO `demo_city` VALUES ('乌鲁木齐市', '新疆', '261');
INSERT INTO `demo_city` VALUES ('无锡市', '江苏', '262');
INSERT INTO `demo_city` VALUES ('吴忠市', '宁夏', '263');
INSERT INTO `demo_city` VALUES ('芜湖市', '安徽', '264');
INSERT INTO `demo_city` VALUES ('梧州市', '广西', '265');
INSERT INTO `demo_city` VALUES ('武汉市', '湖北', '266');
INSERT INTO `demo_city` VALUES ('武威市', '甘肃', '267');
INSERT INTO `demo_city` VALUES ('西安市', '陕西', '268');
INSERT INTO `demo_city` VALUES ('西宁市', '青海', '269');
INSERT INTO `demo_city` VALUES ('西双版纳傣族自治州', '云南', '270');
INSERT INTO `demo_city` VALUES ('锡林郭勒盟', '内蒙古', '271');
INSERT INTO `demo_city` VALUES ('厦门市', '福建', '272');
INSERT INTO `demo_city` VALUES ('咸宁市', '湖北', '273');
INSERT INTO `demo_city` VALUES ('咸阳市', '陕西', '274');
INSERT INTO `demo_city` VALUES ('湘潭市', '湖南', '275');
INSERT INTO `demo_city` VALUES ('湘西土家族苗族自治州', '湖南', '276');
INSERT INTO `demo_city` VALUES ('襄樊市', '湖北', '277');
INSERT INTO `demo_city` VALUES ('孝感市', '湖北', '278');
INSERT INTO `demo_city` VALUES ('忻州市', '山西', '279');
INSERT INTO `demo_city` VALUES ('新乡市', '河南', '280');
INSERT INTO `demo_city` VALUES ('新余市', '江西', '281');
INSERT INTO `demo_city` VALUES ('信阳市', '河南', '282');
INSERT INTO `demo_city` VALUES ('兴安盟', '内蒙古', '283');
INSERT INTO `demo_city` VALUES ('邢台市', '河北', '284');
INSERT INTO `demo_city` VALUES ('徐州市', '江苏', '285');
INSERT INTO `demo_city` VALUES ('许昌市', '河南', '286');
INSERT INTO `demo_city` VALUES ('宣城市', '安徽', '287');
INSERT INTO `demo_city` VALUES ('雅安市', '四川', '288');
INSERT INTO `demo_city` VALUES ('烟台市', '山东', '289');
INSERT INTO `demo_city` VALUES ('延安市', '陕西', '290');
INSERT INTO `demo_city` VALUES ('延边朝鲜族自治州', '吉林', '291');
INSERT INTO `demo_city` VALUES ('盐城市', '江苏', '292');
INSERT INTO `demo_city` VALUES ('扬州市', '江苏', '293');
INSERT INTO `demo_city` VALUES ('阳江市', '广东', '294');
INSERT INTO `demo_city` VALUES ('阳泉市', '山西', '295');
INSERT INTO `demo_city` VALUES ('伊春市', '黑龙江', '296');
INSERT INTO `demo_city` VALUES ('伊犁哈萨克自治州', '新疆', '297');
INSERT INTO `demo_city` VALUES ('宜宾市', '四川', '298');
INSERT INTO `demo_city` VALUES ('宜昌市', '湖北', '299');
INSERT INTO `demo_city` VALUES ('宜春市', '江西', '300');
INSERT INTO `demo_city` VALUES ('益阳市', '湖南', '301');
INSERT INTO `demo_city` VALUES ('银川市', '宁夏', '302');
INSERT INTO `demo_city` VALUES ('鹰潭市', '江西', '303');
INSERT INTO `demo_city` VALUES ('营口市', '辽宁', '304');
INSERT INTO `demo_city` VALUES ('永州市', '湖南', '305');
INSERT INTO `demo_city` VALUES ('榆林市', '陕西', '306');
INSERT INTO `demo_city` VALUES ('玉林市', '广西', '307');
INSERT INTO `demo_city` VALUES ('玉树藏族自治州', '青海', '308');
INSERT INTO `demo_city` VALUES ('玉溪市', '云南', '309');
INSERT INTO `demo_city` VALUES ('岳阳市', '湖南', '310');
INSERT INTO `demo_city` VALUES ('云浮市', '广东', '311');
INSERT INTO `demo_city` VALUES ('运城市', '山西', '312');
INSERT INTO `demo_city` VALUES ('枣庄市', '山东', '313');
INSERT INTO `demo_city` VALUES ('湛江市', '广东', '314');
INSERT INTO `demo_city` VALUES ('张家界市', '湖南', '315');
INSERT INTO `demo_city` VALUES ('张家口市', '河北', '316');
INSERT INTO `demo_city` VALUES ('张掖市', '甘肃', '317');
INSERT INTO `demo_city` VALUES ('漳州市', '福建', '318');
INSERT INTO `demo_city` VALUES ('昭通市', '云南', '319');
INSERT INTO `demo_city` VALUES ('肇庆市', '广东', '320');
INSERT INTO `demo_city` VALUES ('镇江市', '江苏', '321');
INSERT INTO `demo_city` VALUES ('郑州市', '河南', '322');
INSERT INTO `demo_city` VALUES ('中山市', '广东', '323');
INSERT INTO `demo_city` VALUES ('中卫市', '宁夏', '324');
INSERT INTO `demo_city` VALUES ('舟山市', '浙江', '325');
INSERT INTO `demo_city` VALUES ('周口市', '河南', '326');
INSERT INTO `demo_city` VALUES ('株洲市', '湖南', '327');
INSERT INTO `demo_city` VALUES ('珠海市', '广东', '328');
INSERT INTO `demo_city` VALUES ('驻马店市', '河南', '329');
INSERT INTO `demo_city` VALUES ('资阳市', '四川', '330');
INSERT INTO `demo_city` VALUES ('淄博市', '山东', '331');
INSERT INTO `demo_city` VALUES ('自贡市', '四川', '332');
INSERT INTO `demo_city` VALUES ('遵义市', '贵州', '333');

-- ----------------------------
-- Table structure for `demo_country`
-- ----------------------------
CREATE TABLE `demo_country` (
  `id` int(11) DEFAULT NULL,
  `country_name` varchar(255) DEFAULT NULL,
  `flag` int(1) DEFAULT NULL
) ENGINE=InnoDB DEFAULT CHARSET=utf8;

-- ----------------------------
-- Records of demo_country
-- ----------------------------
INSERT INTO `demo_country` VALUES (null, '全部', '0');
INSERT INTO `demo_country` VALUES ('1', '魏国', '1');
INSERT INTO `demo_country` VALUES ('2', '蜀国', '1');
INSERT INTO `demo_country` VALUES ('3', '吴国', '1');

-- ----------------------------
-- Table structure for `demo_province`
-- ----------------------------
CREATE TABLE `demo_province` (
  `province` varchar(255) DEFAULT NULL
) ENGINE=InnoDB DEFAULT CHARSET=utf8;

-- ----------------------------
-- Records of demo_province
-- ----------------------------
INSERT INTO `demo_province` VALUES ('新疆');
INSERT INTO `demo_province` VALUES ('西藏');
INSERT INTO `demo_province` VALUES ('陕西');
INSERT INTO `demo_province` VALUES ('安徽');
INSERT INTO `demo_province` VALUES ('贵州');
INSERT INTO `demo_province` VALUES ('河南');
INSERT INTO `demo_province` VALUES ('辽宁');
INSERT INTO `demo_province` VALUES ('内蒙古');
INSERT INTO `demo_province` VALUES ('四川');
INSERT INTO `demo_province` VALUES ('吉林');
INSERT INTO `demo_province` VALUES ('甘肃');
INSERT INTO `demo_province` VALUES ('广西');
INSERT INTO `demo_province` VALUES ('河北');
INSERT INTO `demo_province` VALUES ('云南');
INSERT INTO `demo_province` VALUES ('山东');
INSERT INTO `demo_province` VALUES ('湖南');
INSERT INTO `demo_province` VALUES ('山西');
INSERT INTO `demo_province` VALUES ('江苏');
INSERT INTO `demo_province` VALUES ('广东');
INSERT INTO `demo_province` VALUES ('黑龙江');
INSERT INTO `demo_province` VALUES ('湖北');
INSERT INTO `demo_province` VALUES ('福建');
INSERT INTO `demo_province` VALUES ('江西');
INSERT INTO `demo_province` VALUES ('宁夏');
INSERT INTO `demo_province` VALUES ('青海');
INSERT INTO `demo_province` VALUES ('海南');
INSERT INTO `demo_province` VALUES ('浙江');

-- ----------------------------
-- Table structure for `grid_img`
-- ----------------------------
CREATE TABLE `grid_img` (
  `img_src` varchar(255) DEFAULT NULL,
  `img_title` varchar(255) DEFAULT NULL,
  `type` int(11) DEFAULT NULL,
  `area` int(11) DEFAULT NULL,
  `status` int(11) DEFAULT NULL
) ENGINE=InnoDB DEFAULT CHARSET=utf8;

-- ----------------------------
-- Records of grid_img
-- ----------------------------
INSERT INTO `grid_img` VALUES ('https://imgs.cobwebtimes.com/demo/poster/poster1.jpg', '看我七十二变', '3', '11', '16');
INSERT INTO `grid_img` VALUES ('https://imgs.cobwebtimes.com/demo/poster/poster2.jpg', 'AutoBI 之 Hello World', '4', '11', '16');
INSERT INTO `grid_img` VALUES ('https://imgs.cobwebtimes.com/demo/poster/poster3.jpg', '多选分析模型', '5', '11', '15');
INSERT INTO `grid_img` VALUES ('https://imgs.cobwebtimes.com/demo/poster/poster4.jpg', '云蛛系统AutoBI介绍', '6', '13', '15');
INSERT INTO `grid_img` VALUES ('https://imgs.cobwebtimes.com/demo/poster/poster5.jpg', '信创', '6', '13', '15');
INSERT INTO `grid_img` VALUES ('https://imgs.cobwebtimes.com/demo/poster/poster6.jpg', '行政区划联动', '4', '13', '15');
INSERT INTO `grid_img` VALUES ('https://imgs.cobwebtimes.com/demo/poster/poster7.jpg', '云蛛系统新版本发布', '4', '13', '15');
INSERT INTO `grid_img` VALUES ('https://imgs.cobwebtimes.com/demo/poster/poster8.jpg', 'Excel模板导出', '4', '11', '15');
INSERT INTO `grid_img` VALUES ('https://imgs.cobwebtimes.com/demo/poster/poster9.jpg', '革命性创新', '4', '11', '15');
INSERT INTO `grid_img` VALUES ('https://imgs.cobwebtimes.com/demo/poster/poster10.jpg', '数据权限', '3', '11', '15');
INSERT INTO `grid_img` VALUES ('https://imgs.cobwebtimes.com/demo/poster/poster11.jpg', '多编程数据接口', '3', '11', '15');
INSERT INTO `grid_img` VALUES ('https://imgs.cobwebtimes.com/demo/poster/poster12.jpg', '连接在线数据库二', '3', '12', '15');
INSERT INTO `grid_img` VALUES ('https://imgs.cobwebtimes.com/demo/poster/poster13.jpg', '新基建5G', '3', '12', '15');
INSERT INTO `grid_img` VALUES ('https://imgs.cobwebtimes.com/demo/poster/poster14.jpg', '不是所有报表都叫AutoBI', '3', '12', '16');
INSERT INTO `grid_img` VALUES ('https://imgs.cobwebtimes.com/demo/poster/poster15.jpg', '如何做数据报表', '3', '12', '16');
INSERT INTO `grid_img` VALUES ('https://imgs.cobwebtimes.com/demo/poster/poster16.jpg', '云蛛系统4K体验', '10', '13', '16');
INSERT INTO `grid_img` VALUES ('https://imgs.cobwebtimes.com/demo/poster/poster17.jpg', '2K、4K、10K体验屏', '9', '13', '16');
INSERT INTO `grid_img` VALUES ('https://imgs.cobwebtimes.com/demo/poster/poster18.jpg', '10分钟了解DataView二', '8', '13', '16');
INSERT INTO `grid_img` VALUES ('https://imgs.cobwebtimes.com/demo/poster/poster19.jpg', '大数据全套解决方案', '7', '13', '16');
INSERT INTO `grid_img` VALUES ('https://imgs.cobwebtimes.com/demo/poster/poster20.jpg', 'BI工具标准', '2', '12', '16');
INSERT INTO `grid_img` VALUES ('https://imgs.cobwebtimes.com/demo/poster/poster21.jpg', 'ETL-OLAP', '2', '12', '16');
INSERT INTO `grid_img` VALUES ('https://imgs.cobwebtimes.com/demo/poster/poster22.jpg', '北京踏青好去处', '1', '12', '15');
INSERT INTO `grid_img` VALUES ('https://imgs.cobwebtimes.com/demo/poster/poster23.jpg', '数据可视化项目失败缘由', '1', '11', '15');
INSERT INTO `grid_img` VALUES ('https://imgs.cobwebtimes.com/demo/poster/poster24.jpg', '大数据分析和数据分析区别', '1', '11', '15');
INSERT INTO `grid_img` VALUES ('https://imgs.cobwebtimes.com/demo/poster/poster25.jpg', '游戏行业BI分析怎么做', '1', '11', '15');
INSERT INTO `grid_img` VALUES ('https://imgs.cobwebtimes.com/demo/poster/poster26.jpg', '都挺好折射', '1', '11', '15');
INSERT INTO `grid_img` VALUES ('https://imgs.cobwebtimes.com/demo/poster/poster27.jpg', '蛛网时代的阿里-王坚之路', '1', '11', '14');
INSERT INTO `grid_img` VALUES ('https://imgs.cobwebtimes.com/demo/poster/poster28.jpg', '如何做出成功的BI工具', '1', '11', '14');

-- ----------------------------
-- Table structure for `grid_img_master`
-- ----------------------------
CREATE TABLE `grid_img_master` (
  `id` int(11) NOT NULL,
  `name` varchar(255) DEFAULT NULL,
  `type` varchar(255) DEFAULT NULL,
  PRIMARY KEY (`id`)
) ENGINE=InnoDB DEFAULT CHARSET=utf8;

-- ----------------------------
-- Records of grid_img_master
-- ----------------------------
INSERT INTO `grid_img_master` VALUES ('1', '冒险', 'type');
INSERT INTO `grid_img_master` VALUES ('2', '战斗', 'type');
INSERT INTO `grid_img_master` VALUES ('3', '搞笑', 'type');
INSERT INTO `grid_img_master` VALUES ('4', '经典', 'type');
INSERT INTO `grid_img_master` VALUES ('5', '科幻', 'type');
INSERT INTO `grid_img_master` VALUES ('6', '玄幻', 'type');
INSERT INTO `grid_img_master` VALUES ('7', '武侠', 'type');
INSERT INTO `grid_img_master` VALUES ('8', '竞技', 'type');
INSERT INTO `grid_img_master` VALUES ('9', '恋爱', 'type');
INSERT INTO `grid_img_master` VALUES ('10', '战争', 'type');
INSERT INTO `grid_img_master` VALUES ('11', '内地', 'area');
INSERT INTO `grid_img_master` VALUES ('12', '日本', 'area');
INSERT INTO `grid_img_master` VALUES ('13', '欧美', 'area');
INSERT INTO `grid_img_master` VALUES ('14', '预告片', 'status');
INSERT INTO `grid_img_master` VALUES ('15', '连载', 'status');
INSERT INTO `grid_img_master` VALUES ('16', '完结', 'status');

-- ----------------------------
-- Table structure for `images`
-- ----------------------------
CREATE TABLE `images` (
  `image` varchar(255) DEFAULT NULL
) ENGINE=InnoDB DEFAULT CHARSET=utf8;

-- ----------------------------
-- Records of images
-- ----------------------------
INSERT INTO `images` VALUES ('https://imgs.cobwebtimes.com/demo/alison.jpg');
INSERT INTO `images` VALUES ('https://imgs.cobwebtimes.com/demo/fermino.jpg');
INSERT INTO `images` VALUES ('https://imgs.cobwebtimes.com/demo/kelopu.jpg');
INSERT INTO `images` VALUES ('https://imgs.cobwebtimes.com/demo/manei.jpg');
INSERT INTO `images` VALUES ('https://imgs.cobwebtimes.com/demo/salah.png');
INSERT INTO `images` VALUES ('https://imgs.cobwebtimes.com/demo/vandik.jpg');
INSERT INTO `images` VALUES ('https://imgs.cobwebtimes.com/demo/fabinoho.jpg');
INSERT INTO `images` VALUES ('https://imgs.cobwebtimes.com/demo/liverpool.jpg');

-- ----------------------------
-- Table structure for `newsimages`
-- ----------------------------
CREATE TABLE `newsimages` (
  `title` varchar(255) DEFAULT NULL,
  `image` varchar(255) DEFAULT NULL
) ENGINE=InnoDB DEFAULT CHARSET=utf8;

-- ----------------------------
-- Records of newsimages
-- ----------------------------
INSERT INTO `newsimages` VALUES ('克洛普<br/>成为利物浦主教练', 'https://imgs.cobwebtimes.com/demo/kelopu.jpg');
INSERT INTO `newsimages` VALUES ('阿利松<br/>获得金手套将', 'https://imgs.cobwebtimes.com/demo/alison.jpg');
INSERT INTO `newsimages` VALUES ('萨拉赫<br/>成为非洲足球先生', 'https://imgs.cobwebtimes.com/demo/salah.png');
INSERT INTO `newsimages` VALUES ('马内<br/>获得英超金靴', 'https://imgs.cobwebtimes.com/demo/manei.jpg');
INSERT INTO `newsimages` VALUES ('范迪克<br/>欧洲足球先生', 'https://imgs.cobwebtimes.com/demo/vandik.jpg');
INSERT INTO `newsimages` VALUES ('利物浦<br/>获得欧洲超级杯', 'https://imgs.cobwebtimes.com/demo/liverpool.jpg');

-- ----------------------------
-- Table structure for `percent`
-- ----------------------------
CREATE TABLE `percent` (
  `value` int(11) DEFAULT NULL
) ENGINE=InnoDB DEFAULT CHARSET=utf8;

-- ----------------------------
-- Records of percent
-- ----------------------------
INSERT INTO `percent` VALUES ('77');

-- ----------------------------
-- Table structure for `pie`
-- ----------------------------
CREATE TABLE `pie` (
  `name` varchar(255) DEFAULT NULL,
  `value` int(11) DEFAULT NULL,
  `aim_value` int(11) DEFAULT NULL
) ENGINE=InnoDB DEFAULT CHARSET=utf8;

-- ----------------------------
-- Records of pie
-- ----------------------------
INSERT INTO `pie` VALUES ('韩梅梅', '60', '100');
INSERT INTO `pie` VALUES ('李明', '70', '90');

-- ----------------------------
-- Table structure for `province_timeline`
-- ----------------------------
CREATE TABLE `province_timeline` (
  `times` varchar(255) DEFAULT NULL,
  `province` varchar(255) DEFAULT NULL,
  `value` int(11) DEFAULT NULL
) ENGINE=InnoDB DEFAULT CHARSET=utf8;

-- ----------------------------
-- Records of province_timeline
-- ----------------------------
INSERT INTO `province_timeline` VALUES ('2017', '辽宁', '10');
INSERT INTO `province_timeline` VALUES ('2017', '吉林', '60');
INSERT INTO `province_timeline` VALUES ('2017', '黑龙江', '50');
INSERT INTO `province_timeline` VALUES ('2017', '江苏', '80');
INSERT INTO `province_timeline` VALUES ('2017', '浙江', '90');
INSERT INTO `province_timeline` VALUES ('2017', '北京', '100');
INSERT INTO `province_timeline` VALUES ('2018', '吉林', '65');
INSERT INTO `province_timeline` VALUES ('2018', '黑龙江', '60');
INSERT INTO `province_timeline` VALUES ('2018', '江苏', '85');
INSERT INTO `province_timeline` VALUES ('2018', '浙江', '100');
INSERT INTO `province_timeline` VALUES ('2018', '辽宁', '70');
INSERT INTO `province_timeline` VALUES ('2018', '北京', '95');
INSERT INTO `province_timeline` VALUES ('2019', '吉林', '70');
INSERT INTO `province_timeline` VALUES ('2019', '黑龙江', '75');
INSERT INTO `province_timeline` VALUES ('2019', '江苏', '80');
INSERT INTO `province_timeline` VALUES ('2019', '浙江', '90');
INSERT INTO `province_timeline` VALUES ('2019', '北京', '100');
INSERT INTO `province_timeline` VALUES ('2019', '辽宁', '90');
INSERT INTO `province_timeline` VALUES ('2017', '河北', '30');
INSERT INTO `province_timeline` VALUES ('2018', '河北', '70');
INSERT INTO `province_timeline` VALUES ('2019', '河北', '80');
INSERT INTO `province_timeline` VALUES ('2018', '山西', '90');
INSERT INTO `province_timeline` VALUES ('2019', '山西', '40');
INSERT INTO `province_timeline` VALUES ('2017', '山西', '10');
INSERT INTO `province_timeline` VALUES ('2017', '陕西', '10');
INSERT INTO `province_timeline` VALUES ('2018', '陕西', '30');
INSERT INTO `province_timeline` VALUES ('2019', '陕西', '80');
INSERT INTO `province_timeline` VALUES ('2017', '云南', '50');
INSERT INTO `province_timeline` VALUES ('2018', '云南', '60');
INSERT INTO `province_timeline` VALUES ('2019', '云南', '85');
INSERT INTO `province_timeline` VALUES ('2017', '四川', '5');
INSERT INTO `province_timeline` VALUES ('2018', '四川', '40');
INSERT INTO `province_timeline` VALUES ('2019', '四川', '70');
INSERT INTO `province_timeline` VALUES ('2018', '湖北', '40');
INSERT INTO `province_timeline` VALUES ('2017', '湖北', '20');
INSERT INTO `province_timeline` VALUES ('2019', '湖北', '90');
INSERT INTO `province_timeline` VALUES ('2017', '广西', '10');
INSERT INTO `province_timeline` VALUES ('2018', '广西', '20');
INSERT INTO `province_timeline` VALUES ('2019', '广西', '30');
INSERT INTO `province_timeline` VALUES ('2017', '广东', '20');
INSERT INTO `province_timeline` VALUES ('2018', '广东', '30');
INSERT INTO `province_timeline` VALUES ('2019', '广东', '40');
INSERT INTO `province_timeline` VALUES ('2017', '福建', '30');
INSERT INTO `province_timeline` VALUES ('2018', '福建', '50');
INSERT INTO `province_timeline` VALUES ('2019', '福建', '60');
INSERT INTO `province_timeline` VALUES ('2017', '湖南', '50');
INSERT INTO `province_timeline` VALUES ('2018', '湖南', '60');
INSERT INTO `province_timeline` VALUES ('2019', '湖南', '70');
INSERT INTO `province_timeline` VALUES ('2017', '河南', '30');
INSERT INTO `province_timeline` VALUES ('2018', '河南', '40');
INSERT INTO `province_timeline` VALUES ('2019', '河南', '50');
INSERT INTO `province_timeline` VALUES ('2017', '内蒙古', '30');
INSERT INTO `province_timeline` VALUES ('2018', '内蒙古', '60');
INSERT INTO `province_timeline` VALUES ('2019', '内蒙古', '50');
INSERT INTO `province_timeline` VALUES ('2017', '青海', '10');
INSERT INTO `province_timeline` VALUES ('2018', '青海', '20');
INSERT INTO `province_timeline` VALUES ('2019', '青海', '10');
INSERT INTO `province_timeline` VALUES ('2017', '西藏', '5');
INSERT INTO `province_timeline` VALUES ('2018', '西藏', '6');
INSERT INTO `province_timeline` VALUES ('2019', '西藏', '7');
INSERT INTO `province_timeline` VALUES ('2017', '新疆', '8');
INSERT INTO `province_timeline` VALUES ('2018', '新疆', '9');
INSERT INTO `province_timeline` VALUES ('2019', '新疆', '10');
INSERT INTO `province_timeline` VALUES ('2017', '山东', '80');
INSERT INTO `province_timeline` VALUES ('2018', '山东', '90');
INSERT INTO `province_timeline` VALUES ('2019', '山东', '95');
INSERT INTO `province_timeline` VALUES ('2017', '安徽', '50');
INSERT INTO `province_timeline` VALUES ('2018', '安徽', '55');
INSERT INTO `province_timeline` VALUES ('2019', '安徽', '60');
INSERT INTO `province_timeline` VALUES ('2017', '宁夏', '10');
INSERT INTO `province_timeline` VALUES ('2018', '宁夏', '10');
INSERT INTO `province_timeline` VALUES ('2019', '宁夏', '10');
INSERT INTO `province_timeline` VALUES ('2017', '甘肃', '20');
INSERT INTO `province_timeline` VALUES ('2018', '甘肃', '10');
INSERT INTO `province_timeline` VALUES ('2019', '甘肃', '14');
INSERT INTO `province_timeline` VALUES ('2017', '重庆', '55');
INSERT INTO `province_timeline` VALUES ('2018', '重庆', '70');
INSERT INTO `province_timeline` VALUES ('2019', '重庆', '30');
INSERT INTO `province_timeline` VALUES ('2017', '贵州', '10');
INSERT INTO `province_timeline` VALUES ('2018', '贵州', '5');
INSERT INTO `province_timeline` VALUES ('2019', '贵州', '1');
INSERT INTO `province_timeline` VALUES ('2017', '江西', '30');
INSERT INTO `province_timeline` VALUES ('2018', '江西', '33');
INSERT INTO `province_timeline` VALUES ('2019', '江西', '50');
INSERT INTO `province_timeline` VALUES ('2017', '天津', '5');
INSERT INTO `province_timeline` VALUES ('2018', '天津', '5');
INSERT INTO `province_timeline` VALUES ('2019', '天津', '5');
INSERT INTO `province_timeline` VALUES ('2017', '海南', '6');
INSERT INTO `province_timeline` VALUES ('2018', '海南', '20');
INSERT INTO `province_timeline` VALUES ('2019', '海南', '30');
INSERT INTO `province_timeline` VALUES ('2017', '台湾', '77');
INSERT INTO `province_timeline` VALUES ('2018', '台湾', '80');
INSERT INTO `province_timeline` VALUES ('2019', '台湾', '30');

-- ----------------------------
-- Table structure for `relation_areas`
-- ----------------------------
CREATE TABLE `relation_areas` (
  `id` int(11) NOT NULL AUTO_INCREMENT,
  `areaid` varchar(20) NOT NULL,
  `area` varchar(50) NOT NULL,
  `cityid` varchar(20) NOT NULL,
  PRIMARY KEY (`id`)
) ENGINE=InnoDB AUTO_INCREMENT=3148 DEFAULT CHARSET=utf8 COMMENT='行政区域县区信息表';

-- ----------------------------
-- Records of relation_areas
-- ----------------------------
INSERT INTO `relation_areas` VALUES ('1', '110101', '东城区', '110100');
INSERT INTO `relation_areas` VALUES ('2', '110102', '西城区', '110100');
INSERT INTO `relation_areas` VALUES ('3', '110103', '崇文区', '110100');
INSERT INTO `relation_areas` VALUES ('4', '110104', '宣武区', '110100');
INSERT INTO `relation_areas` VALUES ('5', '110105', '朝阳区', '110100');
INSERT INTO `relation_areas` VALUES ('6', '110106', '丰台区', '110100');
INSERT INTO `relation_areas` VALUES ('7', '110107', '石景山区', '110100');
INSERT INTO `relation_areas` VALUES ('8', '110108', '海淀区', '110100');
INSERT INTO `relation_areas` VALUES ('9', '110109', '门头沟区', '110100');
INSERT INTO `relation_areas` VALUES ('10', '110111', '房山区', '110100');
INSERT INTO `relation_areas` VALUES ('11', '110112', '通州区', '110100');
INSERT INTO `relation_areas` VALUES ('12', '110113', '顺义区', '110100');
INSERT INTO `relation_areas` VALUES ('13', '110114', '昌平区', '110100');
INSERT INTO `relation_areas` VALUES ('14', '110115', '大兴区', '110100');
INSERT INTO `relation_areas` VALUES ('15', '110116', '怀柔区', '110100');
INSERT INTO `relation_areas` VALUES ('16', '110117', '平谷区', '110100');
INSERT INTO `relation_areas` VALUES ('17', '110228', '密云县', '110200');
INSERT INTO `relation_areas` VALUES ('18', '110229', '延庆县', '110200');
INSERT INTO `relation_areas` VALUES ('19', '120101', '和平区', '120100');
INSERT INTO `relation_areas` VALUES ('20', '120102', '河东区', '120100');
INSERT INTO `relation_areas` VALUES ('21', '120103', '河西区', '120100');
INSERT INTO `relation_areas` VALUES ('22', '120104', '南开区', '120100');
INSERT INTO `relation_areas` VALUES ('23', '120105', '河北区', '120100');
INSERT INTO `relation_areas` VALUES ('24', '120106', '红桥区', '120100');
INSERT INTO `relation_areas` VALUES ('25', '120107', '塘沽区', '120100');
INSERT INTO `relation_areas` VALUES ('26', '120108', '汉沽区', '120100');
INSERT INTO `relation_areas` VALUES ('27', '120109', '大港区', '120100');
INSERT INTO `relation_areas` VALUES ('28', '120110', '东丽区', '120100');
INSERT INTO `relation_areas` VALUES ('29', '120111', '西青区', '120100');
INSERT INTO `relation_areas` VALUES ('30', '120112', '津南区', '120100');
INSERT INTO `relation_areas` VALUES ('31', '120113', '北辰区', '120100');
INSERT INTO `relation_areas` VALUES ('32', '120114', '武清区', '120100');
INSERT INTO `relation_areas` VALUES ('33', '120115', '宝坻区', '120100');
INSERT INTO `relation_areas` VALUES ('34', '120221', '宁河县', '120200');
INSERT INTO `relation_areas` VALUES ('35', '120223', '静海县', '120200');
INSERT INTO `relation_areas` VALUES ('36', '120225', '蓟　县', '120200');
INSERT INTO `relation_areas` VALUES ('37', '130101', '市辖区', '130100');
INSERT INTO `relation_areas` VALUES ('38', '130102', '长安区', '130100');
INSERT INTO `relation_areas` VALUES ('39', '130103', '桥东区', '130100');
INSERT INTO `relation_areas` VALUES ('40', '130104', '桥西区', '130100');
INSERT INTO `relation_areas` VALUES ('41', '130105', '新华区', '130100');
INSERT INTO `relation_areas` VALUES ('42', '130107', '井陉矿区', '130100');
INSERT INTO `relation_areas` VALUES ('43', '130108', '裕华区', '130100');
INSERT INTO `relation_areas` VALUES ('44', '130121', '井陉县', '130100');
INSERT INTO `relation_areas` VALUES ('45', '130123', '正定县', '130100');
INSERT INTO `relation_areas` VALUES ('46', '130124', '栾城县', '130100');
INSERT INTO `relation_areas` VALUES ('47', '130125', '行唐县', '130100');
INSERT INTO `relation_areas` VALUES ('48', '130126', '灵寿县', '130100');
INSERT INTO `relation_areas` VALUES ('49', '130127', '高邑县', '130100');
INSERT INTO `relation_areas` VALUES ('50', '130128', '深泽县', '130100');
INSERT INTO `relation_areas` VALUES ('51', '130129', '赞皇县', '130100');
INSERT INTO `relation_areas` VALUES ('52', '130130', '无极县', '130100');
INSERT INTO `relation_areas` VALUES ('53', '130131', '平山县', '130100');
INSERT INTO `relation_areas` VALUES ('54', '130132', '元氏县', '130100');
INSERT INTO `relation_areas` VALUES ('55', '130133', '赵　县', '130100');
INSERT INTO `relation_areas` VALUES ('56', '130181', '辛集市', '130100');
INSERT INTO `relation_areas` VALUES ('57', '130182', '藁城市', '130100');
INSERT INTO `relation_areas` VALUES ('58', '130183', '晋州市', '130100');
INSERT INTO `relation_areas` VALUES ('59', '130184', '新乐市', '130100');
INSERT INTO `relation_areas` VALUES ('60', '130185', '鹿泉市', '130100');
INSERT INTO `relation_areas` VALUES ('61', '130201', '市辖区', '130200');
INSERT INTO `relation_areas` VALUES ('62', '130202', '路南区', '130200');
INSERT INTO `relation_areas` VALUES ('63', '130203', '路北区', '130200');
INSERT INTO `relation_areas` VALUES ('64', '130204', '古冶区', '130200');
INSERT INTO `relation_areas` VALUES ('65', '130205', '开平区', '130200');
INSERT INTO `relation_areas` VALUES ('66', '130207', '丰南区', '130200');
INSERT INTO `relation_areas` VALUES ('67', '130208', '丰润区', '130200');
INSERT INTO `relation_areas` VALUES ('68', '130223', '滦　县', '130200');
INSERT INTO `relation_areas` VALUES ('69', '130224', '滦南县', '130200');
INSERT INTO `relation_areas` VALUES ('70', '130225', '乐亭县', '130200');
INSERT INTO `relation_areas` VALUES ('71', '130227', '迁西县', '130200');
INSERT INTO `relation_areas` VALUES ('72', '130229', '玉田县', '130200');
INSERT INTO `relation_areas` VALUES ('73', '130230', '唐海县', '130200');
INSERT INTO `relation_areas` VALUES ('74', '130281', '遵化市', '130200');
INSERT INTO `relation_areas` VALUES ('75', '130283', '迁安市', '130200');
INSERT INTO `relation_areas` VALUES ('76', '130301', '市辖区', '130300');
INSERT INTO `relation_areas` VALUES ('77', '130302', '海港区', '130300');
INSERT INTO `relation_areas` VALUES ('78', '130303', '山海关区', '130300');
INSERT INTO `relation_areas` VALUES ('79', '130304', '北戴河区', '130300');
INSERT INTO `relation_areas` VALUES ('80', '130321', '青龙满族自治县', '130300');
INSERT INTO `relation_areas` VALUES ('81', '130322', '昌黎县', '130300');
INSERT INTO `relation_areas` VALUES ('82', '130323', '抚宁县', '130300');
INSERT INTO `relation_areas` VALUES ('83', '130324', '卢龙县', '130300');
INSERT INTO `relation_areas` VALUES ('84', '130401', '市辖区', '130400');
INSERT INTO `relation_areas` VALUES ('85', '130402', '邯山区', '130400');
INSERT INTO `relation_areas` VALUES ('86', '130403', '丛台区', '130400');
INSERT INTO `relation_areas` VALUES ('87', '130404', '复兴区', '130400');
INSERT INTO `relation_areas` VALUES ('88', '130406', '峰峰矿区', '130400');
INSERT INTO `relation_areas` VALUES ('89', '130421', '邯郸县', '130400');
INSERT INTO `relation_areas` VALUES ('90', '130423', '临漳县', '130400');
INSERT INTO `relation_areas` VALUES ('91', '130424', '成安县', '130400');
INSERT INTO `relation_areas` VALUES ('92', '130425', '大名县', '130400');
INSERT INTO `relation_areas` VALUES ('93', '130426', '涉　县', '130400');
INSERT INTO `relation_areas` VALUES ('94', '130427', '磁　县', '130400');
INSERT INTO `relation_areas` VALUES ('95', '130428', '肥乡县', '130400');
INSERT INTO `relation_areas` VALUES ('96', '130429', '永年县', '130400');
INSERT INTO `relation_areas` VALUES ('97', '130430', '邱　县', '130400');
INSERT INTO `relation_areas` VALUES ('98', '130431', '鸡泽县', '130400');
INSERT INTO `relation_areas` VALUES ('99', '130432', '广平县', '130400');
INSERT INTO `relation_areas` VALUES ('100', '130433', '馆陶县', '130400');
INSERT INTO `relation_areas` VALUES ('101', '130434', '魏　县', '130400');
INSERT INTO `relation_areas` VALUES ('102', '130435', '曲周县', '130400');
INSERT INTO `relation_areas` VALUES ('103', '130481', '武安市', '130400');
INSERT INTO `relation_areas` VALUES ('104', '130501', '市辖区', '130500');
INSERT INTO `relation_areas` VALUES ('105', '130502', '桥东区', '130500');
INSERT INTO `relation_areas` VALUES ('106', '130503', '桥西区', '130500');
INSERT INTO `relation_areas` VALUES ('107', '130521', '邢台县', '130500');
INSERT INTO `relation_areas` VALUES ('108', '130522', '临城县', '130500');
INSERT INTO `relation_areas` VALUES ('109', '130523', '内丘县', '130500');
INSERT INTO `relation_areas` VALUES ('110', '130524', '柏乡县', '130500');
INSERT INTO `relation_areas` VALUES ('111', '130525', '隆尧县', '130500');
INSERT INTO `relation_areas` VALUES ('112', '130526', '任　县', '130500');
INSERT INTO `relation_areas` VALUES ('113', '130527', '南和县', '130500');
INSERT INTO `relation_areas` VALUES ('114', '130528', '宁晋县', '130500');
INSERT INTO `relation_areas` VALUES ('115', '130529', '巨鹿县', '130500');
INSERT INTO `relation_areas` VALUES ('116', '130530', '新河县', '130500');
INSERT INTO `relation_areas` VALUES ('117', '130531', '广宗县', '130500');
INSERT INTO `relation_areas` VALUES ('118', '130532', '平乡县', '130500');
INSERT INTO `relation_areas` VALUES ('119', '130533', '威　县', '130500');
INSERT INTO `relation_areas` VALUES ('120', '130534', '清河县', '130500');
INSERT INTO `relation_areas` VALUES ('121', '130535', '临西县', '130500');
INSERT INTO `relation_areas` VALUES ('122', '130581', '南宫市', '130500');
INSERT INTO `relation_areas` VALUES ('123', '130582', '沙河市', '130500');
INSERT INTO `relation_areas` VALUES ('124', '130601', '市辖区', '130600');
INSERT INTO `relation_areas` VALUES ('125', '130602', '新市区', '130600');
INSERT INTO `relation_areas` VALUES ('126', '130603', '北市区', '130600');
INSERT INTO `relation_areas` VALUES ('127', '130604', '南市区', '130600');
INSERT INTO `relation_areas` VALUES ('128', '130621', '满城县', '130600');
INSERT INTO `relation_areas` VALUES ('129', '130622', '清苑县', '130600');
INSERT INTO `relation_areas` VALUES ('130', '130623', '涞水县', '130600');
INSERT INTO `relation_areas` VALUES ('131', '130624', '阜平县', '130600');
INSERT INTO `relation_areas` VALUES ('132', '130625', '徐水县', '130600');
INSERT INTO `relation_areas` VALUES ('133', '130626', '定兴县', '130600');
INSERT INTO `relation_areas` VALUES ('134', '130627', '唐　县', '130600');
INSERT INTO `relation_areas` VALUES ('135', '130628', '高阳县', '130600');
INSERT INTO `relation_areas` VALUES ('136', '130629', '容城县', '130600');
INSERT INTO `relation_areas` VALUES ('137', '130630', '涞源县', '130600');
INSERT INTO `relation_areas` VALUES ('138', '130631', '望都县', '130600');
INSERT INTO `relation_areas` VALUES ('139', '130632', '安新县', '130600');
INSERT INTO `relation_areas` VALUES ('140', '130633', '易　县', '130600');
INSERT INTO `relation_areas` VALUES ('141', '130634', '曲阳县', '130600');
INSERT INTO `relation_areas` VALUES ('142', '130635', '蠡　县', '130600');
INSERT INTO `relation_areas` VALUES ('143', '130636', '顺平县', '130600');
INSERT INTO `relation_areas` VALUES ('144', '130637', '博野县', '130600');
INSERT INTO `relation_areas` VALUES ('145', '130638', '雄　县', '130600');
INSERT INTO `relation_areas` VALUES ('146', '130681', '涿州市', '130600');
INSERT INTO `relation_areas` VALUES ('147', '130682', '定州市', '130600');
INSERT INTO `relation_areas` VALUES ('148', '130683', '安国市', '130600');
INSERT INTO `relation_areas` VALUES ('149', '130684', '高碑店市', '130600');
INSERT INTO `relation_areas` VALUES ('150', '130701', '市辖区', '130700');
INSERT INTO `relation_areas` VALUES ('151', '130702', '桥东区', '130700');
INSERT INTO `relation_areas` VALUES ('152', '130703', '桥西区', '130700');
INSERT INTO `relation_areas` VALUES ('153', '130705', '宣化区', '130700');
INSERT INTO `relation_areas` VALUES ('154', '130706', '下花园区', '130700');
INSERT INTO `relation_areas` VALUES ('155', '130721', '宣化县', '130700');
INSERT INTO `relation_areas` VALUES ('156', '130722', '张北县', '130700');
INSERT INTO `relation_areas` VALUES ('157', '130723', '康保县', '130700');
INSERT INTO `relation_areas` VALUES ('158', '130724', '沽源县', '130700');
INSERT INTO `relation_areas` VALUES ('159', '130725', '尚义县', '130700');
INSERT INTO `relation_areas` VALUES ('160', '130726', '蔚　县', '130700');
INSERT INTO `relation_areas` VALUES ('161', '130727', '阳原县', '130700');
INSERT INTO `relation_areas` VALUES ('162', '130728', '怀安县', '130700');
INSERT INTO `relation_areas` VALUES ('163', '130729', '万全县', '130700');
INSERT INTO `relation_areas` VALUES ('164', '130730', '怀来县', '130700');
INSERT INTO `relation_areas` VALUES ('165', '130731', '涿鹿县', '130700');
INSERT INTO `relation_areas` VALUES ('166', '130732', '赤城县', '130700');
INSERT INTO `relation_areas` VALUES ('167', '130733', '崇礼县', '130700');
INSERT INTO `relation_areas` VALUES ('168', '130801', '市辖区', '130800');
INSERT INTO `relation_areas` VALUES ('169', '130802', '双桥区', '130800');
INSERT INTO `relation_areas` VALUES ('170', '130803', '双滦区', '130800');
INSERT INTO `relation_areas` VALUES ('171', '130804', '鹰手营子矿区', '130800');
INSERT INTO `relation_areas` VALUES ('172', '130821', '承德县', '130800');
INSERT INTO `relation_areas` VALUES ('173', '130822', '兴隆县', '130800');
INSERT INTO `relation_areas` VALUES ('174', '130823', '平泉县', '130800');
INSERT INTO `relation_areas` VALUES ('175', '130824', '滦平县', '130800');
INSERT INTO `relation_areas` VALUES ('176', '130825', '隆化县', '130800');
INSERT INTO `relation_areas` VALUES ('177', '130826', '丰宁满族自治县', '130800');
INSERT INTO `relation_areas` VALUES ('178', '130827', '宽城满族自治县', '130800');
INSERT INTO `relation_areas` VALUES ('179', '130828', '围场满族蒙古族自治县', '130800');
INSERT INTO `relation_areas` VALUES ('180', '130901', '市辖区', '130900');
INSERT INTO `relation_areas` VALUES ('181', '130902', '新华区', '130900');
INSERT INTO `relation_areas` VALUES ('182', '130903', '运河区', '130900');
INSERT INTO `relation_areas` VALUES ('183', '130921', '沧　县', '130900');
INSERT INTO `relation_areas` VALUES ('184', '130922', '青　县', '130900');
INSERT INTO `relation_areas` VALUES ('185', '130923', '东光县', '130900');
INSERT INTO `relation_areas` VALUES ('186', '130924', '海兴县', '130900');
INSERT INTO `relation_areas` VALUES ('187', '130925', '盐山县', '130900');
INSERT INTO `relation_areas` VALUES ('188', '130926', '肃宁县', '130900');
INSERT INTO `relation_areas` VALUES ('189', '130927', '南皮县', '130900');
INSERT INTO `relation_areas` VALUES ('190', '130928', '吴桥县', '130900');
INSERT INTO `relation_areas` VALUES ('191', '130929', '献　县', '130900');
INSERT INTO `relation_areas` VALUES ('192', '130930', '孟村回族自治县', '130900');
INSERT INTO `relation_areas` VALUES ('193', '130981', '泊头市', '130900');
INSERT INTO `relation_areas` VALUES ('194', '130982', '任丘市', '130900');
INSERT INTO `relation_areas` VALUES ('195', '130983', '黄骅市', '130900');
INSERT INTO `relation_areas` VALUES ('196', '130984', '河间市', '130900');
INSERT INTO `relation_areas` VALUES ('197', '131001', '市辖区', '131000');
INSERT INTO `relation_areas` VALUES ('198', '131002', '安次区', '131000');
INSERT INTO `relation_areas` VALUES ('199', '131003', '广阳区', '131000');
INSERT INTO `relation_areas` VALUES ('200', '131022', '固安县', '131000');
INSERT INTO `relation_areas` VALUES ('201', '131023', '永清县', '131000');
INSERT INTO `relation_areas` VALUES ('202', '131024', '香河县', '131000');
INSERT INTO `relation_areas` VALUES ('203', '131025', '大城县', '131000');
INSERT INTO `relation_areas` VALUES ('204', '131026', '文安县', '131000');
INSERT INTO `relation_areas` VALUES ('205', '131028', '大厂回族自治县', '131000');
INSERT INTO `relation_areas` VALUES ('206', '131081', '霸州市', '131000');
INSERT INTO `relation_areas` VALUES ('207', '131082', '三河市', '131000');
INSERT INTO `relation_areas` VALUES ('208', '131101', '市辖区', '131100');
INSERT INTO `relation_areas` VALUES ('209', '131102', '桃城区', '131100');
INSERT INTO `relation_areas` VALUES ('210', '131121', '枣强县', '131100');
INSERT INTO `relation_areas` VALUES ('211', '131122', '武邑县', '131100');
INSERT INTO `relation_areas` VALUES ('212', '131123', '武强县', '131100');
INSERT INTO `relation_areas` VALUES ('213', '131124', '饶阳县', '131100');
INSERT INTO `relation_areas` VALUES ('214', '131125', '安平县', '131100');
INSERT INTO `relation_areas` VALUES ('215', '131126', '故城县', '131100');
INSERT INTO `relation_areas` VALUES ('216', '131127', '景　县', '131100');
INSERT INTO `relation_areas` VALUES ('217', '131128', '阜城县', '131100');
INSERT INTO `relation_areas` VALUES ('218', '131181', '冀州市', '131100');
INSERT INTO `relation_areas` VALUES ('219', '131182', '深州市', '131100');
INSERT INTO `relation_areas` VALUES ('220', '140101', '市辖区', '140100');
INSERT INTO `relation_areas` VALUES ('221', '140105', '小店区', '140100');
INSERT INTO `relation_areas` VALUES ('222', '140106', '迎泽区', '140100');
INSERT INTO `relation_areas` VALUES ('223', '140107', '杏花岭区', '140100');
INSERT INTO `relation_areas` VALUES ('224', '140108', '尖草坪区', '140100');
INSERT INTO `relation_areas` VALUES ('225', '140109', '万柏林区', '140100');
INSERT INTO `relation_areas` VALUES ('226', '140110', '晋源区', '140100');
INSERT INTO `relation_areas` VALUES ('227', '140121', '清徐县', '140100');
INSERT INTO `relation_areas` VALUES ('228', '140122', '阳曲县', '140100');
INSERT INTO `relation_areas` VALUES ('229', '140123', '娄烦县', '140100');
INSERT INTO `relation_areas` VALUES ('230', '140181', '古交市', '140100');
INSERT INTO `relation_areas` VALUES ('231', '140201', '市辖区', '140200');
INSERT INTO `relation_areas` VALUES ('232', '140202', '城　区', '140200');
INSERT INTO `relation_areas` VALUES ('233', '140203', '矿　区', '140200');
INSERT INTO `relation_areas` VALUES ('234', '140211', '南郊区', '140200');
INSERT INTO `relation_areas` VALUES ('235', '140212', '新荣区', '140200');
INSERT INTO `relation_areas` VALUES ('236', '140221', '阳高县', '140200');
INSERT INTO `relation_areas` VALUES ('237', '140222', '天镇县', '140200');
INSERT INTO `relation_areas` VALUES ('238', '140223', '广灵县', '140200');
INSERT INTO `relation_areas` VALUES ('239', '140224', '灵丘县', '140200');
INSERT INTO `relation_areas` VALUES ('240', '140225', '浑源县', '140200');
INSERT INTO `relation_areas` VALUES ('241', '140226', '左云县', '140200');
INSERT INTO `relation_areas` VALUES ('242', '140227', '大同县', '140200');
INSERT INTO `relation_areas` VALUES ('243', '140301', '市辖区', '140300');
INSERT INTO `relation_areas` VALUES ('244', '140302', '城　区', '140300');
INSERT INTO `relation_areas` VALUES ('245', '140303', '矿　区', '140300');
INSERT INTO `relation_areas` VALUES ('246', '140311', '郊　区', '140300');
INSERT INTO `relation_areas` VALUES ('247', '140321', '平定县', '140300');
INSERT INTO `relation_areas` VALUES ('248', '140322', '盂　县', '140300');
INSERT INTO `relation_areas` VALUES ('249', '140401', '市辖区', '140400');
INSERT INTO `relation_areas` VALUES ('250', '140402', '城　区', '140400');
INSERT INTO `relation_areas` VALUES ('251', '140411', '郊　区', '140400');
INSERT INTO `relation_areas` VALUES ('252', '140421', '长治县', '140400');
INSERT INTO `relation_areas` VALUES ('253', '140423', '襄垣县', '140400');
INSERT INTO `relation_areas` VALUES ('254', '140424', '屯留县', '140400');
INSERT INTO `relation_areas` VALUES ('255', '140425', '平顺县', '140400');
INSERT INTO `relation_areas` VALUES ('256', '140426', '黎城县', '140400');
INSERT INTO `relation_areas` VALUES ('257', '140427', '壶关县', '140400');
INSERT INTO `relation_areas` VALUES ('258', '140428', '长子县', '140400');
INSERT INTO `relation_areas` VALUES ('259', '140429', '武乡县', '140400');
INSERT INTO `relation_areas` VALUES ('260', '140430', '沁　县', '140400');
INSERT INTO `relation_areas` VALUES ('261', '140431', '沁源县', '140400');
INSERT INTO `relation_areas` VALUES ('262', '140481', '潞城市', '140400');
INSERT INTO `relation_areas` VALUES ('263', '140501', '市辖区', '140500');
INSERT INTO `relation_areas` VALUES ('264', '140502', '城　区', '140500');
INSERT INTO `relation_areas` VALUES ('265', '140521', '沁水县', '140500');
INSERT INTO `relation_areas` VALUES ('266', '140522', '阳城县', '140500');
INSERT INTO `relation_areas` VALUES ('267', '140524', '陵川县', '140500');
INSERT INTO `relation_areas` VALUES ('268', '140525', '泽州县', '140500');
INSERT INTO `relation_areas` VALUES ('269', '140581', '高平市', '140500');
INSERT INTO `relation_areas` VALUES ('270', '140601', '市辖区', '140600');
INSERT INTO `relation_areas` VALUES ('271', '140602', '朔城区', '140600');
INSERT INTO `relation_areas` VALUES ('272', '140603', '平鲁区', '140600');
INSERT INTO `relation_areas` VALUES ('273', '140621', '山阴县', '140600');
INSERT INTO `relation_areas` VALUES ('274', '140622', '应　县', '140600');
INSERT INTO `relation_areas` VALUES ('275', '140623', '右玉县', '140600');
INSERT INTO `relation_areas` VALUES ('276', '140624', '怀仁县', '140600');
INSERT INTO `relation_areas` VALUES ('277', '140701', '市辖区', '140700');
INSERT INTO `relation_areas` VALUES ('278', '140702', '榆次区', '140700');
INSERT INTO `relation_areas` VALUES ('279', '140721', '榆社县', '140700');
INSERT INTO `relation_areas` VALUES ('280', '140722', '左权县', '140700');
INSERT INTO `relation_areas` VALUES ('281', '140723', '和顺县', '140700');
INSERT INTO `relation_areas` VALUES ('282', '140724', '昔阳县', '140700');
INSERT INTO `relation_areas` VALUES ('283', '140725', '寿阳县', '140700');
INSERT INTO `relation_areas` VALUES ('284', '140726', '太谷县', '140700');
INSERT INTO `relation_areas` VALUES ('285', '140727', '祁　县', '140700');
INSERT INTO `relation_areas` VALUES ('286', '140728', '平遥县', '140700');
INSERT INTO `relation_areas` VALUES ('287', '140729', '灵石县', '140700');
INSERT INTO `relation_areas` VALUES ('288', '140781', '介休市', '140700');
INSERT INTO `relation_areas` VALUES ('289', '140801', '市辖区', '140800');
INSERT INTO `relation_areas` VALUES ('290', '140802', '盐湖区', '140800');
INSERT INTO `relation_areas` VALUES ('291', '140821', '临猗县', '140800');
INSERT INTO `relation_areas` VALUES ('292', '140822', '万荣县', '140800');
INSERT INTO `relation_areas` VALUES ('293', '140823', '闻喜县', '140800');
INSERT INTO `relation_areas` VALUES ('294', '140824', '稷山县', '140800');
INSERT INTO `relation_areas` VALUES ('295', '140825', '新绛县', '140800');
INSERT INTO `relation_areas` VALUES ('296', '140826', '绛　县', '140800');
INSERT INTO `relation_areas` VALUES ('297', '140827', '垣曲县', '140800');
INSERT INTO `relation_areas` VALUES ('298', '140828', '夏　县', '140800');
INSERT INTO `relation_areas` VALUES ('299', '140829', '平陆县', '140800');
INSERT INTO `relation_areas` VALUES ('300', '140830', '芮城县', '140800');
INSERT INTO `relation_areas` VALUES ('301', '140881', '永济市', '140800');
INSERT INTO `relation_areas` VALUES ('302', '140882', '河津市', '140800');
INSERT INTO `relation_areas` VALUES ('303', '140901', '市辖区', '140900');
INSERT INTO `relation_areas` VALUES ('304', '140902', '忻府区', '140900');
INSERT INTO `relation_areas` VALUES ('305', '140921', '定襄县', '140900');
INSERT INTO `relation_areas` VALUES ('306', '140922', '五台县', '140900');
INSERT INTO `relation_areas` VALUES ('307', '140923', '代　县', '140900');
INSERT INTO `relation_areas` VALUES ('308', '140924', '繁峙县', '140900');
INSERT INTO `relation_areas` VALUES ('309', '140925', '宁武县', '140900');
INSERT INTO `relation_areas` VALUES ('310', '140926', '静乐县', '140900');
INSERT INTO `relation_areas` VALUES ('311', '140927', '神池县', '140900');
INSERT INTO `relation_areas` VALUES ('312', '140928', '五寨县', '140900');
INSERT INTO `relation_areas` VALUES ('313', '140929', '岢岚县', '140900');
INSERT INTO `relation_areas` VALUES ('314', '140930', '河曲县', '140900');
INSERT INTO `relation_areas` VALUES ('315', '140931', '保德县', '140900');
INSERT INTO `relation_areas` VALUES ('316', '140932', '偏关县', '140900');
INSERT INTO `relation_areas` VALUES ('317', '140981', '原平市', '140900');
INSERT INTO `relation_areas` VALUES ('318', '141001', '市辖区', '141000');
INSERT INTO `relation_areas` VALUES ('319', '141002', '尧都区', '141000');
INSERT INTO `relation_areas` VALUES ('320', '141021', '曲沃县', '141000');
INSERT INTO `relation_areas` VALUES ('321', '141022', '翼城县', '141000');
INSERT INTO `relation_areas` VALUES ('322', '141023', '襄汾县', '141000');
INSERT INTO `relation_areas` VALUES ('323', '141024', '洪洞县', '141000');
INSERT INTO `relation_areas` VALUES ('324', '141025', '古　县', '141000');
INSERT INTO `relation_areas` VALUES ('325', '141026', '安泽县', '141000');
INSERT INTO `relation_areas` VALUES ('326', '141027', '浮山县', '141000');
INSERT INTO `relation_areas` VALUES ('327', '141028', '吉　县', '141000');
INSERT INTO `relation_areas` VALUES ('328', '141029', '乡宁县', '141000');
INSERT INTO `relation_areas` VALUES ('329', '141030', '大宁县', '141000');
INSERT INTO `relation_areas` VALUES ('330', '141031', '隰　县', '141000');
INSERT INTO `relation_areas` VALUES ('331', '141032', '永和县', '141000');
INSERT INTO `relation_areas` VALUES ('332', '141033', '蒲　县', '141000');
INSERT INTO `relation_areas` VALUES ('333', '141034', '汾西县', '141000');
INSERT INTO `relation_areas` VALUES ('334', '141081', '侯马市', '141000');
INSERT INTO `relation_areas` VALUES ('335', '141082', '霍州市', '141000');
INSERT INTO `relation_areas` VALUES ('336', '141101', '市辖区', '141100');
INSERT INTO `relation_areas` VALUES ('337', '141102', '离石区', '141100');
INSERT INTO `relation_areas` VALUES ('338', '141121', '文水县', '141100');
INSERT INTO `relation_areas` VALUES ('339', '141122', '交城县', '141100');
INSERT INTO `relation_areas` VALUES ('340', '141123', '兴　县', '141100');
INSERT INTO `relation_areas` VALUES ('341', '141124', '临　县', '141100');
INSERT INTO `relation_areas` VALUES ('342', '141125', '柳林县', '141100');
INSERT INTO `relation_areas` VALUES ('343', '141126', '石楼县', '141100');
INSERT INTO `relation_areas` VALUES ('344', '141127', '岚　县', '141100');
INSERT INTO `relation_areas` VALUES ('345', '141128', '方山县', '141100');
INSERT INTO `relation_areas` VALUES ('346', '141129', '中阳县', '141100');
INSERT INTO `relation_areas` VALUES ('347', '141130', '交口县', '141100');
INSERT INTO `relation_areas` VALUES ('348', '141181', '孝义市', '141100');
INSERT INTO `relation_areas` VALUES ('349', '141182', '汾阳市', '141100');
INSERT INTO `relation_areas` VALUES ('350', '150101', '市辖区', '150100');
INSERT INTO `relation_areas` VALUES ('351', '150102', '新城区', '150100');
INSERT INTO `relation_areas` VALUES ('352', '150103', '回民区', '150100');
INSERT INTO `relation_areas` VALUES ('353', '150104', '玉泉区', '150100');
INSERT INTO `relation_areas` VALUES ('354', '150105', '赛罕区', '150100');
INSERT INTO `relation_areas` VALUES ('355', '150121', '土默特左旗', '150100');
INSERT INTO `relation_areas` VALUES ('356', '150122', '托克托县', '150100');
INSERT INTO `relation_areas` VALUES ('357', '150123', '和林格尔县', '150100');
INSERT INTO `relation_areas` VALUES ('358', '150124', '清水河县', '150100');
INSERT INTO `relation_areas` VALUES ('359', '150125', '武川县', '150100');
INSERT INTO `relation_areas` VALUES ('360', '150201', '市辖区', '150200');
INSERT INTO `relation_areas` VALUES ('361', '150202', '东河区', '150200');
INSERT INTO `relation_areas` VALUES ('362', '150203', '昆都仑区', '150200');
INSERT INTO `relation_areas` VALUES ('363', '150204', '青山区', '150200');
INSERT INTO `relation_areas` VALUES ('364', '150205', '石拐区', '150200');
INSERT INTO `relation_areas` VALUES ('365', '150206', '白云矿区', '150200');
INSERT INTO `relation_areas` VALUES ('366', '150207', '九原区', '150200');
INSERT INTO `relation_areas` VALUES ('367', '150221', '土默特右旗', '150200');
INSERT INTO `relation_areas` VALUES ('368', '150222', '固阳县', '150200');
INSERT INTO `relation_areas` VALUES ('369', '150223', '达尔罕茂明安联合旗', '150200');
INSERT INTO `relation_areas` VALUES ('370', '150301', '市辖区', '150300');
INSERT INTO `relation_areas` VALUES ('371', '150302', '海勃湾区', '150300');
INSERT INTO `relation_areas` VALUES ('372', '150303', '海南区', '150300');
INSERT INTO `relation_areas` VALUES ('373', '150304', '乌达区', '150300');
INSERT INTO `relation_areas` VALUES ('374', '150401', '市辖区', '150400');
INSERT INTO `relation_areas` VALUES ('375', '150402', '红山区', '150400');
INSERT INTO `relation_areas` VALUES ('376', '150403', '元宝山区', '150400');
INSERT INTO `relation_areas` VALUES ('377', '150404', '松山区', '150400');
INSERT INTO `relation_areas` VALUES ('378', '150421', '阿鲁科尔沁旗', '150400');
INSERT INTO `relation_areas` VALUES ('379', '150422', '巴林左旗', '150400');
INSERT INTO `relation_areas` VALUES ('380', '150423', '巴林右旗', '150400');
INSERT INTO `relation_areas` VALUES ('381', '150424', '林西县', '150400');
INSERT INTO `relation_areas` VALUES ('382', '150425', '克什克腾旗', '150400');
INSERT INTO `relation_areas` VALUES ('383', '150426', '翁牛特旗', '150400');
INSERT INTO `relation_areas` VALUES ('384', '150428', '喀喇沁旗', '150400');
INSERT INTO `relation_areas` VALUES ('385', '150429', '宁城县', '150400');
INSERT INTO `relation_areas` VALUES ('386', '150430', '敖汉旗', '150400');
INSERT INTO `relation_areas` VALUES ('387', '150501', '市辖区', '150500');
INSERT INTO `relation_areas` VALUES ('388', '150502', '科尔沁区', '150500');
INSERT INTO `relation_areas` VALUES ('389', '150521', '科尔沁左翼中旗', '150500');
INSERT INTO `relation_areas` VALUES ('390', '150522', '科尔沁左翼后旗', '150500');
INSERT INTO `relation_areas` VALUES ('391', '150523', '开鲁县', '150500');
INSERT INTO `relation_areas` VALUES ('392', '150524', '库伦旗', '150500');
INSERT INTO `relation_areas` VALUES ('393', '150525', '奈曼旗', '150500');
INSERT INTO `relation_areas` VALUES ('394', '150526', '扎鲁特旗', '150500');
INSERT INTO `relation_areas` VALUES ('395', '150581', '霍林郭勒市', '150500');
INSERT INTO `relation_areas` VALUES ('396', '150602', '东胜区', '150600');
INSERT INTO `relation_areas` VALUES ('397', '150621', '达拉特旗', '150600');
INSERT INTO `relation_areas` VALUES ('398', '150622', '准格尔旗', '150600');
INSERT INTO `relation_areas` VALUES ('399', '150623', '鄂托克前旗', '150600');
INSERT INTO `relation_areas` VALUES ('400', '150624', '鄂托克旗', '150600');
INSERT INTO `relation_areas` VALUES ('401', '150625', '杭锦旗', '150600');
INSERT INTO `relation_areas` VALUES ('402', '150626', '乌审旗', '150600');
INSERT INTO `relation_areas` VALUES ('403', '150627', '伊金霍洛旗', '150600');
INSERT INTO `relation_areas` VALUES ('404', '150701', '市辖区', '150700');
INSERT INTO `relation_areas` VALUES ('405', '150702', '海拉尔区', '150700');
INSERT INTO `relation_areas` VALUES ('406', '150721', '阿荣旗', '150700');
INSERT INTO `relation_areas` VALUES ('407', '150722', '莫力达瓦达斡尔族自治旗', '150700');
INSERT INTO `relation_areas` VALUES ('408', '150723', '鄂伦春自治旗', '150700');
INSERT INTO `relation_areas` VALUES ('409', '150724', '鄂温克族自治旗', '150700');
INSERT INTO `relation_areas` VALUES ('410', '150725', '陈巴尔虎旗', '150700');
INSERT INTO `relation_areas` VALUES ('411', '150726', '新巴尔虎左旗', '150700');
INSERT INTO `relation_areas` VALUES ('412', '150727', '新巴尔虎右旗', '150700');
INSERT INTO `relation_areas` VALUES ('413', '150781', '满洲里市', '150700');
INSERT INTO `relation_areas` VALUES ('414', '150782', '牙克石市', '150700');
INSERT INTO `relation_areas` VALUES ('415', '150783', '扎兰屯市', '150700');
INSERT INTO `relation_areas` VALUES ('416', '150784', '额尔古纳市', '150700');
INSERT INTO `relation_areas` VALUES ('417', '150785', '根河市', '150700');
INSERT INTO `relation_areas` VALUES ('418', '150801', '市辖区', '150800');
INSERT INTO `relation_areas` VALUES ('419', '150802', '临河区', '150800');
INSERT INTO `relation_areas` VALUES ('420', '150821', '五原县', '150800');
INSERT INTO `relation_areas` VALUES ('421', '150822', '磴口县', '150800');
INSERT INTO `relation_areas` VALUES ('422', '150823', '乌拉特前旗', '150800');
INSERT INTO `relation_areas` VALUES ('423', '150824', '乌拉特中旗', '150800');
INSERT INTO `relation_areas` VALUES ('424', '150825', '乌拉特后旗', '150800');
INSERT INTO `relation_areas` VALUES ('425', '150826', '杭锦后旗', '150800');
INSERT INTO `relation_areas` VALUES ('426', '150901', '市辖区', '150900');
INSERT INTO `relation_areas` VALUES ('427', '150902', '集宁区', '150900');
INSERT INTO `relation_areas` VALUES ('428', '150921', '卓资县', '150900');
INSERT INTO `relation_areas` VALUES ('429', '150922', '化德县', '150900');
INSERT INTO `relation_areas` VALUES ('430', '150923', '商都县', '150900');
INSERT INTO `relation_areas` VALUES ('431', '150924', '兴和县', '150900');
INSERT INTO `relation_areas` VALUES ('432', '150925', '凉城县', '150900');
INSERT INTO `relation_areas` VALUES ('433', '150926', '察哈尔右翼前旗', '150900');
INSERT INTO `relation_areas` VALUES ('434', '150927', '察哈尔右翼中旗', '150900');
INSERT INTO `relation_areas` VALUES ('435', '150928', '察哈尔右翼后旗', '150900');
INSERT INTO `relation_areas` VALUES ('436', '150929', '四子王旗', '150900');
INSERT INTO `relation_areas` VALUES ('437', '150981', '丰镇市', '150900');
INSERT INTO `relation_areas` VALUES ('438', '152201', '乌兰浩特市', '152200');
INSERT INTO `relation_areas` VALUES ('439', '152202', '阿尔山市', '152200');
INSERT INTO `relation_areas` VALUES ('440', '152221', '科尔沁右翼前旗', '152200');
INSERT INTO `relation_areas` VALUES ('441', '152222', '科尔沁右翼中旗', '152200');
INSERT INTO `relation_areas` VALUES ('442', '152223', '扎赉特旗', '152200');
INSERT INTO `relation_areas` VALUES ('443', '152224', '突泉县', '152200');
INSERT INTO `relation_areas` VALUES ('444', '152501', '二连浩特市', '152500');
INSERT INTO `relation_areas` VALUES ('445', '152502', '锡林浩特市', '152500');
INSERT INTO `relation_areas` VALUES ('446', '152522', '阿巴嘎旗', '152500');
INSERT INTO `relation_areas` VALUES ('447', '152523', '苏尼特左旗', '152500');
INSERT INTO `relation_areas` VALUES ('448', '152524', '苏尼特右旗', '152500');
INSERT INTO `relation_areas` VALUES ('449', '152525', '东乌珠穆沁旗', '152500');
INSERT INTO `relation_areas` VALUES ('450', '152526', '西乌珠穆沁旗', '152500');
INSERT INTO `relation_areas` VALUES ('451', '152527', '太仆寺旗', '152500');
INSERT INTO `relation_areas` VALUES ('452', '152528', '镶黄旗', '152500');
INSERT INTO `relation_areas` VALUES ('453', '152529', '正镶白旗', '152500');
INSERT INTO `relation_areas` VALUES ('454', '152530', '正蓝旗', '152500');
INSERT INTO `relation_areas` VALUES ('455', '152531', '多伦县', '152500');
INSERT INTO `relation_areas` VALUES ('456', '152921', '阿拉善左旗', '152900');
INSERT INTO `relation_areas` VALUES ('457', '152922', '阿拉善右旗', '152900');
INSERT INTO `relation_areas` VALUES ('458', '152923', '额济纳旗', '152900');
INSERT INTO `relation_areas` VALUES ('459', '210101', '市辖区', '210100');
INSERT INTO `relation_areas` VALUES ('460', '210102', '和平区', '210100');
INSERT INTO `relation_areas` VALUES ('461', '210103', '沈河区', '210100');
INSERT INTO `relation_areas` VALUES ('462', '210104', '大东区', '210100');
INSERT INTO `relation_areas` VALUES ('463', '210105', '皇姑区', '210100');
INSERT INTO `relation_areas` VALUES ('464', '210106', '铁西区', '210100');
INSERT INTO `relation_areas` VALUES ('465', '210111', '苏家屯区', '210100');
INSERT INTO `relation_areas` VALUES ('466', '210112', '东陵区', '210100');
INSERT INTO `relation_areas` VALUES ('467', '210113', '新城子区', '210100');
INSERT INTO `relation_areas` VALUES ('468', '210114', '于洪区', '210100');
INSERT INTO `relation_areas` VALUES ('469', '210122', '辽中县', '210100');
INSERT INTO `relation_areas` VALUES ('470', '210123', '康平县', '210100');
INSERT INTO `relation_areas` VALUES ('471', '210124', '法库县', '210100');
INSERT INTO `relation_areas` VALUES ('472', '210181', '新民市', '210100');
INSERT INTO `relation_areas` VALUES ('473', '210201', '市辖区', '210200');
INSERT INTO `relation_areas` VALUES ('474', '210202', '中山区', '210200');
INSERT INTO `relation_areas` VALUES ('475', '210203', '西岗区', '210200');
INSERT INTO `relation_areas` VALUES ('476', '210204', '沙河口区', '210200');
INSERT INTO `relation_areas` VALUES ('477', '210211', '甘井子区', '210200');
INSERT INTO `relation_areas` VALUES ('478', '210212', '旅顺口区', '210200');
INSERT INTO `relation_areas` VALUES ('479', '210213', '金州区', '210200');
INSERT INTO `relation_areas` VALUES ('480', '210224', '长海县', '210200');
INSERT INTO `relation_areas` VALUES ('481', '210281', '瓦房店市', '210200');
INSERT INTO `relation_areas` VALUES ('482', '210282', '普兰店市', '210200');
INSERT INTO `relation_areas` VALUES ('483', '210283', '庄河市', '210200');
INSERT INTO `relation_areas` VALUES ('484', '210301', '市辖区', '210300');
INSERT INTO `relation_areas` VALUES ('485', '210302', '铁东区', '210300');
INSERT INTO `relation_areas` VALUES ('486', '210303', '铁西区', '210300');
INSERT INTO `relation_areas` VALUES ('487', '210304', '立山区', '210300');
INSERT INTO `relation_areas` VALUES ('488', '210311', '千山区', '210300');
INSERT INTO `relation_areas` VALUES ('489', '210321', '台安县', '210300');
INSERT INTO `relation_areas` VALUES ('490', '210323', '岫岩满族自治县', '210300');
INSERT INTO `relation_areas` VALUES ('491', '210381', '海城市', '210300');
INSERT INTO `relation_areas` VALUES ('492', '210401', '市辖区', '210400');
INSERT INTO `relation_areas` VALUES ('493', '210402', '新抚区', '210400');
INSERT INTO `relation_areas` VALUES ('494', '210403', '东洲区', '210400');
INSERT INTO `relation_areas` VALUES ('495', '210404', '望花区', '210400');
INSERT INTO `relation_areas` VALUES ('496', '210411', '顺城区', '210400');
INSERT INTO `relation_areas` VALUES ('497', '210421', '抚顺县', '210400');
INSERT INTO `relation_areas` VALUES ('498', '210422', '新宾满族自治县', '210400');
INSERT INTO `relation_areas` VALUES ('499', '210423', '清原满族自治县', '210400');
INSERT INTO `relation_areas` VALUES ('500', '210501', '市辖区', '210500');
INSERT INTO `relation_areas` VALUES ('501', '210502', '平山区', '210500');
INSERT INTO `relation_areas` VALUES ('502', '210503', '溪湖区', '210500');
INSERT INTO `relation_areas` VALUES ('503', '210504', '明山区', '210500');
INSERT INTO `relation_areas` VALUES ('504', '210505', '南芬区', '210500');
INSERT INTO `relation_areas` VALUES ('505', '210521', '本溪满族自治县', '210500');
INSERT INTO `relation_areas` VALUES ('506', '210522', '桓仁满族自治县', '210500');
INSERT INTO `relation_areas` VALUES ('507', '210601', '市辖区', '210600');
INSERT INTO `relation_areas` VALUES ('508', '210602', '元宝区', '210600');
INSERT INTO `relation_areas` VALUES ('509', '210603', '振兴区', '210600');
INSERT INTO `relation_areas` VALUES ('510', '210604', '振安区', '210600');
INSERT INTO `relation_areas` VALUES ('511', '210624', '宽甸满族自治县', '210600');
INSERT INTO `relation_areas` VALUES ('512', '210681', '东港市', '210600');
INSERT INTO `relation_areas` VALUES ('513', '210682', '凤城市', '210600');
INSERT INTO `relation_areas` VALUES ('514', '210701', '市辖区', '210700');
INSERT INTO `relation_areas` VALUES ('515', '210702', '古塔区', '210700');
INSERT INTO `relation_areas` VALUES ('516', '210703', '凌河区', '210700');
INSERT INTO `relation_areas` VALUES ('517', '210711', '太和区', '210700');
INSERT INTO `relation_areas` VALUES ('518', '210726', '黑山县', '210700');
INSERT INTO `relation_areas` VALUES ('519', '210727', '义　县', '210700');
INSERT INTO `relation_areas` VALUES ('520', '210781', '凌海市', '210700');
INSERT INTO `relation_areas` VALUES ('521', '210782', '北宁市', '210700');
INSERT INTO `relation_areas` VALUES ('522', '210801', '市辖区', '210800');
INSERT INTO `relation_areas` VALUES ('523', '210802', '站前区', '210800');
INSERT INTO `relation_areas` VALUES ('524', '210803', '西市区', '210800');
INSERT INTO `relation_areas` VALUES ('525', '210804', '鲅鱼圈区', '210800');
INSERT INTO `relation_areas` VALUES ('526', '210811', '老边区', '210800');
INSERT INTO `relation_areas` VALUES ('527', '210881', '盖州市', '210800');
INSERT INTO `relation_areas` VALUES ('528', '210882', '大石桥市', '210800');
INSERT INTO `relation_areas` VALUES ('529', '210901', '市辖区', '210900');
INSERT INTO `relation_areas` VALUES ('530', '210902', '海州区', '210900');
INSERT INTO `relation_areas` VALUES ('531', '210903', '新邱区', '210900');
INSERT INTO `relation_areas` VALUES ('532', '210904', '太平区', '210900');
INSERT INTO `relation_areas` VALUES ('533', '210905', '清河门区', '210900');
INSERT INTO `relation_areas` VALUES ('534', '210911', '细河区', '210900');
INSERT INTO `relation_areas` VALUES ('535', '210921', '阜新蒙古族自治县', '210900');
INSERT INTO `relation_areas` VALUES ('536', '210922', '彰武县', '210900');
INSERT INTO `relation_areas` VALUES ('537', '211001', '市辖区', '211000');
INSERT INTO `relation_areas` VALUES ('538', '211002', '白塔区', '211000');
INSERT INTO `relation_areas` VALUES ('539', '211003', '文圣区', '211000');
INSERT INTO `relation_areas` VALUES ('540', '211004', '宏伟区', '211000');
INSERT INTO `relation_areas` VALUES ('541', '211005', '弓长岭区', '211000');
INSERT INTO `relation_areas` VALUES ('542', '211011', '太子河区', '211000');
INSERT INTO `relation_areas` VALUES ('543', '211021', '辽阳县', '211000');
INSERT INTO `relation_areas` VALUES ('544', '211081', '灯塔市', '211000');
INSERT INTO `relation_areas` VALUES ('545', '211101', '市辖区', '211100');
INSERT INTO `relation_areas` VALUES ('546', '211102', '双台子区', '211100');
INSERT INTO `relation_areas` VALUES ('547', '211103', '兴隆台区', '211100');
INSERT INTO `relation_areas` VALUES ('548', '211121', '大洼县', '211100');
INSERT INTO `relation_areas` VALUES ('549', '211122', '盘山县', '211100');
INSERT INTO `relation_areas` VALUES ('550', '211201', '市辖区', '211200');
INSERT INTO `relation_areas` VALUES ('551', '211202', '银州区', '211200');
INSERT INTO `relation_areas` VALUES ('552', '211204', '清河区', '211200');
INSERT INTO `relation_areas` VALUES ('553', '211221', '铁岭县', '211200');
INSERT INTO `relation_areas` VALUES ('554', '211223', '西丰县', '211200');
INSERT INTO `relation_areas` VALUES ('555', '211224', '昌图县', '211200');
INSERT INTO `relation_areas` VALUES ('556', '211281', '调兵山市', '211200');
INSERT INTO `relation_areas` VALUES ('557', '211282', '开原市', '211200');
INSERT INTO `relation_areas` VALUES ('558', '211301', '市辖区', '211300');
INSERT INTO `relation_areas` VALUES ('559', '211302', '双塔区', '211300');
INSERT INTO `relation_areas` VALUES ('560', '211303', '龙城区', '211300');
INSERT INTO `relation_areas` VALUES ('561', '211321', '朝阳县', '211300');
INSERT INTO `relation_areas` VALUES ('562', '211322', '建平县', '211300');
INSERT INTO `relation_areas` VALUES ('563', '211324', '喀喇沁左翼蒙古族自治县', '211300');
INSERT INTO `relation_areas` VALUES ('564', '211381', '北票市', '211300');
INSERT INTO `relation_areas` VALUES ('565', '211382', '凌源市', '211300');
INSERT INTO `relation_areas` VALUES ('566', '211401', '市辖区', '211400');
INSERT INTO `relation_areas` VALUES ('567', '211402', '连山区', '211400');
INSERT INTO `relation_areas` VALUES ('568', '211403', '龙港区', '211400');
INSERT INTO `relation_areas` VALUES ('569', '211404', '南票区', '211400');
INSERT INTO `relation_areas` VALUES ('570', '211421', '绥中县', '211400');
INSERT INTO `relation_areas` VALUES ('571', '211422', '建昌县', '211400');
INSERT INTO `relation_areas` VALUES ('572', '211481', '兴城市', '211400');
INSERT INTO `relation_areas` VALUES ('573', '220101', '市辖区', '220100');
INSERT INTO `relation_areas` VALUES ('574', '220102', '南关区', '220100');
INSERT INTO `relation_areas` VALUES ('575', '220103', '宽城区', '220100');
INSERT INTO `relation_areas` VALUES ('576', '220104', '朝阳区', '220100');
INSERT INTO `relation_areas` VALUES ('577', '220105', '二道区', '220100');
INSERT INTO `relation_areas` VALUES ('578', '220106', '绿园区', '220100');
INSERT INTO `relation_areas` VALUES ('579', '220112', '双阳区', '220100');
INSERT INTO `relation_areas` VALUES ('580', '220122', '农安县', '220100');
INSERT INTO `relation_areas` VALUES ('581', '220181', '九台市', '220100');
INSERT INTO `relation_areas` VALUES ('582', '220182', '榆树市', '220100');
INSERT INTO `relation_areas` VALUES ('583', '220183', '德惠市', '220100');
INSERT INTO `relation_areas` VALUES ('584', '220201', '市辖区', '220200');
INSERT INTO `relation_areas` VALUES ('585', '220202', '昌邑区', '220200');
INSERT INTO `relation_areas` VALUES ('586', '220203', '龙潭区', '220200');
INSERT INTO `relation_areas` VALUES ('587', '220204', '船营区', '220200');
INSERT INTO `relation_areas` VALUES ('588', '220211', '丰满区', '220200');
INSERT INTO `relation_areas` VALUES ('589', '220221', '永吉县', '220200');
INSERT INTO `relation_areas` VALUES ('590', '220281', '蛟河市', '220200');
INSERT INTO `relation_areas` VALUES ('591', '220282', '桦甸市', '220200');
INSERT INTO `relation_areas` VALUES ('592', '220283', '舒兰市', '220200');
INSERT INTO `relation_areas` VALUES ('593', '220284', '磐石市', '220200');
INSERT INTO `relation_areas` VALUES ('594', '220301', '市辖区', '220300');
INSERT INTO `relation_areas` VALUES ('595', '220302', '铁西区', '220300');
INSERT INTO `relation_areas` VALUES ('596', '220303', '铁东区', '220300');
INSERT INTO `relation_areas` VALUES ('597', '220322', '梨树县', '220300');
INSERT INTO `relation_areas` VALUES ('598', '220323', '伊通满族自治县', '220300');
INSERT INTO `relation_areas` VALUES ('599', '220381', '公主岭市', '220300');
INSERT INTO `relation_areas` VALUES ('600', '220382', '双辽市', '220300');
INSERT INTO `relation_areas` VALUES ('601', '220401', '市辖区', '220400');
INSERT INTO `relation_areas` VALUES ('602', '220402', '龙山区', '220400');
INSERT INTO `relation_areas` VALUES ('603', '220403', '西安区', '220400');
INSERT INTO `relation_areas` VALUES ('604', '220421', '东丰县', '220400');
INSERT INTO `relation_areas` VALUES ('605', '220422', '东辽县', '220400');
INSERT INTO `relation_areas` VALUES ('606', '220501', '市辖区', '220500');
INSERT INTO `relation_areas` VALUES ('607', '220502', '东昌区', '220500');
INSERT INTO `relation_areas` VALUES ('608', '220503', '二道江区', '220500');
INSERT INTO `relation_areas` VALUES ('609', '220521', '通化县', '220500');
INSERT INTO `relation_areas` VALUES ('610', '220523', '辉南县', '220500');
INSERT INTO `relation_areas` VALUES ('611', '220524', '柳河县', '220500');
INSERT INTO `relation_areas` VALUES ('612', '220581', '梅河口市', '220500');
INSERT INTO `relation_areas` VALUES ('613', '220582', '集安市', '220500');
INSERT INTO `relation_areas` VALUES ('614', '220601', '市辖区', '220600');
INSERT INTO `relation_areas` VALUES ('615', '220602', '八道江区', '220600');
INSERT INTO `relation_areas` VALUES ('616', '220621', '抚松县', '220600');
INSERT INTO `relation_areas` VALUES ('617', '220622', '靖宇县', '220600');
INSERT INTO `relation_areas` VALUES ('618', '220623', '长白朝鲜族自治县', '220600');
INSERT INTO `relation_areas` VALUES ('619', '220625', '江源县', '220600');
INSERT INTO `relation_areas` VALUES ('620', '220681', '临江市', '220600');
INSERT INTO `relation_areas` VALUES ('621', '220701', '市辖区', '220700');
INSERT INTO `relation_areas` VALUES ('622', '220702', '宁江区', '220700');
INSERT INTO `relation_areas` VALUES ('623', '220721', '前郭尔罗斯蒙古族自治县', '220700');
INSERT INTO `relation_areas` VALUES ('624', '220722', '长岭县', '220700');
INSERT INTO `relation_areas` VALUES ('625', '220723', '乾安县', '220700');
INSERT INTO `relation_areas` VALUES ('626', '220724', '扶余县', '220700');
INSERT INTO `relation_areas` VALUES ('627', '220801', '市辖区', '220800');
INSERT INTO `relation_areas` VALUES ('628', '220802', '洮北区', '220800');
INSERT INTO `relation_areas` VALUES ('629', '220821', '镇赉县', '220800');
INSERT INTO `relation_areas` VALUES ('630', '220822', '通榆县', '220800');
INSERT INTO `relation_areas` VALUES ('631', '220881', '洮南市', '220800');
INSERT INTO `relation_areas` VALUES ('632', '220882', '大安市', '220800');
INSERT INTO `relation_areas` VALUES ('633', '222401', '延吉市', '222400');
INSERT INTO `relation_areas` VALUES ('634', '222402', '图们市', '222400');
INSERT INTO `relation_areas` VALUES ('635', '222403', '敦化市', '222400');
INSERT INTO `relation_areas` VALUES ('636', '222404', '珲春市', '222400');
INSERT INTO `relation_areas` VALUES ('637', '222405', '龙井市', '222400');
INSERT INTO `relation_areas` VALUES ('638', '222406', '和龙市', '222400');
INSERT INTO `relation_areas` VALUES ('639', '222424', '汪清县', '222400');
INSERT INTO `relation_areas` VALUES ('640', '222426', '安图县', '222400');
INSERT INTO `relation_areas` VALUES ('641', '230101', '市辖区', '230100');
INSERT INTO `relation_areas` VALUES ('642', '230102', '道里区', '230100');
INSERT INTO `relation_areas` VALUES ('643', '230103', '南岗区', '230100');
INSERT INTO `relation_areas` VALUES ('644', '230104', '道外区', '230100');
INSERT INTO `relation_areas` VALUES ('645', '230106', '香坊区', '230100');
INSERT INTO `relation_areas` VALUES ('646', '230107', '动力区', '230100');
INSERT INTO `relation_areas` VALUES ('647', '230108', '平房区', '230100');
INSERT INTO `relation_areas` VALUES ('648', '230109', '松北区', '230100');
INSERT INTO `relation_areas` VALUES ('649', '230111', '呼兰区', '230100');
INSERT INTO `relation_areas` VALUES ('650', '230123', '依兰县', '230100');
INSERT INTO `relation_areas` VALUES ('651', '230124', '方正县', '230100');
INSERT INTO `relation_areas` VALUES ('652', '230125', '宾　县', '230100');
INSERT INTO `relation_areas` VALUES ('653', '230126', '巴彦县', '230100');
INSERT INTO `relation_areas` VALUES ('654', '230127', '木兰县', '230100');
INSERT INTO `relation_areas` VALUES ('655', '230128', '通河县', '230100');
INSERT INTO `relation_areas` VALUES ('656', '230129', '延寿县', '230100');
INSERT INTO `relation_areas` VALUES ('657', '230181', '阿城市', '230100');
INSERT INTO `relation_areas` VALUES ('658', '230182', '双城市', '230100');
INSERT INTO `relation_areas` VALUES ('659', '230183', '尚志市', '230100');
INSERT INTO `relation_areas` VALUES ('660', '230184', '五常市', '230100');
INSERT INTO `relation_areas` VALUES ('661', '230201', '市辖区', '230200');
INSERT INTO `relation_areas` VALUES ('662', '230202', '龙沙区', '230200');
INSERT INTO `relation_areas` VALUES ('663', '230203', '建华区', '230200');
INSERT INTO `relation_areas` VALUES ('664', '230204', '铁锋区', '230200');
INSERT INTO `relation_areas` VALUES ('665', '230205', '昂昂溪区', '230200');
INSERT INTO `relation_areas` VALUES ('666', '230206', '富拉尔基区', '230200');
INSERT INTO `relation_areas` VALUES ('667', '230207', '碾子山区', '230200');
INSERT INTO `relation_areas` VALUES ('668', '230208', '梅里斯达斡尔族区', '230200');
INSERT INTO `relation_areas` VALUES ('669', '230221', '龙江县', '230200');
INSERT INTO `relation_areas` VALUES ('670', '230223', '依安县', '230200');
INSERT INTO `relation_areas` VALUES ('671', '230224', '泰来县', '230200');
INSERT INTO `relation_areas` VALUES ('672', '230225', '甘南县', '230200');
INSERT INTO `relation_areas` VALUES ('673', '230227', '富裕县', '230200');
INSERT INTO `relation_areas` VALUES ('674', '230229', '克山县', '230200');
INSERT INTO `relation_areas` VALUES ('675', '230230', '克东县', '230200');
INSERT INTO `relation_areas` VALUES ('676', '230231', '拜泉县', '230200');
INSERT INTO `relation_areas` VALUES ('677', '230281', '讷河市', '230200');
INSERT INTO `relation_areas` VALUES ('678', '230301', '市辖区', '230300');
INSERT INTO `relation_areas` VALUES ('679', '230302', '鸡冠区', '230300');
INSERT INTO `relation_areas` VALUES ('680', '230303', '恒山区', '230300');
INSERT INTO `relation_areas` VALUES ('681', '230304', '滴道区', '230300');
INSERT INTO `relation_areas` VALUES ('682', '230305', '梨树区', '230300');
INSERT INTO `relation_areas` VALUES ('683', '230306', '城子河区', '230300');
INSERT INTO `relation_areas` VALUES ('684', '230307', '麻山区', '230300');
INSERT INTO `relation_areas` VALUES ('685', '230321', '鸡东县', '230300');
INSERT INTO `relation_areas` VALUES ('686', '230381', '虎林市', '230300');
INSERT INTO `relation_areas` VALUES ('687', '230382', '密山市', '230300');
INSERT INTO `relation_areas` VALUES ('688', '230401', '市辖区', '230400');
INSERT INTO `relation_areas` VALUES ('689', '230402', '向阳区', '230400');
INSERT INTO `relation_areas` VALUES ('690', '230403', '工农区', '230400');
INSERT INTO `relation_areas` VALUES ('691', '230404', '南山区', '230400');
INSERT INTO `relation_areas` VALUES ('692', '230405', '兴安区', '230400');
INSERT INTO `relation_areas` VALUES ('693', '230406', '东山区', '230400');
INSERT INTO `relation_areas` VALUES ('694', '230407', '兴山区', '230400');
INSERT INTO `relation_areas` VALUES ('695', '230421', '萝北县', '230400');
INSERT INTO `relation_areas` VALUES ('696', '230422', '绥滨县', '230400');
INSERT INTO `relation_areas` VALUES ('697', '230501', '市辖区', '230500');
INSERT INTO `relation_areas` VALUES ('698', '230502', '尖山区', '230500');
INSERT INTO `relation_areas` VALUES ('699', '230503', '岭东区', '230500');
INSERT INTO `relation_areas` VALUES ('700', '230505', '四方台区', '230500');
INSERT INTO `relation_areas` VALUES ('701', '230506', '宝山区', '230500');
INSERT INTO `relation_areas` VALUES ('702', '230521', '集贤县', '230500');
INSERT INTO `relation_areas` VALUES ('703', '230522', '友谊县', '230500');
INSERT INTO `relation_areas` VALUES ('704', '230523', '宝清县', '230500');
INSERT INTO `relation_areas` VALUES ('705', '230524', '饶河县', '230500');
INSERT INTO `relation_areas` VALUES ('706', '230601', '市辖区', '230600');
INSERT INTO `relation_areas` VALUES ('707', '230602', '萨尔图区', '230600');
INSERT INTO `relation_areas` VALUES ('708', '230603', '龙凤区', '230600');
INSERT INTO `relation_areas` VALUES ('709', '230604', '让胡路区', '230600');
INSERT INTO `relation_areas` VALUES ('710', '230605', '红岗区', '230600');
INSERT INTO `relation_areas` VALUES ('711', '230606', '大同区', '230600');
INSERT INTO `relation_areas` VALUES ('712', '230621', '肇州县', '230600');
INSERT INTO `relation_areas` VALUES ('713', '230622', '肇源县', '230600');
INSERT INTO `relation_areas` VALUES ('714', '230623', '林甸县', '230600');
INSERT INTO `relation_areas` VALUES ('715', '230624', '杜尔伯特蒙古族自治县', '230600');
INSERT INTO `relation_areas` VALUES ('716', '230701', '市辖区', '230700');
INSERT INTO `relation_areas` VALUES ('717', '230702', '伊春区', '230700');
INSERT INTO `relation_areas` VALUES ('718', '230703', '南岔区', '230700');
INSERT INTO `relation_areas` VALUES ('719', '230704', '友好区', '230700');
INSERT INTO `relation_areas` VALUES ('720', '230705', '西林区', '230700');
INSERT INTO `relation_areas` VALUES ('721', '230706', '翠峦区', '230700');
INSERT INTO `relation_areas` VALUES ('722', '230707', '新青区', '230700');
INSERT INTO `relation_areas` VALUES ('723', '230708', '美溪区', '230700');
INSERT INTO `relation_areas` VALUES ('724', '230709', '金山屯区', '230700');
INSERT INTO `relation_areas` VALUES ('725', '230710', '五营区', '230700');
INSERT INTO `relation_areas` VALUES ('726', '230711', '乌马河区', '230700');
INSERT INTO `relation_areas` VALUES ('727', '230712', '汤旺河区', '230700');
INSERT INTO `relation_areas` VALUES ('728', '230713', '带岭区', '230700');
INSERT INTO `relation_areas` VALUES ('729', '230714', '乌伊岭区', '230700');
INSERT INTO `relation_areas` VALUES ('730', '230715', '红星区', '230700');
INSERT INTO `relation_areas` VALUES ('731', '230716', '上甘岭区', '230700');
INSERT INTO `relation_areas` VALUES ('732', '230722', '嘉荫县', '230700');
INSERT INTO `relation_areas` VALUES ('733', '230781', '铁力市', '230700');
INSERT INTO `relation_areas` VALUES ('734', '230801', '市辖区', '230800');
INSERT INTO `relation_areas` VALUES ('735', '230802', '永红区', '230800');
INSERT INTO `relation_areas` VALUES ('736', '230803', '向阳区', '230800');
INSERT INTO `relation_areas` VALUES ('737', '230804', '前进区', '230800');
INSERT INTO `relation_areas` VALUES ('738', '230805', '东风区', '230800');
INSERT INTO `relation_areas` VALUES ('739', '230811', '郊　区', '230800');
INSERT INTO `relation_areas` VALUES ('740', '230822', '桦南县', '230800');
INSERT INTO `relation_areas` VALUES ('741', '230826', '桦川县', '230800');
INSERT INTO `relation_areas` VALUES ('742', '230828', '汤原县', '230800');
INSERT INTO `relation_areas` VALUES ('743', '230833', '抚远县', '230800');
INSERT INTO `relation_areas` VALUES ('744', '230881', '同江市', '230800');
INSERT INTO `relation_areas` VALUES ('745', '230882', '富锦市', '230800');
INSERT INTO `relation_areas` VALUES ('746', '230901', '市辖区', '230900');
INSERT INTO `relation_areas` VALUES ('747', '230902', '新兴区', '230900');
INSERT INTO `relation_areas` VALUES ('748', '230903', '桃山区', '230900');
INSERT INTO `relation_areas` VALUES ('749', '230904', '茄子河区', '230900');
INSERT INTO `relation_areas` VALUES ('750', '230921', '勃利县', '230900');
INSERT INTO `relation_areas` VALUES ('751', '231001', '市辖区', '231000');
INSERT INTO `relation_areas` VALUES ('752', '231002', '东安区', '231000');
INSERT INTO `relation_areas` VALUES ('753', '231003', '阳明区', '231000');
INSERT INTO `relation_areas` VALUES ('754', '231004', '爱民区', '231000');
INSERT INTO `relation_areas` VALUES ('755', '231005', '西安区', '231000');
INSERT INTO `relation_areas` VALUES ('756', '231024', '东宁县', '231000');
INSERT INTO `relation_areas` VALUES ('757', '231025', '林口县', '231000');
INSERT INTO `relation_areas` VALUES ('758', '231081', '绥芬河市', '231000');
INSERT INTO `relation_areas` VALUES ('759', '231083', '海林市', '231000');
INSERT INTO `relation_areas` VALUES ('760', '231084', '宁安市', '231000');
INSERT INTO `relation_areas` VALUES ('761', '231085', '穆棱市', '231000');
INSERT INTO `relation_areas` VALUES ('762', '231101', '市辖区', '231100');
INSERT INTO `relation_areas` VALUES ('763', '231102', '爱辉区', '231100');
INSERT INTO `relation_areas` VALUES ('764', '231121', '嫩江县', '231100');
INSERT INTO `relation_areas` VALUES ('765', '231123', '逊克县', '231100');
INSERT INTO `relation_areas` VALUES ('766', '231124', '孙吴县', '231100');
INSERT INTO `relation_areas` VALUES ('767', '231181', '北安市', '231100');
INSERT INTO `relation_areas` VALUES ('768', '231182', '五大连池市', '231100');
INSERT INTO `relation_areas` VALUES ('769', '231201', '市辖区', '231200');
INSERT INTO `relation_areas` VALUES ('770', '231202', '北林区', '231200');
INSERT INTO `relation_areas` VALUES ('771', '231221', '望奎县', '231200');
INSERT INTO `relation_areas` VALUES ('772', '231222', '兰西县', '231200');
INSERT INTO `relation_areas` VALUES ('773', '231223', '青冈县', '231200');
INSERT INTO `relation_areas` VALUES ('774', '231224', '庆安县', '231200');
INSERT INTO `relation_areas` VALUES ('775', '231225', '明水县', '231200');
INSERT INTO `relation_areas` VALUES ('776', '231226', '绥棱县', '231200');
INSERT INTO `relation_areas` VALUES ('777', '231281', '安达市', '231200');
INSERT INTO `relation_areas` VALUES ('778', '231282', '肇东市', '231200');
INSERT INTO `relation_areas` VALUES ('779', '231283', '海伦市', '231200');
INSERT INTO `relation_areas` VALUES ('780', '232721', '呼玛县', '232700');
INSERT INTO `relation_areas` VALUES ('781', '232722', '塔河县', '232700');
INSERT INTO `relation_areas` VALUES ('782', '232723', '漠河县', '232700');
INSERT INTO `relation_areas` VALUES ('783', '310101', '黄浦区', '310100');
INSERT INTO `relation_areas` VALUES ('784', '310103', '卢湾区', '310100');
INSERT INTO `relation_areas` VALUES ('785', '310104', '徐汇区', '310100');
INSERT INTO `relation_areas` VALUES ('786', '310105', '长宁区', '310100');
INSERT INTO `relation_areas` VALUES ('787', '310106', '静安区', '310100');
INSERT INTO `relation_areas` VALUES ('788', '310107', '普陀区', '310100');
INSERT INTO `relation_areas` VALUES ('789', '310108', '闸北区', '310100');
INSERT INTO `relation_areas` VALUES ('790', '310109', '虹口区', '310100');
INSERT INTO `relation_areas` VALUES ('791', '310110', '杨浦区', '310100');
INSERT INTO `relation_areas` VALUES ('792', '310112', '闵行区', '310100');
INSERT INTO `relation_areas` VALUES ('793', '310113', '宝山区', '310100');
INSERT INTO `relation_areas` VALUES ('794', '310114', '嘉定区', '310100');
INSERT INTO `relation_areas` VALUES ('795', '310115', '浦东新区', '310100');
INSERT INTO `relation_areas` VALUES ('796', '310116', '金山区', '310100');
INSERT INTO `relation_areas` VALUES ('797', '310117', '松江区', '310100');
INSERT INTO `relation_areas` VALUES ('798', '310118', '青浦区', '310100');
INSERT INTO `relation_areas` VALUES ('799', '310119', '南汇区', '310100');
INSERT INTO `relation_areas` VALUES ('800', '310120', '奉贤区', '310100');
INSERT INTO `relation_areas` VALUES ('801', '310230', '崇明县', '310200');
INSERT INTO `relation_areas` VALUES ('802', '320101', '市辖区', '320100');
INSERT INTO `relation_areas` VALUES ('803', '320102', '玄武区', '320100');
INSERT INTO `relation_areas` VALUES ('804', '320103', '白下区', '320100');
INSERT INTO `relation_areas` VALUES ('805', '320104', '秦淮区', '320100');
INSERT INTO `relation_areas` VALUES ('806', '320105', '建邺区', '320100');
INSERT INTO `relation_areas` VALUES ('807', '320106', '鼓楼区', '320100');
INSERT INTO `relation_areas` VALUES ('808', '320107', '下关区', '320100');
INSERT INTO `relation_areas` VALUES ('809', '320111', '浦口区', '320100');
INSERT INTO `relation_areas` VALUES ('810', '320113', '栖霞区', '320100');
INSERT INTO `relation_areas` VALUES ('811', '320114', '雨花台区', '320100');
INSERT INTO `relation_areas` VALUES ('812', '320115', '江宁区', '320100');
INSERT INTO `relation_areas` VALUES ('813', '320116', '六合区', '320100');
INSERT INTO `relation_areas` VALUES ('814', '320124', '溧水县', '320100');
INSERT INTO `relation_areas` VALUES ('815', '320125', '高淳县', '320100');
INSERT INTO `relation_areas` VALUES ('816', '320201', '市辖区', '320200');
INSERT INTO `relation_areas` VALUES ('817', '320202', '崇安区', '320200');
INSERT INTO `relation_areas` VALUES ('818', '320203', '南长区', '320200');
INSERT INTO `relation_areas` VALUES ('819', '320204', '北塘区', '320200');
INSERT INTO `relation_areas` VALUES ('820', '320205', '锡山区', '320200');
INSERT INTO `relation_areas` VALUES ('821', '320206', '惠山区', '320200');
INSERT INTO `relation_areas` VALUES ('822', '320211', '滨湖区', '320200');
INSERT INTO `relation_areas` VALUES ('823', '320281', '江阴市', '320200');
INSERT INTO `relation_areas` VALUES ('824', '320282', '宜兴市', '320200');
INSERT INTO `relation_areas` VALUES ('825', '320301', '市辖区', '320300');
INSERT INTO `relation_areas` VALUES ('826', '320302', '鼓楼区', '320300');
INSERT INTO `relation_areas` VALUES ('827', '320303', '云龙区', '320300');
INSERT INTO `relation_areas` VALUES ('828', '320304', '九里区', '320300');
INSERT INTO `relation_areas` VALUES ('829', '320305', '贾汪区', '320300');
INSERT INTO `relation_areas` VALUES ('830', '320311', '泉山区', '320300');
INSERT INTO `relation_areas` VALUES ('831', '320321', '丰　县', '320300');
INSERT INTO `relation_areas` VALUES ('832', '320322', '沛　县', '320300');
INSERT INTO `relation_areas` VALUES ('833', '320323', '铜山县', '320300');
INSERT INTO `relation_areas` VALUES ('834', '320324', '睢宁县', '320300');
INSERT INTO `relation_areas` VALUES ('835', '320381', '新沂市', '320300');
INSERT INTO `relation_areas` VALUES ('836', '320382', '邳州市', '320300');
INSERT INTO `relation_areas` VALUES ('837', '320401', '市辖区', '320400');
INSERT INTO `relation_areas` VALUES ('838', '320402', '天宁区', '320400');
INSERT INTO `relation_areas` VALUES ('839', '320404', '钟楼区', '320400');
INSERT INTO `relation_areas` VALUES ('840', '320405', '戚墅堰区', '320400');
INSERT INTO `relation_areas` VALUES ('841', '320411', '新北区', '320400');
INSERT INTO `relation_areas` VALUES ('842', '320412', '武进区', '320400');
INSERT INTO `relation_areas` VALUES ('843', '320481', '溧阳市', '320400');
INSERT INTO `relation_areas` VALUES ('844', '320482', '金坛市', '320400');
INSERT INTO `relation_areas` VALUES ('845', '320501', '市辖区', '320500');
INSERT INTO `relation_areas` VALUES ('846', '320502', '沧浪区', '320500');
INSERT INTO `relation_areas` VALUES ('847', '320503', '平江区', '320500');
INSERT INTO `relation_areas` VALUES ('848', '320504', '金阊区', '320500');
INSERT INTO `relation_areas` VALUES ('849', '320505', '虎丘区', '320500');
INSERT INTO `relation_areas` VALUES ('850', '320506', '吴中区', '320500');
INSERT INTO `relation_areas` VALUES ('851', '320507', '相城区', '320500');
INSERT INTO `relation_areas` VALUES ('852', '320581', '常熟市', '320500');
INSERT INTO `relation_areas` VALUES ('853', '320582', '张家港市', '320500');
INSERT INTO `relation_areas` VALUES ('854', '320583', '昆山市', '320500');
INSERT INTO `relation_areas` VALUES ('855', '320584', '吴江市', '320500');
INSERT INTO `relation_areas` VALUES ('856', '320585', '太仓市', '320500');
INSERT INTO `relation_areas` VALUES ('857', '320601', '市辖区', '320600');
INSERT INTO `relation_areas` VALUES ('858', '320602', '崇川区', '320600');
INSERT INTO `relation_areas` VALUES ('859', '320611', '港闸区', '320600');
INSERT INTO `relation_areas` VALUES ('860', '320621', '海安县', '320600');
INSERT INTO `relation_areas` VALUES ('861', '320623', '如东县', '320600');
INSERT INTO `relation_areas` VALUES ('862', '320681', '启东市', '320600');
INSERT INTO `relation_areas` VALUES ('863', '320682', '如皋市', '320600');
INSERT INTO `relation_areas` VALUES ('864', '320683', '通州市', '320600');
INSERT INTO `relation_areas` VALUES ('865', '320684', '海门市', '320600');
INSERT INTO `relation_areas` VALUES ('866', '320701', '市辖区', '320700');
INSERT INTO `relation_areas` VALUES ('867', '320703', '连云区', '320700');
INSERT INTO `relation_areas` VALUES ('868', '320705', '新浦区', '320700');
INSERT INTO `relation_areas` VALUES ('869', '320706', '海州区', '320700');
INSERT INTO `relation_areas` VALUES ('870', '320721', '赣榆县', '320700');
INSERT INTO `relation_areas` VALUES ('871', '320722', '东海县', '320700');
INSERT INTO `relation_areas` VALUES ('872', '320723', '灌云县', '320700');
INSERT INTO `relation_areas` VALUES ('873', '320724', '灌南县', '320700');
INSERT INTO `relation_areas` VALUES ('874', '320801', '市辖区', '320800');
INSERT INTO `relation_areas` VALUES ('875', '320802', '清河区', '320800');
INSERT INTO `relation_areas` VALUES ('876', '320803', '楚州区', '320800');
INSERT INTO `relation_areas` VALUES ('877', '320804', '淮阴区', '320800');
INSERT INTO `relation_areas` VALUES ('878', '320811', '清浦区', '320800');
INSERT INTO `relation_areas` VALUES ('879', '320826', '涟水县', '320800');
INSERT INTO `relation_areas` VALUES ('880', '320829', '洪泽县', '320800');
INSERT INTO `relation_areas` VALUES ('881', '320830', '盱眙县', '320800');
INSERT INTO `relation_areas` VALUES ('882', '320831', '金湖县', '320800');
INSERT INTO `relation_areas` VALUES ('883', '320901', '市辖区', '320900');
INSERT INTO `relation_areas` VALUES ('884', '320902', '亭湖区', '320900');
INSERT INTO `relation_areas` VALUES ('885', '320903', '盐都区', '320900');
INSERT INTO `relation_areas` VALUES ('886', '320921', '响水县', '320900');
INSERT INTO `relation_areas` VALUES ('887', '320922', '滨海县', '320900');
INSERT INTO `relation_areas` VALUES ('888', '320923', '阜宁县', '320900');
INSERT INTO `relation_areas` VALUES ('889', '320924', '射阳县', '320900');
INSERT INTO `relation_areas` VALUES ('890', '320925', '建湖县', '320900');
INSERT INTO `relation_areas` VALUES ('891', '320981', '东台市', '320900');
INSERT INTO `relation_areas` VALUES ('892', '320982', '大丰市', '320900');
INSERT INTO `relation_areas` VALUES ('893', '321001', '市辖区', '321000');
INSERT INTO `relation_areas` VALUES ('894', '321002', '广陵区', '321000');
INSERT INTO `relation_areas` VALUES ('895', '321003', '邗江区', '321000');
INSERT INTO `relation_areas` VALUES ('896', '321011', '郊　区', '321000');
INSERT INTO `relation_areas` VALUES ('897', '321023', '宝应县', '321000');
INSERT INTO `relation_areas` VALUES ('898', '321081', '仪征市', '321000');
INSERT INTO `relation_areas` VALUES ('899', '321084', '高邮市', '321000');
INSERT INTO `relation_areas` VALUES ('900', '321088', '江都市', '321000');
INSERT INTO `relation_areas` VALUES ('901', '321101', '市辖区', '321100');
INSERT INTO `relation_areas` VALUES ('902', '321102', '京口区', '321100');
INSERT INTO `relation_areas` VALUES ('903', '321111', '润州区', '321100');
INSERT INTO `relation_areas` VALUES ('904', '321112', '丹徒区', '321100');
INSERT INTO `relation_areas` VALUES ('905', '321181', '丹阳市', '321100');
INSERT INTO `relation_areas` VALUES ('906', '321182', '扬中市', '321100');
INSERT INTO `relation_areas` VALUES ('907', '321183', '句容市', '321100');
INSERT INTO `relation_areas` VALUES ('908', '321201', '市辖区', '321200');
INSERT INTO `relation_areas` VALUES ('909', '321202', '海陵区', '321200');
INSERT INTO `relation_areas` VALUES ('910', '321203', '高港区', '321200');
INSERT INTO `relation_areas` VALUES ('911', '321281', '兴化市', '321200');
INSERT INTO `relation_areas` VALUES ('912', '321282', '靖江市', '321200');
INSERT INTO `relation_areas` VALUES ('913', '321283', '泰兴市', '321200');
INSERT INTO `relation_areas` VALUES ('914', '321284', '姜堰市', '321200');
INSERT INTO `relation_areas` VALUES ('915', '321301', '市辖区', '321300');
INSERT INTO `relation_areas` VALUES ('916', '321302', '宿城区', '321300');
INSERT INTO `relation_areas` VALUES ('917', '321311', '宿豫区', '321300');
INSERT INTO `relation_areas` VALUES ('918', '321322', '沭阳县', '321300');
INSERT INTO `relation_areas` VALUES ('919', '321323', '泗阳县', '321300');
INSERT INTO `relation_areas` VALUES ('920', '321324', '泗洪县', '321300');
INSERT INTO `relation_areas` VALUES ('921', '330101', '市辖区', '330100');
INSERT INTO `relation_areas` VALUES ('922', '330102', '上城区', '330100');
INSERT INTO `relation_areas` VALUES ('923', '330103', '下城区', '330100');
INSERT INTO `relation_areas` VALUES ('924', '330104', '江干区', '330100');
INSERT INTO `relation_areas` VALUES ('925', '330105', '拱墅区', '330100');
INSERT INTO `relation_areas` VALUES ('926', '330106', '西湖区', '330100');
INSERT INTO `relation_areas` VALUES ('927', '330108', '滨江区', '330100');
INSERT INTO `relation_areas` VALUES ('928', '330109', '萧山区', '330100');
INSERT INTO `relation_areas` VALUES ('929', '330110', '余杭区', '330100');
INSERT INTO `relation_areas` VALUES ('930', '330122', '桐庐县', '330100');
INSERT INTO `relation_areas` VALUES ('931', '330127', '淳安县', '330100');
INSERT INTO `relation_areas` VALUES ('932', '330182', '建德市', '330100');
INSERT INTO `relation_areas` VALUES ('933', '330183', '富阳市', '330100');
INSERT INTO `relation_areas` VALUES ('934', '330185', '临安市', '330100');
INSERT INTO `relation_areas` VALUES ('935', '330201', '市辖区', '330200');
INSERT INTO `relation_areas` VALUES ('936', '330203', '海曙区', '330200');
INSERT INTO `relation_areas` VALUES ('937', '330204', '江东区', '330200');
INSERT INTO `relation_areas` VALUES ('938', '330205', '江北区', '330200');
INSERT INTO `relation_areas` VALUES ('939', '330206', '北仑区', '330200');
INSERT INTO `relation_areas` VALUES ('940', '330211', '镇海区', '330200');
INSERT INTO `relation_areas` VALUES ('941', '330212', '鄞州区', '330200');
INSERT INTO `relation_areas` VALUES ('942', '330225', '象山县', '330200');
INSERT INTO `relation_areas` VALUES ('943', '330226', '宁海县', '330200');
INSERT INTO `relation_areas` VALUES ('944', '330281', '余姚市', '330200');
INSERT INTO `relation_areas` VALUES ('945', '330282', '慈溪市', '330200');
INSERT INTO `relation_areas` VALUES ('946', '330283', '奉化市', '330200');
INSERT INTO `relation_areas` VALUES ('947', '330301', '市辖区', '330300');
INSERT INTO `relation_areas` VALUES ('948', '330302', '鹿城区', '330300');
INSERT INTO `relation_areas` VALUES ('949', '330303', '龙湾区', '330300');
INSERT INTO `relation_areas` VALUES ('950', '330304', '瓯海区', '330300');
INSERT INTO `relation_areas` VALUES ('951', '330322', '洞头县', '330300');
INSERT INTO `relation_areas` VALUES ('952', '330324', '永嘉县', '330300');
INSERT INTO `relation_areas` VALUES ('953', '330326', '平阳县', '330300');
INSERT INTO `relation_areas` VALUES ('954', '330327', '苍南县', '330300');
INSERT INTO `relation_areas` VALUES ('955', '330328', '文成县', '330300');
INSERT INTO `relation_areas` VALUES ('956', '330329', '泰顺县', '330300');
INSERT INTO `relation_areas` VALUES ('957', '330381', '瑞安市', '330300');
INSERT INTO `relation_areas` VALUES ('958', '330382', '乐清市', '330300');
INSERT INTO `relation_areas` VALUES ('959', '330401', '市辖区', '330400');
INSERT INTO `relation_areas` VALUES ('960', '330402', '秀城区', '330400');
INSERT INTO `relation_areas` VALUES ('961', '330411', '秀洲区', '330400');
INSERT INTO `relation_areas` VALUES ('962', '330421', '嘉善县', '330400');
INSERT INTO `relation_areas` VALUES ('963', '330424', '海盐县', '330400');
INSERT INTO `relation_areas` VALUES ('964', '330481', '海宁市', '330400');
INSERT INTO `relation_areas` VALUES ('965', '330482', '平湖市', '330400');
INSERT INTO `relation_areas` VALUES ('966', '330483', '桐乡市', '330400');
INSERT INTO `relation_areas` VALUES ('967', '330501', '市辖区', '330500');
INSERT INTO `relation_areas` VALUES ('968', '330502', '吴兴区', '330500');
INSERT INTO `relation_areas` VALUES ('969', '330503', '南浔区', '330500');
INSERT INTO `relation_areas` VALUES ('970', '330521', '德清县', '330500');
INSERT INTO `relation_areas` VALUES ('971', '330522', '长兴县', '330500');
INSERT INTO `relation_areas` VALUES ('972', '330523', '安吉县', '330500');
INSERT INTO `relation_areas` VALUES ('973', '330601', '市辖区', '330600');
INSERT INTO `relation_areas` VALUES ('974', '330602', '越城区', '330600');
INSERT INTO `relation_areas` VALUES ('975', '330621', '绍兴县', '330600');
INSERT INTO `relation_areas` VALUES ('976', '330624', '新昌县', '330600');
INSERT INTO `relation_areas` VALUES ('977', '330681', '诸暨市', '330600');
INSERT INTO `relation_areas` VALUES ('978', '330682', '上虞市', '330600');
INSERT INTO `relation_areas` VALUES ('979', '330683', '嵊州市', '330600');
INSERT INTO `relation_areas` VALUES ('980', '330701', '市辖区', '330700');
INSERT INTO `relation_areas` VALUES ('981', '330702', '婺城区', '330700');
INSERT INTO `relation_areas` VALUES ('982', '330703', '金东区', '330700');
INSERT INTO `relation_areas` VALUES ('983', '330723', '武义县', '330700');
INSERT INTO `relation_areas` VALUES ('984', '330726', '浦江县', '330700');
INSERT INTO `relation_areas` VALUES ('985', '330727', '磐安县', '330700');
INSERT INTO `relation_areas` VALUES ('986', '330781', '兰溪市', '330700');
INSERT INTO `relation_areas` VALUES ('987', '330782', '义乌市', '330700');
INSERT INTO `relation_areas` VALUES ('988', '330783', '东阳市', '330700');
INSERT INTO `relation_areas` VALUES ('989', '330784', '永康市', '330700');
INSERT INTO `relation_areas` VALUES ('990', '330801', '市辖区', '330800');
INSERT INTO `relation_areas` VALUES ('991', '330802', '柯城区', '330800');
INSERT INTO `relation_areas` VALUES ('992', '330803', '衢江区', '330800');
INSERT INTO `relation_areas` VALUES ('993', '330822', '常山县', '330800');
INSERT INTO `relation_areas` VALUES ('994', '330824', '开化县', '330800');
INSERT INTO `relation_areas` VALUES ('995', '330825', '龙游县', '330800');
INSERT INTO `relation_areas` VALUES ('996', '330881', '江山市', '330800');
INSERT INTO `relation_areas` VALUES ('997', '330901', '市辖区', '330900');
INSERT INTO `relation_areas` VALUES ('998', '330902', '定海区', '330900');
INSERT INTO `relation_areas` VALUES ('999', '330903', '普陀区', '330900');
INSERT INTO `relation_areas` VALUES ('1000', '330921', '岱山县', '330900');
INSERT INTO `relation_areas` VALUES ('1001', '330922', '嵊泗县', '330900');
INSERT INTO `relation_areas` VALUES ('1002', '331001', '市辖区', '331000');
INSERT INTO `relation_areas` VALUES ('1003', '331002', '椒江区', '331000');
INSERT INTO `relation_areas` VALUES ('1004', '331003', '黄岩区', '331000');
INSERT INTO `relation_areas` VALUES ('1005', '331004', '路桥区', '331000');
INSERT INTO `relation_areas` VALUES ('1006', '331021', '玉环县', '331000');
INSERT INTO `relation_areas` VALUES ('1007', '331022', '三门县', '331000');
INSERT INTO `relation_areas` VALUES ('1008', '331023', '天台县', '331000');
INSERT INTO `relation_areas` VALUES ('1009', '331024', '仙居县', '331000');
INSERT INTO `relation_areas` VALUES ('1010', '331081', '温岭市', '331000');
INSERT INTO `relation_areas` VALUES ('1011', '331082', '临海市', '331000');
INSERT INTO `relation_areas` VALUES ('1012', '331101', '市辖区', '331100');
INSERT INTO `relation_areas` VALUES ('1013', '331102', '莲都区', '331100');
INSERT INTO `relation_areas` VALUES ('1014', '331121', '青田县', '331100');
INSERT INTO `relation_areas` VALUES ('1015', '331122', '缙云县', '331100');
INSERT INTO `relation_areas` VALUES ('1016', '331123', '遂昌县', '331100');
INSERT INTO `relation_areas` VALUES ('1017', '331124', '松阳县', '331100');
INSERT INTO `relation_areas` VALUES ('1018', '331125', '云和县', '331100');
INSERT INTO `relation_areas` VALUES ('1019', '331126', '庆元县', '331100');
INSERT INTO `relation_areas` VALUES ('1020', '331127', '景宁畲族自治县', '331100');
INSERT INTO `relation_areas` VALUES ('1021', '331181', '龙泉市', '331100');
INSERT INTO `relation_areas` VALUES ('1022', '340101', '市辖区', '340100');
INSERT INTO `relation_areas` VALUES ('1023', '340102', '瑶海区', '340100');
INSERT INTO `relation_areas` VALUES ('1024', '340103', '庐阳区', '340100');
INSERT INTO `relation_areas` VALUES ('1025', '340104', '蜀山区', '340100');
INSERT INTO `relation_areas` VALUES ('1026', '340111', '包河区', '340100');
INSERT INTO `relation_areas` VALUES ('1027', '340121', '长丰县', '340100');
INSERT INTO `relation_areas` VALUES ('1028', '340122', '肥东县', '340100');
INSERT INTO `relation_areas` VALUES ('1029', '340123', '肥西县', '340100');
INSERT INTO `relation_areas` VALUES ('1030', '340201', '市辖区', '340200');
INSERT INTO `relation_areas` VALUES ('1031', '340202', '镜湖区', '340200');
INSERT INTO `relation_areas` VALUES ('1032', '340203', '马塘区', '340200');
INSERT INTO `relation_areas` VALUES ('1033', '340204', '新芜区', '340200');
INSERT INTO `relation_areas` VALUES ('1034', '340207', '鸠江区', '340200');
INSERT INTO `relation_areas` VALUES ('1035', '340221', '芜湖县', '340200');
INSERT INTO `relation_areas` VALUES ('1036', '340222', '繁昌县', '340200');
INSERT INTO `relation_areas` VALUES ('1037', '340223', '南陵县', '340200');
INSERT INTO `relation_areas` VALUES ('1038', '340301', '市辖区', '340300');
INSERT INTO `relation_areas` VALUES ('1039', '340302', '龙子湖区', '340300');
INSERT INTO `relation_areas` VALUES ('1040', '340303', '蚌山区', '340300');
INSERT INTO `relation_areas` VALUES ('1041', '340304', '禹会区', '340300');
INSERT INTO `relation_areas` VALUES ('1042', '340311', '淮上区', '340300');
INSERT INTO `relation_areas` VALUES ('1043', '340321', '怀远县', '340300');
INSERT INTO `relation_areas` VALUES ('1044', '340322', '五河县', '340300');
INSERT INTO `relation_areas` VALUES ('1045', '340323', '固镇县', '340300');
INSERT INTO `relation_areas` VALUES ('1046', '340401', '市辖区', '340400');
INSERT INTO `relation_areas` VALUES ('1047', '340402', '大通区', '340400');
INSERT INTO `relation_areas` VALUES ('1048', '340403', '田家庵区', '340400');
INSERT INTO `relation_areas` VALUES ('1049', '340404', '谢家集区', '340400');
INSERT INTO `relation_areas` VALUES ('1050', '340405', '八公山区', '340400');
INSERT INTO `relation_areas` VALUES ('1051', '340406', '潘集区', '340400');
INSERT INTO `relation_areas` VALUES ('1052', '340421', '凤台县', '340400');
INSERT INTO `relation_areas` VALUES ('1053', '340501', '市辖区', '340500');
INSERT INTO `relation_areas` VALUES ('1054', '340502', '金家庄区', '340500');
INSERT INTO `relation_areas` VALUES ('1055', '340503', '花山区', '340500');
INSERT INTO `relation_areas` VALUES ('1056', '340504', '雨山区', '340500');
INSERT INTO `relation_areas` VALUES ('1057', '340521', '当涂县', '340500');
INSERT INTO `relation_areas` VALUES ('1058', '340601', '市辖区', '340600');
INSERT INTO `relation_areas` VALUES ('1059', '340602', '杜集区', '340600');
INSERT INTO `relation_areas` VALUES ('1060', '340603', '相山区', '340600');
INSERT INTO `relation_areas` VALUES ('1061', '340604', '烈山区', '340600');
INSERT INTO `relation_areas` VALUES ('1062', '340621', '濉溪县', '340600');
INSERT INTO `relation_areas` VALUES ('1063', '340701', '市辖区', '340700');
INSERT INTO `relation_areas` VALUES ('1064', '340702', '铜官山区', '340700');
INSERT INTO `relation_areas` VALUES ('1065', '340703', '狮子山区', '340700');
INSERT INTO `relation_areas` VALUES ('1066', '340711', '郊　区', '340700');
INSERT INTO `relation_areas` VALUES ('1067', '340721', '铜陵县', '340700');
INSERT INTO `relation_areas` VALUES ('1068', '340801', '市辖区', '340800');
INSERT INTO `relation_areas` VALUES ('1069', '340802', '迎江区', '340800');
INSERT INTO `relation_areas` VALUES ('1070', '340803', '大观区', '340800');
INSERT INTO `relation_areas` VALUES ('1071', '340811', '郊　区', '340800');
INSERT INTO `relation_areas` VALUES ('1072', '340822', '怀宁县', '340800');
INSERT INTO `relation_areas` VALUES ('1073', '340823', '枞阳县', '340800');
INSERT INTO `relation_areas` VALUES ('1074', '340824', '潜山县', '340800');
INSERT INTO `relation_areas` VALUES ('1075', '340825', '太湖县', '340800');
INSERT INTO `relation_areas` VALUES ('1076', '340826', '宿松县', '340800');
INSERT INTO `relation_areas` VALUES ('1077', '340827', '望江县', '340800');
INSERT INTO `relation_areas` VALUES ('1078', '340828', '岳西县', '340800');
INSERT INTO `relation_areas` VALUES ('1079', '340881', '桐城市', '340800');
INSERT INTO `relation_areas` VALUES ('1080', '341001', '市辖区', '341000');
INSERT INTO `relation_areas` VALUES ('1081', '341002', '屯溪区', '341000');
INSERT INTO `relation_areas` VALUES ('1082', '341003', '黄山区', '341000');
INSERT INTO `relation_areas` VALUES ('1083', '341004', '徽州区', '341000');
INSERT INTO `relation_areas` VALUES ('1084', '341021', '歙　县', '341000');
INSERT INTO `relation_areas` VALUES ('1085', '341022', '休宁县', '341000');
INSERT INTO `relation_areas` VALUES ('1086', '341023', '黟　县', '341000');
INSERT INTO `relation_areas` VALUES ('1087', '341024', '祁门县', '341000');
INSERT INTO `relation_areas` VALUES ('1088', '341101', '市辖区', '341100');
INSERT INTO `relation_areas` VALUES ('1089', '341102', '琅琊区', '341100');
INSERT INTO `relation_areas` VALUES ('1090', '341103', '南谯区', '341100');
INSERT INTO `relation_areas` VALUES ('1091', '341122', '来安县', '341100');
INSERT INTO `relation_areas` VALUES ('1092', '341124', '全椒县', '341100');
INSERT INTO `relation_areas` VALUES ('1093', '341125', '定远县', '341100');
INSERT INTO `relation_areas` VALUES ('1094', '341126', '凤阳县', '341100');
INSERT INTO `relation_areas` VALUES ('1095', '341181', '天长市', '341100');
INSERT INTO `relation_areas` VALUES ('1096', '341182', '明光市', '341100');
INSERT INTO `relation_areas` VALUES ('1097', '341201', '市辖区', '341200');
INSERT INTO `relation_areas` VALUES ('1098', '341202', '颍州区', '341200');
INSERT INTO `relation_areas` VALUES ('1099', '341203', '颍东区', '341200');
INSERT INTO `relation_areas` VALUES ('1100', '341204', '颍泉区', '341200');
INSERT INTO `relation_areas` VALUES ('1101', '341221', '临泉县', '341200');
INSERT INTO `relation_areas` VALUES ('1102', '341222', '太和县', '341200');
INSERT INTO `relation_areas` VALUES ('1103', '341225', '阜南县', '341200');
INSERT INTO `relation_areas` VALUES ('1104', '341226', '颍上县', '341200');
INSERT INTO `relation_areas` VALUES ('1105', '341282', '界首市', '341200');
INSERT INTO `relation_areas` VALUES ('1106', '341301', '市辖区', '341300');
INSERT INTO `relation_areas` VALUES ('1107', '341302', '墉桥区', '341300');
INSERT INTO `relation_areas` VALUES ('1108', '341321', '砀山县', '341300');
INSERT INTO `relation_areas` VALUES ('1109', '341322', '萧　县', '341300');
INSERT INTO `relation_areas` VALUES ('1110', '341323', '灵璧县', '341300');
INSERT INTO `relation_areas` VALUES ('1111', '341324', '泗　县', '341300');
INSERT INTO `relation_areas` VALUES ('1112', '341401', '市辖区', '341400');
INSERT INTO `relation_areas` VALUES ('1113', '341402', '居巢区', '341400');
INSERT INTO `relation_areas` VALUES ('1114', '341421', '庐江县', '341400');
INSERT INTO `relation_areas` VALUES ('1115', '341422', '无为县', '341400');
INSERT INTO `relation_areas` VALUES ('1116', '341423', '含山县', '341400');
INSERT INTO `relation_areas` VALUES ('1117', '341424', '和　县', '341400');
INSERT INTO `relation_areas` VALUES ('1118', '341501', '市辖区', '341500');
INSERT INTO `relation_areas` VALUES ('1119', '341502', '金安区', '341500');
INSERT INTO `relation_areas` VALUES ('1120', '341503', '裕安区', '341500');
INSERT INTO `relation_areas` VALUES ('1121', '341521', '寿　县', '341500');
INSERT INTO `relation_areas` VALUES ('1122', '341522', '霍邱县', '341500');
INSERT INTO `relation_areas` VALUES ('1123', '341523', '舒城县', '341500');
INSERT INTO `relation_areas` VALUES ('1124', '341524', '金寨县', '341500');
INSERT INTO `relation_areas` VALUES ('1125', '341525', '霍山县', '341500');
INSERT INTO `relation_areas` VALUES ('1126', '341601', '市辖区', '341600');
INSERT INTO `relation_areas` VALUES ('1127', '341602', '谯城区', '341600');
INSERT INTO `relation_areas` VALUES ('1128', '341621', '涡阳县', '341600');
INSERT INTO `relation_areas` VALUES ('1129', '341622', '蒙城县', '341600');
INSERT INTO `relation_areas` VALUES ('1130', '341623', '利辛县', '341600');
INSERT INTO `relation_areas` VALUES ('1131', '341701', '市辖区', '341700');
INSERT INTO `relation_areas` VALUES ('1132', '341702', '贵池区', '341700');
INSERT INTO `relation_areas` VALUES ('1133', '341721', '东至县', '341700');
INSERT INTO `relation_areas` VALUES ('1134', '341722', '石台县', '341700');
INSERT INTO `relation_areas` VALUES ('1135', '341723', '青阳县', '341700');
INSERT INTO `relation_areas` VALUES ('1136', '341801', '市辖区', '341800');
INSERT INTO `relation_areas` VALUES ('1137', '341802', '宣州区', '341800');
INSERT INTO `relation_areas` VALUES ('1138', '341821', '郎溪县', '341800');
INSERT INTO `relation_areas` VALUES ('1139', '341822', '广德县', '341800');
INSERT INTO `relation_areas` VALUES ('1140', '341823', '泾　县', '341800');
INSERT INTO `relation_areas` VALUES ('1141', '341824', '绩溪县', '341800');
INSERT INTO `relation_areas` VALUES ('1142', '341825', '旌德县', '341800');
INSERT INTO `relation_areas` VALUES ('1143', '341881', '宁国市', '341800');
INSERT INTO `relation_areas` VALUES ('1144', '350101', '市辖区', '350100');
INSERT INTO `relation_areas` VALUES ('1145', '350102', '鼓楼区', '350100');
INSERT INTO `relation_areas` VALUES ('1146', '350103', '台江区', '350100');
INSERT INTO `relation_areas` VALUES ('1147', '350104', '仓山区', '350100');
INSERT INTO `relation_areas` VALUES ('1148', '350105', '马尾区', '350100');
INSERT INTO `relation_areas` VALUES ('1149', '350111', '晋安区', '350100');
INSERT INTO `relation_areas` VALUES ('1150', '350121', '闽侯县', '350100');
INSERT INTO `relation_areas` VALUES ('1151', '350122', '连江县', '350100');
INSERT INTO `relation_areas` VALUES ('1152', '350123', '罗源县', '350100');
INSERT INTO `relation_areas` VALUES ('1153', '350124', '闽清县', '350100');
INSERT INTO `relation_areas` VALUES ('1154', '350125', '永泰县', '350100');
INSERT INTO `relation_areas` VALUES ('1155', '350128', '平潭县', '350100');
INSERT INTO `relation_areas` VALUES ('1156', '350181', '福清市', '350100');
INSERT INTO `relation_areas` VALUES ('1157', '350182', '长乐市', '350100');
INSERT INTO `relation_areas` VALUES ('1158', '350201', '市辖区', '350200');
INSERT INTO `relation_areas` VALUES ('1159', '350203', '思明区', '350200');
INSERT INTO `relation_areas` VALUES ('1160', '350205', '海沧区', '350200');
INSERT INTO `relation_areas` VALUES ('1161', '350206', '湖里区', '350200');
INSERT INTO `relation_areas` VALUES ('1162', '350211', '集美区', '350200');
INSERT INTO `relation_areas` VALUES ('1163', '350212', '同安区', '350200');
INSERT INTO `relation_areas` VALUES ('1164', '350213', '翔安区', '350200');
INSERT INTO `relation_areas` VALUES ('1165', '350301', '市辖区', '350300');
INSERT INTO `relation_areas` VALUES ('1166', '350302', '城厢区', '350300');
INSERT INTO `relation_areas` VALUES ('1167', '350303', '涵江区', '350300');
INSERT INTO `relation_areas` VALUES ('1168', '350304', '荔城区', '350300');
INSERT INTO `relation_areas` VALUES ('1169', '350305', '秀屿区', '350300');
INSERT INTO `relation_areas` VALUES ('1170', '350322', '仙游县', '350300');
INSERT INTO `relation_areas` VALUES ('1171', '350401', '市辖区', '350400');
INSERT INTO `relation_areas` VALUES ('1172', '350402', '梅列区', '350400');
INSERT INTO `relation_areas` VALUES ('1173', '350403', '三元区', '350400');
INSERT INTO `relation_areas` VALUES ('1174', '350421', '明溪县', '350400');
INSERT INTO `relation_areas` VALUES ('1175', '350423', '清流县', '350400');
INSERT INTO `relation_areas` VALUES ('1176', '350424', '宁化县', '350400');
INSERT INTO `relation_areas` VALUES ('1177', '350425', '大田县', '350400');
INSERT INTO `relation_areas` VALUES ('1178', '350426', '尤溪县', '350400');
INSERT INTO `relation_areas` VALUES ('1179', '350427', '沙　县', '350400');
INSERT INTO `relation_areas` VALUES ('1180', '350428', '将乐县', '350400');
INSERT INTO `relation_areas` VALUES ('1181', '350429', '泰宁县', '350400');
INSERT INTO `relation_areas` VALUES ('1182', '350430', '建宁县', '350400');
INSERT INTO `relation_areas` VALUES ('1183', '350481', '永安市', '350400');
INSERT INTO `relation_areas` VALUES ('1184', '350501', '市辖区', '350500');
INSERT INTO `relation_areas` VALUES ('1185', '350502', '鲤城区', '350500');
INSERT INTO `relation_areas` VALUES ('1186', '350503', '丰泽区', '350500');
INSERT INTO `relation_areas` VALUES ('1187', '350504', '洛江区', '350500');
INSERT INTO `relation_areas` VALUES ('1188', '350505', '泉港区', '350500');
INSERT INTO `relation_areas` VALUES ('1189', '350521', '惠安县', '350500');
INSERT INTO `relation_areas` VALUES ('1190', '350524', '安溪县', '350500');
INSERT INTO `relation_areas` VALUES ('1191', '350525', '永春县', '350500');
INSERT INTO `relation_areas` VALUES ('1192', '350526', '德化县', '350500');
INSERT INTO `relation_areas` VALUES ('1193', '350527', '金门县', '350500');
INSERT INTO `relation_areas` VALUES ('1194', '350581', '石狮市', '350500');
INSERT INTO `relation_areas` VALUES ('1195', '350582', '晋江市', '350500');
INSERT INTO `relation_areas` VALUES ('1196', '350583', '南安市', '350500');
INSERT INTO `relation_areas` VALUES ('1197', '350601', '市辖区', '350600');
INSERT INTO `relation_areas` VALUES ('1198', '350602', '芗城区', '350600');
INSERT INTO `relation_areas` VALUES ('1199', '350603', '龙文区', '350600');
INSERT INTO `relation_areas` VALUES ('1200', '350622', '云霄县', '350600');
INSERT INTO `relation_areas` VALUES ('1201', '350623', '漳浦县', '350600');
INSERT INTO `relation_areas` VALUES ('1202', '350624', '诏安县', '350600');
INSERT INTO `relation_areas` VALUES ('1203', '350625', '长泰县', '350600');
INSERT INTO `relation_areas` VALUES ('1204', '350626', '东山县', '350600');
INSERT INTO `relation_areas` VALUES ('1205', '350627', '南靖县', '350600');
INSERT INTO `relation_areas` VALUES ('1206', '350628', '平和县', '350600');
INSERT INTO `relation_areas` VALUES ('1207', '350629', '华安县', '350600');
INSERT INTO `relation_areas` VALUES ('1208', '350681', '龙海市', '350600');
INSERT INTO `relation_areas` VALUES ('1209', '350701', '市辖区', '350700');
INSERT INTO `relation_areas` VALUES ('1210', '350702', '延平区', '350700');
INSERT INTO `relation_areas` VALUES ('1211', '350721', '顺昌县', '350700');
INSERT INTO `relation_areas` VALUES ('1212', '350722', '浦城县', '350700');
INSERT INTO `relation_areas` VALUES ('1213', '350723', '光泽县', '350700');
INSERT INTO `relation_areas` VALUES ('1214', '350724', '松溪县', '350700');
INSERT INTO `relation_areas` VALUES ('1215', '350725', '政和县', '350700');
INSERT INTO `relation_areas` VALUES ('1216', '350781', '邵武市', '350700');
INSERT INTO `relation_areas` VALUES ('1217', '350782', '武夷山市', '350700');
INSERT INTO `relation_areas` VALUES ('1218', '350783', '建瓯市', '350700');
INSERT INTO `relation_areas` VALUES ('1219', '350784', '建阳市', '350700');
INSERT INTO `relation_areas` VALUES ('1220', '350801', '市辖区', '350800');
INSERT INTO `relation_areas` VALUES ('1221', '350802', '新罗区', '350800');
INSERT INTO `relation_areas` VALUES ('1222', '350821', '长汀县', '350800');
INSERT INTO `relation_areas` VALUES ('1223', '350822', '永定县', '350800');
INSERT INTO `relation_areas` VALUES ('1224', '350823', '上杭县', '350800');
INSERT INTO `relation_areas` VALUES ('1225', '350824', '武平县', '350800');
INSERT INTO `relation_areas` VALUES ('1226', '350825', '连城县', '350800');
INSERT INTO `relation_areas` VALUES ('1227', '350881', '漳平市', '350800');
INSERT INTO `relation_areas` VALUES ('1228', '350901', '市辖区', '350900');
INSERT INTO `relation_areas` VALUES ('1229', '350902', '蕉城区', '350900');
INSERT INTO `relation_areas` VALUES ('1230', '350921', '霞浦县', '350900');
INSERT INTO `relation_areas` VALUES ('1231', '350922', '古田县', '350900');
INSERT INTO `relation_areas` VALUES ('1232', '350923', '屏南县', '350900');
INSERT INTO `relation_areas` VALUES ('1233', '350924', '寿宁县', '350900');
INSERT INTO `relation_areas` VALUES ('1234', '350925', '周宁县', '350900');
INSERT INTO `relation_areas` VALUES ('1235', '350926', '柘荣县', '350900');
INSERT INTO `relation_areas` VALUES ('1236', '350981', '福安市', '350900');
INSERT INTO `relation_areas` VALUES ('1237', '350982', '福鼎市', '350900');
INSERT INTO `relation_areas` VALUES ('1238', '360101', '市辖区', '360100');
INSERT INTO `relation_areas` VALUES ('1239', '360102', '东湖区', '360100');
INSERT INTO `relation_areas` VALUES ('1240', '360103', '西湖区', '360100');
INSERT INTO `relation_areas` VALUES ('1241', '360104', '青云谱区', '360100');
INSERT INTO `relation_areas` VALUES ('1242', '360105', '湾里区', '360100');
INSERT INTO `relation_areas` VALUES ('1243', '360111', '青山湖区', '360100');
INSERT INTO `relation_areas` VALUES ('1244', '360121', '南昌县', '360100');
INSERT INTO `relation_areas` VALUES ('1245', '360122', '新建县', '360100');
INSERT INTO `relation_areas` VALUES ('1246', '360123', '安义县', '360100');
INSERT INTO `relation_areas` VALUES ('1247', '360124', '进贤县', '360100');
INSERT INTO `relation_areas` VALUES ('1248', '360201', '市辖区', '360200');
INSERT INTO `relation_areas` VALUES ('1249', '360202', '昌江区', '360200');
INSERT INTO `relation_areas` VALUES ('1250', '360203', '珠山区', '360200');
INSERT INTO `relation_areas` VALUES ('1251', '360222', '浮梁县', '360200');
INSERT INTO `relation_areas` VALUES ('1252', '360281', '乐平市', '360200');
INSERT INTO `relation_areas` VALUES ('1253', '360301', '市辖区', '360300');
INSERT INTO `relation_areas` VALUES ('1254', '360302', '安源区', '360300');
INSERT INTO `relation_areas` VALUES ('1255', '360313', '湘东区', '360300');
INSERT INTO `relation_areas` VALUES ('1256', '360321', '莲花县', '360300');
INSERT INTO `relation_areas` VALUES ('1257', '360322', '上栗县', '360300');
INSERT INTO `relation_areas` VALUES ('1258', '360323', '芦溪县', '360300');
INSERT INTO `relation_areas` VALUES ('1259', '360401', '市辖区', '360400');
INSERT INTO `relation_areas` VALUES ('1260', '360402', '庐山区', '360400');
INSERT INTO `relation_areas` VALUES ('1261', '360403', '浔阳区', '360400');
INSERT INTO `relation_areas` VALUES ('1262', '360421', '九江县', '360400');
INSERT INTO `relation_areas` VALUES ('1263', '360423', '武宁县', '360400');
INSERT INTO `relation_areas` VALUES ('1264', '360424', '修水县', '360400');
INSERT INTO `relation_areas` VALUES ('1265', '360425', '永修县', '360400');
INSERT INTO `relation_areas` VALUES ('1266', '360426', '德安县', '360400');
INSERT INTO `relation_areas` VALUES ('1267', '360427', '星子县', '360400');
INSERT INTO `relation_areas` VALUES ('1268', '360428', '都昌县', '360400');
INSERT INTO `relation_areas` VALUES ('1269', '360429', '湖口县', '360400');
INSERT INTO `relation_areas` VALUES ('1270', '360430', '彭泽县', '360400');
INSERT INTO `relation_areas` VALUES ('1271', '360481', '瑞昌市', '360400');
INSERT INTO `relation_areas` VALUES ('1272', '360501', '市辖区', '360500');
INSERT INTO `relation_areas` VALUES ('1273', '360502', '渝水区', '360500');
INSERT INTO `relation_areas` VALUES ('1274', '360521', '分宜县', '360500');
INSERT INTO `relation_areas` VALUES ('1275', '360601', '市辖区', '360600');
INSERT INTO `relation_areas` VALUES ('1276', '360602', '月湖区', '360600');
INSERT INTO `relation_areas` VALUES ('1277', '360622', '余江县', '360600');
INSERT INTO `relation_areas` VALUES ('1278', '360681', '贵溪市', '360600');
INSERT INTO `relation_areas` VALUES ('1279', '360701', '市辖区', '360700');
INSERT INTO `relation_areas` VALUES ('1280', '360702', '章贡区', '360700');
INSERT INTO `relation_areas` VALUES ('1281', '360721', '赣　县', '360700');
INSERT INTO `relation_areas` VALUES ('1282', '360722', '信丰县', '360700');
INSERT INTO `relation_areas` VALUES ('1283', '360723', '大余县', '360700');
INSERT INTO `relation_areas` VALUES ('1284', '360724', '上犹县', '360700');
INSERT INTO `relation_areas` VALUES ('1285', '360725', '崇义县', '360700');
INSERT INTO `relation_areas` VALUES ('1286', '360726', '安远县', '360700');
INSERT INTO `relation_areas` VALUES ('1287', '360727', '龙南县', '360700');
INSERT INTO `relation_areas` VALUES ('1288', '360728', '定南县', '360700');
INSERT INTO `relation_areas` VALUES ('1289', '360729', '全南县', '360700');
INSERT INTO `relation_areas` VALUES ('1290', '360730', '宁都县', '360700');
INSERT INTO `relation_areas` VALUES ('1291', '360731', '于都县', '360700');
INSERT INTO `relation_areas` VALUES ('1292', '360732', '兴国县', '360700');
INSERT INTO `relation_areas` VALUES ('1293', '360733', '会昌县', '360700');
INSERT INTO `relation_areas` VALUES ('1294', '360734', '寻乌县', '360700');
INSERT INTO `relation_areas` VALUES ('1295', '360735', '石城县', '360700');
INSERT INTO `relation_areas` VALUES ('1296', '360781', '瑞金市', '360700');
INSERT INTO `relation_areas` VALUES ('1297', '360782', '南康市', '360700');
INSERT INTO `relation_areas` VALUES ('1298', '360801', '市辖区', '360800');
INSERT INTO `relation_areas` VALUES ('1299', '360802', '吉州区', '360800');
INSERT INTO `relation_areas` VALUES ('1300', '360803', '青原区', '360800');
INSERT INTO `relation_areas` VALUES ('1301', '360821', '吉安县', '360800');
INSERT INTO `relation_areas` VALUES ('1302', '360822', '吉水县', '360800');
INSERT INTO `relation_areas` VALUES ('1303', '360823', '峡江县', '360800');
INSERT INTO `relation_areas` VALUES ('1304', '360824', '新干县', '360800');
INSERT INTO `relation_areas` VALUES ('1305', '360825', '永丰县', '360800');
INSERT INTO `relation_areas` VALUES ('1306', '360826', '泰和县', '360800');
INSERT INTO `relation_areas` VALUES ('1307', '360827', '遂川县', '360800');
INSERT INTO `relation_areas` VALUES ('1308', '360828', '万安县', '360800');
INSERT INTO `relation_areas` VALUES ('1309', '360829', '安福县', '360800');
INSERT INTO `relation_areas` VALUES ('1310', '360830', '永新县', '360800');
INSERT INTO `relation_areas` VALUES ('1311', '360881', '井冈山市', '360800');
INSERT INTO `relation_areas` VALUES ('1312', '360901', '市辖区', '360900');
INSERT INTO `relation_areas` VALUES ('1313', '360902', '袁州区', '360900');
INSERT INTO `relation_areas` VALUES ('1314', '360921', '奉新县', '360900');
INSERT INTO `relation_areas` VALUES ('1315', '360922', '万载县', '360900');
INSERT INTO `relation_areas` VALUES ('1316', '360923', '上高县', '360900');
INSERT INTO `relation_areas` VALUES ('1317', '360924', '宜丰县', '360900');
INSERT INTO `relation_areas` VALUES ('1318', '360925', '靖安县', '360900');
INSERT INTO `relation_areas` VALUES ('1319', '360926', '铜鼓县', '360900');
INSERT INTO `relation_areas` VALUES ('1320', '360981', '丰城市', '360900');
INSERT INTO `relation_areas` VALUES ('1321', '360982', '樟树市', '360900');
INSERT INTO `relation_areas` VALUES ('1322', '360983', '高安市', '360900');
INSERT INTO `relation_areas` VALUES ('1323', '361001', '市辖区', '361000');
INSERT INTO `relation_areas` VALUES ('1324', '361002', '临川区', '361000');
INSERT INTO `relation_areas` VALUES ('1325', '361021', '南城县', '361000');
INSERT INTO `relation_areas` VALUES ('1326', '361022', '黎川县', '361000');
INSERT INTO `relation_areas` VALUES ('1327', '361023', '南丰县', '361000');
INSERT INTO `relation_areas` VALUES ('1328', '361024', '崇仁县', '361000');
INSERT INTO `relation_areas` VALUES ('1329', '361025', '乐安县', '361000');
INSERT INTO `relation_areas` VALUES ('1330', '361026', '宜黄县', '361000');
INSERT INTO `relation_areas` VALUES ('1331', '361027', '金溪县', '361000');
INSERT INTO `relation_areas` VALUES ('1332', '361028', '资溪县', '361000');
INSERT INTO `relation_areas` VALUES ('1333', '361029', '东乡县', '361000');
INSERT INTO `relation_areas` VALUES ('1334', '361030', '广昌县', '361000');
INSERT INTO `relation_areas` VALUES ('1335', '361101', '市辖区', '361100');
INSERT INTO `relation_areas` VALUES ('1336', '361102', '信州区', '361100');
INSERT INTO `relation_areas` VALUES ('1337', '361121', '上饶县', '361100');
INSERT INTO `relation_areas` VALUES ('1338', '361122', '广丰县', '361100');
INSERT INTO `relation_areas` VALUES ('1339', '361123', '玉山县', '361100');
INSERT INTO `relation_areas` VALUES ('1340', '361124', '铅山县', '361100');
INSERT INTO `relation_areas` VALUES ('1341', '361125', '横峰县', '361100');
INSERT INTO `relation_areas` VALUES ('1342', '361126', '弋阳县', '361100');
INSERT INTO `relation_areas` VALUES ('1343', '361127', '余干县', '361100');
INSERT INTO `relation_areas` VALUES ('1344', '361128', '鄱阳县', '361100');
INSERT INTO `relation_areas` VALUES ('1345', '361129', '万年县', '361100');
INSERT INTO `relation_areas` VALUES ('1346', '361130', '婺源县', '361100');
INSERT INTO `relation_areas` VALUES ('1347', '361181', '德兴市', '361100');
INSERT INTO `relation_areas` VALUES ('1348', '370101', '市辖区', '370100');
INSERT INTO `relation_areas` VALUES ('1349', '370102', '历下区', '370100');
INSERT INTO `relation_areas` VALUES ('1350', '370103', '市中区', '370100');
INSERT INTO `relation_areas` VALUES ('1351', '370104', '槐荫区', '370100');
INSERT INTO `relation_areas` VALUES ('1352', '370105', '天桥区', '370100');
INSERT INTO `relation_areas` VALUES ('1353', '370112', '历城区', '370100');
INSERT INTO `relation_areas` VALUES ('1354', '370113', '长清区', '370100');
INSERT INTO `relation_areas` VALUES ('1355', '370124', '平阴县', '370100');
INSERT INTO `relation_areas` VALUES ('1356', '370125', '济阳县', '370100');
INSERT INTO `relation_areas` VALUES ('1357', '370126', '商河县', '370100');
INSERT INTO `relation_areas` VALUES ('1358', '370181', '章丘市', '370100');
INSERT INTO `relation_areas` VALUES ('1359', '370201', '市辖区', '370200');
INSERT INTO `relation_areas` VALUES ('1360', '370202', '市南区', '370200');
INSERT INTO `relation_areas` VALUES ('1361', '370203', '市北区', '370200');
INSERT INTO `relation_areas` VALUES ('1362', '370205', '四方区', '370200');
INSERT INTO `relation_areas` VALUES ('1363', '370211', '黄岛区', '370200');
INSERT INTO `relation_areas` VALUES ('1364', '370212', '崂山区', '370200');
INSERT INTO `relation_areas` VALUES ('1365', '370213', '李沧区', '370200');
INSERT INTO `relation_areas` VALUES ('1366', '370214', '城阳区', '370200');
INSERT INTO `relation_areas` VALUES ('1367', '370281', '胶州市', '370200');
INSERT INTO `relation_areas` VALUES ('1368', '370282', '即墨市', '370200');
INSERT INTO `relation_areas` VALUES ('1369', '370283', '平度市', '370200');
INSERT INTO `relation_areas` VALUES ('1370', '370284', '胶南市', '370200');
INSERT INTO `relation_areas` VALUES ('1371', '370285', '莱西市', '370200');
INSERT INTO `relation_areas` VALUES ('1372', '370301', '市辖区', '370300');
INSERT INTO `relation_areas` VALUES ('1373', '370302', '淄川区', '370300');
INSERT INTO `relation_areas` VALUES ('1374', '370303', '张店区', '370300');
INSERT INTO `relation_areas` VALUES ('1375', '370304', '博山区', '370300');
INSERT INTO `relation_areas` VALUES ('1376', '370305', '临淄区', '370300');
INSERT INTO `relation_areas` VALUES ('1377', '370306', '周村区', '370300');
INSERT INTO `relation_areas` VALUES ('1378', '370321', '桓台县', '370300');
INSERT INTO `relation_areas` VALUES ('1379', '370322', '高青县', '370300');
INSERT INTO `relation_areas` VALUES ('1380', '370323', '沂源县', '370300');
INSERT INTO `relation_areas` VALUES ('1381', '370401', '市辖区', '370400');
INSERT INTO `relation_areas` VALUES ('1382', '370402', '市中区', '370400');
INSERT INTO `relation_areas` VALUES ('1383', '370403', '薛城区', '370400');
INSERT INTO `relation_areas` VALUES ('1384', '370404', '峄城区', '370400');
INSERT INTO `relation_areas` VALUES ('1385', '370405', '台儿庄区', '370400');
INSERT INTO `relation_areas` VALUES ('1386', '370406', '山亭区', '370400');
INSERT INTO `relation_areas` VALUES ('1387', '370481', '滕州市', '370400');
INSERT INTO `relation_areas` VALUES ('1388', '370501', '市辖区', '370500');
INSERT INTO `relation_areas` VALUES ('1389', '370502', '东营区', '370500');
INSERT INTO `relation_areas` VALUES ('1390', '370503', '河口区', '370500');
INSERT INTO `relation_areas` VALUES ('1391', '370521', '垦利县', '370500');
INSERT INTO `relation_areas` VALUES ('1392', '370522', '利津县', '370500');
INSERT INTO `relation_areas` VALUES ('1393', '370523', '广饶县', '370500');
INSERT INTO `relation_areas` VALUES ('1394', '370601', '市辖区', '370600');
INSERT INTO `relation_areas` VALUES ('1395', '370602', '芝罘区', '370600');
INSERT INTO `relation_areas` VALUES ('1396', '370611', '福山区', '370600');
INSERT INTO `relation_areas` VALUES ('1397', '370612', '牟平区', '370600');
INSERT INTO `relation_areas` VALUES ('1398', '370613', '莱山区', '370600');
INSERT INTO `relation_areas` VALUES ('1399', '370634', '长岛县', '370600');
INSERT INTO `relation_areas` VALUES ('1400', '370681', '龙口市', '370600');
INSERT INTO `relation_areas` VALUES ('1401', '370682', '莱阳市', '370600');
INSERT INTO `relation_areas` VALUES ('1402', '370683', '莱州市', '370600');
INSERT INTO `relation_areas` VALUES ('1403', '370684', '蓬莱市', '370600');
INSERT INTO `relation_areas` VALUES ('1404', '370685', '招远市', '370600');
INSERT INTO `relation_areas` VALUES ('1405', '370686', '栖霞市', '370600');
INSERT INTO `relation_areas` VALUES ('1406', '370687', '海阳市', '370600');
INSERT INTO `relation_areas` VALUES ('1407', '370701', '市辖区', '370700');
INSERT INTO `relation_areas` VALUES ('1408', '370702', '潍城区', '370700');
INSERT INTO `relation_areas` VALUES ('1409', '370703', '寒亭区', '370700');
INSERT INTO `relation_areas` VALUES ('1410', '370704', '坊子区', '370700');
INSERT INTO `relation_areas` VALUES ('1411', '370705', '奎文区', '370700');
INSERT INTO `relation_areas` VALUES ('1412', '370724', '临朐县', '370700');
INSERT INTO `relation_areas` VALUES ('1413', '370725', '昌乐县', '370700');
INSERT INTO `relation_areas` VALUES ('1414', '370781', '青州市', '370700');
INSERT INTO `relation_areas` VALUES ('1415', '370782', '诸城市', '370700');
INSERT INTO `relation_areas` VALUES ('1416', '370783', '寿光市', '370700');
INSERT INTO `relation_areas` VALUES ('1417', '370784', '安丘市', '370700');
INSERT INTO `relation_areas` VALUES ('1418', '370785', '高密市', '370700');
INSERT INTO `relation_areas` VALUES ('1419', '370786', '昌邑市', '370700');
INSERT INTO `relation_areas` VALUES ('1420', '370801', '市辖区', '370800');
INSERT INTO `relation_areas` VALUES ('1421', '370802', '市中区', '370800');
INSERT INTO `relation_areas` VALUES ('1422', '370811', '任城区', '370800');
INSERT INTO `relation_areas` VALUES ('1423', '370826', '微山县', '370800');
INSERT INTO `relation_areas` VALUES ('1424', '370827', '鱼台县', '370800');
INSERT INTO `relation_areas` VALUES ('1425', '370828', '金乡县', '370800');
INSERT INTO `relation_areas` VALUES ('1426', '370829', '嘉祥县', '370800');
INSERT INTO `relation_areas` VALUES ('1427', '370830', '汶上县', '370800');
INSERT INTO `relation_areas` VALUES ('1428', '370831', '泗水县', '370800');
INSERT INTO `relation_areas` VALUES ('1429', '370832', '梁山县', '370800');
INSERT INTO `relation_areas` VALUES ('1430', '370881', '曲阜市', '370800');
INSERT INTO `relation_areas` VALUES ('1431', '370882', '兖州市', '370800');
INSERT INTO `relation_areas` VALUES ('1432', '370883', '邹城市', '370800');
INSERT INTO `relation_areas` VALUES ('1433', '370901', '市辖区', '370900');
INSERT INTO `relation_areas` VALUES ('1434', '370902', '泰山区', '370900');
INSERT INTO `relation_areas` VALUES ('1435', '370903', '岱岳区', '370900');
INSERT INTO `relation_areas` VALUES ('1436', '370921', '宁阳县', '370900');
INSERT INTO `relation_areas` VALUES ('1437', '370923', '东平县', '370900');
INSERT INTO `relation_areas` VALUES ('1438', '370982', '新泰市', '370900');
INSERT INTO `relation_areas` VALUES ('1439', '370983', '肥城市', '370900');
INSERT INTO `relation_areas` VALUES ('1440', '371001', '市辖区', '371000');
INSERT INTO `relation_areas` VALUES ('1441', '371002', '环翠区', '371000');
INSERT INTO `relation_areas` VALUES ('1442', '371081', '文登市', '371000');
INSERT INTO `relation_areas` VALUES ('1443', '371082', '荣成市', '371000');
INSERT INTO `relation_areas` VALUES ('1444', '371083', '乳山市', '371000');
INSERT INTO `relation_areas` VALUES ('1445', '371101', '市辖区', '371100');
INSERT INTO `relation_areas` VALUES ('1446', '371102', '东港区', '371100');
INSERT INTO `relation_areas` VALUES ('1447', '371103', '岚山区', '371100');
INSERT INTO `relation_areas` VALUES ('1448', '371121', '五莲县', '371100');
INSERT INTO `relation_areas` VALUES ('1449', '371122', '莒　县', '371100');
INSERT INTO `relation_areas` VALUES ('1450', '371201', '市辖区', '371200');
INSERT INTO `relation_areas` VALUES ('1451', '371202', '莱城区', '371200');
INSERT INTO `relation_areas` VALUES ('1452', '371203', '钢城区', '371200');
INSERT INTO `relation_areas` VALUES ('1453', '371301', '市辖区', '371300');
INSERT INTO `relation_areas` VALUES ('1454', '371302', '兰山区', '371300');
INSERT INTO `relation_areas` VALUES ('1455', '371311', '罗庄区', '371300');
INSERT INTO `relation_areas` VALUES ('1456', '371312', '河东区', '371300');
INSERT INTO `relation_areas` VALUES ('1457', '371321', '沂南县', '371300');
INSERT INTO `relation_areas` VALUES ('1458', '371322', '郯城县', '371300');
INSERT INTO `relation_areas` VALUES ('1459', '371323', '沂水县', '371300');
INSERT INTO `relation_areas` VALUES ('1460', '371324', '苍山县', '371300');
INSERT INTO `relation_areas` VALUES ('1461', '371325', '费　县', '371300');
INSERT INTO `relation_areas` VALUES ('1462', '371326', '平邑县', '371300');
INSERT INTO `relation_areas` VALUES ('1463', '371327', '莒南县', '371300');
INSERT INTO `relation_areas` VALUES ('1464', '371328', '蒙阴县', '371300');
INSERT INTO `relation_areas` VALUES ('1465', '371329', '临沭县', '371300');
INSERT INTO `relation_areas` VALUES ('1466', '371401', '市辖区', '371400');
INSERT INTO `relation_areas` VALUES ('1467', '371402', '德城区', '371400');
INSERT INTO `relation_areas` VALUES ('1468', '371421', '陵　县', '371400');
INSERT INTO `relation_areas` VALUES ('1469', '371422', '宁津县', '371400');
INSERT INTO `relation_areas` VALUES ('1470', '371423', '庆云县', '371400');
INSERT INTO `relation_areas` VALUES ('1471', '371424', '临邑县', '371400');
INSERT INTO `relation_areas` VALUES ('1472', '371425', '齐河县', '371400');
INSERT INTO `relation_areas` VALUES ('1473', '371426', '平原县', '371400');
INSERT INTO `relation_areas` VALUES ('1474', '371427', '夏津县', '371400');
INSERT INTO `relation_areas` VALUES ('1475', '371428', '武城县', '371400');
INSERT INTO `relation_areas` VALUES ('1476', '371481', '乐陵市', '371400');
INSERT INTO `relation_areas` VALUES ('1477', '371482', '禹城市', '371400');
INSERT INTO `relation_areas` VALUES ('1478', '371501', '市辖区', '371500');
INSERT INTO `relation_areas` VALUES ('1479', '371502', '东昌府区', '371500');
INSERT INTO `relation_areas` VALUES ('1480', '371521', '阳谷县', '371500');
INSERT INTO `relation_areas` VALUES ('1481', '371522', '莘　县', '371500');
INSERT INTO `relation_areas` VALUES ('1482', '371523', '茌平县', '371500');
INSERT INTO `relation_areas` VALUES ('1483', '371524', '东阿县', '371500');
INSERT INTO `relation_areas` VALUES ('1484', '371525', '冠　县', '371500');
INSERT INTO `relation_areas` VALUES ('1485', '371526', '高唐县', '371500');
INSERT INTO `relation_areas` VALUES ('1486', '371581', '临清市', '371500');
INSERT INTO `relation_areas` VALUES ('1487', '371601', '市辖区', '371600');
INSERT INTO `relation_areas` VALUES ('1488', '371602', '滨城区', '371600');
INSERT INTO `relation_areas` VALUES ('1489', '371621', '惠民县', '371600');
INSERT INTO `relation_areas` VALUES ('1490', '371622', '阳信县', '371600');
INSERT INTO `relation_areas` VALUES ('1491', '371623', '无棣县', '371600');
INSERT INTO `relation_areas` VALUES ('1492', '371624', '沾化县', '371600');
INSERT INTO `relation_areas` VALUES ('1493', '371625', '博兴县', '371600');
INSERT INTO `relation_areas` VALUES ('1494', '371626', '邹平县', '371600');
INSERT INTO `relation_areas` VALUES ('1495', '371701', '市辖区', '371700');
INSERT INTO `relation_areas` VALUES ('1496', '371702', '牡丹区', '371700');
INSERT INTO `relation_areas` VALUES ('1497', '371721', '曹　县', '371700');
INSERT INTO `relation_areas` VALUES ('1498', '371722', '单　县', '371700');
INSERT INTO `relation_areas` VALUES ('1499', '371723', '成武县', '371700');
INSERT INTO `relation_areas` VALUES ('1500', '371724', '巨野县', '371700');
INSERT INTO `relation_areas` VALUES ('1501', '371725', '郓城县', '371700');
INSERT INTO `relation_areas` VALUES ('1502', '371726', '鄄城县', '371700');
INSERT INTO `relation_areas` VALUES ('1503', '371727', '定陶县', '371700');
INSERT INTO `relation_areas` VALUES ('1504', '371728', '东明县', '371700');
INSERT INTO `relation_areas` VALUES ('1505', '410101', '市辖区', '410100');
INSERT INTO `relation_areas` VALUES ('1506', '410102', '中原区', '410100');
INSERT INTO `relation_areas` VALUES ('1507', '410103', '二七区', '410100');
INSERT INTO `relation_areas` VALUES ('1508', '410104', '管城回族区', '410100');
INSERT INTO `relation_areas` VALUES ('1509', '410105', '金水区', '410100');
INSERT INTO `relation_areas` VALUES ('1510', '410106', '上街区', '410100');
INSERT INTO `relation_areas` VALUES ('1511', '410108', '邙山区', '410100');
INSERT INTO `relation_areas` VALUES ('1512', '410122', '中牟县', '410100');
INSERT INTO `relation_areas` VALUES ('1513', '410181', '巩义市', '410100');
INSERT INTO `relation_areas` VALUES ('1514', '410182', '荥阳市', '410100');
INSERT INTO `relation_areas` VALUES ('1515', '410183', '新密市', '410100');
INSERT INTO `relation_areas` VALUES ('1516', '410184', '新郑市', '410100');
INSERT INTO `relation_areas` VALUES ('1517', '410185', '登封市', '410100');
INSERT INTO `relation_areas` VALUES ('1518', '410201', '市辖区', '410200');
INSERT INTO `relation_areas` VALUES ('1519', '410202', '龙亭区', '410200');
INSERT INTO `relation_areas` VALUES ('1520', '410203', '顺河回族区', '410200');
INSERT INTO `relation_areas` VALUES ('1521', '410204', '鼓楼区', '410200');
INSERT INTO `relation_areas` VALUES ('1522', '410205', '南关区', '410200');
INSERT INTO `relation_areas` VALUES ('1523', '410211', '郊　区', '410200');
INSERT INTO `relation_areas` VALUES ('1524', '410221', '杞　县', '410200');
INSERT INTO `relation_areas` VALUES ('1525', '410222', '通许县', '410200');
INSERT INTO `relation_areas` VALUES ('1526', '410223', '尉氏县', '410200');
INSERT INTO `relation_areas` VALUES ('1527', '410224', '开封县', '410200');
INSERT INTO `relation_areas` VALUES ('1528', '410225', '兰考县', '410200');
INSERT INTO `relation_areas` VALUES ('1529', '410301', '市辖区', '410300');
INSERT INTO `relation_areas` VALUES ('1530', '410302', '老城区', '410300');
INSERT INTO `relation_areas` VALUES ('1531', '410303', '西工区', '410300');
INSERT INTO `relation_areas` VALUES ('1532', '410304', '廛河回族区', '410300');
INSERT INTO `relation_areas` VALUES ('1533', '410305', '涧西区', '410300');
INSERT INTO `relation_areas` VALUES ('1534', '410306', '吉利区', '410300');
INSERT INTO `relation_areas` VALUES ('1535', '410307', '洛龙区', '410300');
INSERT INTO `relation_areas` VALUES ('1536', '410322', '孟津县', '410300');
INSERT INTO `relation_areas` VALUES ('1537', '410323', '新安县', '410300');
INSERT INTO `relation_areas` VALUES ('1538', '410324', '栾川县', '410300');
INSERT INTO `relation_areas` VALUES ('1539', '410325', '嵩　县', '410300');
INSERT INTO `relation_areas` VALUES ('1540', '410326', '汝阳县', '410300');
INSERT INTO `relation_areas` VALUES ('1541', '410327', '宜阳县', '410300');
INSERT INTO `relation_areas` VALUES ('1542', '410328', '洛宁县', '410300');
INSERT INTO `relation_areas` VALUES ('1543', '410329', '伊川县', '410300');
INSERT INTO `relation_areas` VALUES ('1544', '410381', '偃师市', '410300');
INSERT INTO `relation_areas` VALUES ('1545', '410401', '市辖区', '410400');
INSERT INTO `relation_areas` VALUES ('1546', '410402', '新华区', '410400');
INSERT INTO `relation_areas` VALUES ('1547', '410403', '卫东区', '410400');
INSERT INTO `relation_areas` VALUES ('1548', '410404', '石龙区', '410400');
INSERT INTO `relation_areas` VALUES ('1549', '410411', '湛河区', '410400');
INSERT INTO `relation_areas` VALUES ('1550', '410421', '宝丰县', '410400');
INSERT INTO `relation_areas` VALUES ('1551', '410422', '叶　县', '410400');
INSERT INTO `relation_areas` VALUES ('1552', '410423', '鲁山县', '410400');
INSERT INTO `relation_areas` VALUES ('1553', '410425', '郏　县', '410400');
INSERT INTO `relation_areas` VALUES ('1554', '410481', '舞钢市', '410400');
INSERT INTO `relation_areas` VALUES ('1555', '410482', '汝州市', '410400');
INSERT INTO `relation_areas` VALUES ('1556', '410501', '市辖区', '410500');
INSERT INTO `relation_areas` VALUES ('1557', '410502', '文峰区', '410500');
INSERT INTO `relation_areas` VALUES ('1558', '410503', '北关区', '410500');
INSERT INTO `relation_areas` VALUES ('1559', '410505', '殷都区', '410500');
INSERT INTO `relation_areas` VALUES ('1560', '410506', '龙安区', '410500');
INSERT INTO `relation_areas` VALUES ('1561', '410522', '安阳县', '410500');
INSERT INTO `relation_areas` VALUES ('1562', '410523', '汤阴县', '410500');
INSERT INTO `relation_areas` VALUES ('1563', '410526', '滑　县', '410500');
INSERT INTO `relation_areas` VALUES ('1564', '410527', '内黄县', '410500');
INSERT INTO `relation_areas` VALUES ('1565', '410581', '林州市', '410500');
INSERT INTO `relation_areas` VALUES ('1566', '410601', '市辖区', '410600');
INSERT INTO `relation_areas` VALUES ('1567', '410602', '鹤山区', '410600');
INSERT INTO `relation_areas` VALUES ('1568', '410603', '山城区', '410600');
INSERT INTO `relation_areas` VALUES ('1569', '410611', '淇滨区', '410600');
INSERT INTO `relation_areas` VALUES ('1570', '410621', '浚　县', '410600');
INSERT INTO `relation_areas` VALUES ('1571', '410622', '淇　县', '410600');
INSERT INTO `relation_areas` VALUES ('1572', '410701', '市辖区', '410700');
INSERT INTO `relation_areas` VALUES ('1573', '410702', '红旗区', '410700');
INSERT INTO `relation_areas` VALUES ('1574', '410703', '卫滨区', '410700');
INSERT INTO `relation_areas` VALUES ('1575', '410704', '凤泉区', '410700');
INSERT INTO `relation_areas` VALUES ('1576', '410711', '牧野区', '410700');
INSERT INTO `relation_areas` VALUES ('1577', '410721', '新乡县', '410700');
INSERT INTO `relation_areas` VALUES ('1578', '410724', '获嘉县', '410700');
INSERT INTO `relation_areas` VALUES ('1579', '410725', '原阳县', '410700');
INSERT INTO `relation_areas` VALUES ('1580', '410726', '延津县', '410700');
INSERT INTO `relation_areas` VALUES ('1581', '410727', '封丘县', '410700');
INSERT INTO `relation_areas` VALUES ('1582', '410728', '长垣县', '410700');
INSERT INTO `relation_areas` VALUES ('1583', '410781', '卫辉市', '410700');
INSERT INTO `relation_areas` VALUES ('1584', '410782', '辉县市', '410700');
INSERT INTO `relation_areas` VALUES ('1585', '410801', '市辖区', '410800');
INSERT INTO `relation_areas` VALUES ('1586', '410802', '解放区', '410800');
INSERT INTO `relation_areas` VALUES ('1587', '410803', '中站区', '410800');
INSERT INTO `relation_areas` VALUES ('1588', '410804', '马村区', '410800');
INSERT INTO `relation_areas` VALUES ('1589', '410811', '山阳区', '410800');
INSERT INTO `relation_areas` VALUES ('1590', '410821', '修武县', '410800');
INSERT INTO `relation_areas` VALUES ('1591', '410822', '博爱县', '410800');
INSERT INTO `relation_areas` VALUES ('1592', '410823', '武陟县', '410800');
INSERT INTO `relation_areas` VALUES ('1593', '410825', '温　县', '410800');
INSERT INTO `relation_areas` VALUES ('1594', '410881', '济源市', '410800');
INSERT INTO `relation_areas` VALUES ('1595', '410882', '沁阳市', '410800');
INSERT INTO `relation_areas` VALUES ('1596', '410883', '孟州市', '410800');
INSERT INTO `relation_areas` VALUES ('1597', '410901', '市辖区', '410900');
INSERT INTO `relation_areas` VALUES ('1598', '410902', '华龙区', '410900');
INSERT INTO `relation_areas` VALUES ('1599', '410922', '清丰县', '410900');
INSERT INTO `relation_areas` VALUES ('1600', '410923', '南乐县', '410900');
INSERT INTO `relation_areas` VALUES ('1601', '410926', '范　县', '410900');
INSERT INTO `relation_areas` VALUES ('1602', '410927', '台前县', '410900');
INSERT INTO `relation_areas` VALUES ('1603', '410928', '濮阳县', '410900');
INSERT INTO `relation_areas` VALUES ('1604', '411001', '市辖区', '411000');
INSERT INTO `relation_areas` VALUES ('1605', '411002', '魏都区', '411000');
INSERT INTO `relation_areas` VALUES ('1606', '411023', '许昌县', '411000');
INSERT INTO `relation_areas` VALUES ('1607', '411024', '鄢陵县', '411000');
INSERT INTO `relation_areas` VALUES ('1608', '411025', '襄城县', '411000');
INSERT INTO `relation_areas` VALUES ('1609', '411081', '禹州市', '411000');
INSERT INTO `relation_areas` VALUES ('1610', '411082', '长葛市', '411000');
INSERT INTO `relation_areas` VALUES ('1611', '411101', '市辖区', '411100');
INSERT INTO `relation_areas` VALUES ('1612', '411102', '源汇区', '411100');
INSERT INTO `relation_areas` VALUES ('1613', '411103', '郾城区', '411100');
INSERT INTO `relation_areas` VALUES ('1614', '411104', '召陵区', '411100');
INSERT INTO `relation_areas` VALUES ('1615', '411121', '舞阳县', '411100');
INSERT INTO `relation_areas` VALUES ('1616', '411122', '临颍县', '411100');
INSERT INTO `relation_areas` VALUES ('1617', '411201', '市辖区', '411200');
INSERT INTO `relation_areas` VALUES ('1618', '411202', '湖滨区', '411200');
INSERT INTO `relation_areas` VALUES ('1619', '411221', '渑池县', '411200');
INSERT INTO `relation_areas` VALUES ('1620', '411222', '陕　县', '411200');
INSERT INTO `relation_areas` VALUES ('1621', '411224', '卢氏县', '411200');
INSERT INTO `relation_areas` VALUES ('1622', '411281', '义马市', '411200');
INSERT INTO `relation_areas` VALUES ('1623', '411282', '灵宝市', '411200');
INSERT INTO `relation_areas` VALUES ('1624', '411301', '市辖区', '411300');
INSERT INTO `relation_areas` VALUES ('1625', '411302', '宛城区', '411300');
INSERT INTO `relation_areas` VALUES ('1626', '411303', '卧龙区', '411300');
INSERT INTO `relation_areas` VALUES ('1627', '411321', '南召县', '411300');
INSERT INTO `relation_areas` VALUES ('1628', '411322', '方城县', '411300');
INSERT INTO `relation_areas` VALUES ('1629', '411323', '西峡县', '411300');
INSERT INTO `relation_areas` VALUES ('1630', '411324', '镇平县', '411300');
INSERT INTO `relation_areas` VALUES ('1631', '411325', '内乡县', '411300');
INSERT INTO `relation_areas` VALUES ('1632', '411326', '淅川县', '411300');
INSERT INTO `relation_areas` VALUES ('1633', '411327', '社旗县', '411300');
INSERT INTO `relation_areas` VALUES ('1634', '411328', '唐河县', '411300');
INSERT INTO `relation_areas` VALUES ('1635', '411329', '新野县', '411300');
INSERT INTO `relation_areas` VALUES ('1636', '411330', '桐柏县', '411300');
INSERT INTO `relation_areas` VALUES ('1637', '411381', '邓州市', '411300');
INSERT INTO `relation_areas` VALUES ('1638', '411401', '市辖区', '411400');
INSERT INTO `relation_areas` VALUES ('1639', '411402', '梁园区', '411400');
INSERT INTO `relation_areas` VALUES ('1640', '411403', '睢阳区', '411400');
INSERT INTO `relation_areas` VALUES ('1641', '411421', '民权县', '411400');
INSERT INTO `relation_areas` VALUES ('1642', '411422', '睢　县', '411400');
INSERT INTO `relation_areas` VALUES ('1643', '411423', '宁陵县', '411400');
INSERT INTO `relation_areas` VALUES ('1644', '411424', '柘城县', '411400');
INSERT INTO `relation_areas` VALUES ('1645', '411425', '虞城县', '411400');
INSERT INTO `relation_areas` VALUES ('1646', '411426', '夏邑县', '411400');
INSERT INTO `relation_areas` VALUES ('1647', '411481', '永城市', '411400');
INSERT INTO `relation_areas` VALUES ('1648', '411501', '市辖区', '411500');
INSERT INTO `relation_areas` VALUES ('1649', '411502', '师河区', '411500');
INSERT INTO `relation_areas` VALUES ('1650', '411503', '平桥区', '411500');
INSERT INTO `relation_areas` VALUES ('1651', '411521', '罗山县', '411500');
INSERT INTO `relation_areas` VALUES ('1652', '411522', '光山县', '411500');
INSERT INTO `relation_areas` VALUES ('1653', '411523', '新　县', '411500');
INSERT INTO `relation_areas` VALUES ('1654', '411524', '商城县', '411500');
INSERT INTO `relation_areas` VALUES ('1655', '411525', '固始县', '411500');
INSERT INTO `relation_areas` VALUES ('1656', '411526', '潢川县', '411500');
INSERT INTO `relation_areas` VALUES ('1657', '411527', '淮滨县', '411500');
INSERT INTO `relation_areas` VALUES ('1658', '411528', '息　县', '411500');
INSERT INTO `relation_areas` VALUES ('1659', '411601', '市辖区', '411600');
INSERT INTO `relation_areas` VALUES ('1660', '411602', '川汇区', '411600');
INSERT INTO `relation_areas` VALUES ('1661', '411621', '扶沟县', '411600');
INSERT INTO `relation_areas` VALUES ('1662', '411622', '西华县', '411600');
INSERT INTO `relation_areas` VALUES ('1663', '411623', '商水县', '411600');
INSERT INTO `relation_areas` VALUES ('1664', '411624', '沈丘县', '411600');
INSERT INTO `relation_areas` VALUES ('1665', '411625', '郸城县', '411600');
INSERT INTO `relation_areas` VALUES ('1666', '411626', '淮阳县', '411600');
INSERT INTO `relation_areas` VALUES ('1667', '411627', '太康县', '411600');
INSERT INTO `relation_areas` VALUES ('1668', '411628', '鹿邑县', '411600');
INSERT INTO `relation_areas` VALUES ('1669', '411681', '项城市', '411600');
INSERT INTO `relation_areas` VALUES ('1670', '411701', '市辖区', '411700');
INSERT INTO `relation_areas` VALUES ('1671', '411702', '驿城区', '411700');
INSERT INTO `relation_areas` VALUES ('1672', '411721', '西平县', '411700');
INSERT INTO `relation_areas` VALUES ('1673', '411722', '上蔡县', '411700');
INSERT INTO `relation_areas` VALUES ('1674', '411723', '平舆县', '411700');
INSERT INTO `relation_areas` VALUES ('1675', '411724', '正阳县', '411700');
INSERT INTO `relation_areas` VALUES ('1676', '411725', '确山县', '411700');
INSERT INTO `relation_areas` VALUES ('1677', '411726', '泌阳县', '411700');
INSERT INTO `relation_areas` VALUES ('1678', '411727', '汝南县', '411700');
INSERT INTO `relation_areas` VALUES ('1679', '411728', '遂平县', '411700');
INSERT INTO `relation_areas` VALUES ('1680', '411729', '新蔡县', '411700');
INSERT INTO `relation_areas` VALUES ('1681', '420101', '市辖区', '420100');
INSERT INTO `relation_areas` VALUES ('1682', '420102', '江岸区', '420100');
INSERT INTO `relation_areas` VALUES ('1683', '420103', '江汉区', '420100');
INSERT INTO `relation_areas` VALUES ('1684', '420104', '乔口区', '420100');
INSERT INTO `relation_areas` VALUES ('1685', '420105', '汉阳区', '420100');
INSERT INTO `relation_areas` VALUES ('1686', '420106', '武昌区', '420100');
INSERT INTO `relation_areas` VALUES ('1687', '420107', '青山区', '420100');
INSERT INTO `relation_areas` VALUES ('1688', '420111', '洪山区', '420100');
INSERT INTO `relation_areas` VALUES ('1689', '420112', '东西湖区', '420100');
INSERT INTO `relation_areas` VALUES ('1690', '420113', '汉南区', '420100');
INSERT INTO `relation_areas` VALUES ('1691', '420114', '蔡甸区', '420100');
INSERT INTO `relation_areas` VALUES ('1692', '420115', '江夏区', '420100');
INSERT INTO `relation_areas` VALUES ('1693', '420116', '黄陂区', '420100');
INSERT INTO `relation_areas` VALUES ('1694', '420117', '新洲区', '420100');
INSERT INTO `relation_areas` VALUES ('1695', '420201', '市辖区', '420200');
INSERT INTO `relation_areas` VALUES ('1696', '420202', '黄石港区', '420200');
INSERT INTO `relation_areas` VALUES ('1697', '420203', '西塞山区', '420200');
INSERT INTO `relation_areas` VALUES ('1698', '420204', '下陆区', '420200');
INSERT INTO `relation_areas` VALUES ('1699', '420205', '铁山区', '420200');
INSERT INTO `relation_areas` VALUES ('1700', '420222', '阳新县', '420200');
INSERT INTO `relation_areas` VALUES ('1701', '420281', '大冶市', '420200');
INSERT INTO `relation_areas` VALUES ('1702', '420301', '市辖区', '420300');
INSERT INTO `relation_areas` VALUES ('1703', '420302', '茅箭区', '420300');
INSERT INTO `relation_areas` VALUES ('1704', '420303', '张湾区', '420300');
INSERT INTO `relation_areas` VALUES ('1705', '420321', '郧　县', '420300');
INSERT INTO `relation_areas` VALUES ('1706', '420322', '郧西县', '420300');
INSERT INTO `relation_areas` VALUES ('1707', '420323', '竹山县', '420300');
INSERT INTO `relation_areas` VALUES ('1708', '420324', '竹溪县', '420300');
INSERT INTO `relation_areas` VALUES ('1709', '420325', '房　县', '420300');
INSERT INTO `relation_areas` VALUES ('1710', '420381', '丹江口市', '420300');
INSERT INTO `relation_areas` VALUES ('1711', '420501', '市辖区', '420500');
INSERT INTO `relation_areas` VALUES ('1712', '420502', '西陵区', '420500');
INSERT INTO `relation_areas` VALUES ('1713', '420503', '伍家岗区', '420500');
INSERT INTO `relation_areas` VALUES ('1714', '420504', '点军区', '420500');
INSERT INTO `relation_areas` VALUES ('1715', '420505', '猇亭区', '420500');
INSERT INTO `relation_areas` VALUES ('1716', '420506', '夷陵区', '420500');
INSERT INTO `relation_areas` VALUES ('1717', '420525', '远安县', '420500');
INSERT INTO `relation_areas` VALUES ('1718', '420526', '兴山县', '420500');
INSERT INTO `relation_areas` VALUES ('1719', '420527', '秭归县', '420500');
INSERT INTO `relation_areas` VALUES ('1720', '420528', '长阳土家族自治县', '420500');
INSERT INTO `relation_areas` VALUES ('1721', '420529', '五峰土家族自治县', '420500');
INSERT INTO `relation_areas` VALUES ('1722', '420581', '宜都市', '420500');
INSERT INTO `relation_areas` VALUES ('1723', '420582', '当阳市', '420500');
INSERT INTO `relation_areas` VALUES ('1724', '420583', '枝江市', '420500');
INSERT INTO `relation_areas` VALUES ('1725', '420601', '市辖区', '420600');
INSERT INTO `relation_areas` VALUES ('1726', '420602', '襄城区', '420600');
INSERT INTO `relation_areas` VALUES ('1727', '420606', '樊城区', '420600');
INSERT INTO `relation_areas` VALUES ('1728', '420607', '襄阳区', '420600');
INSERT INTO `relation_areas` VALUES ('1729', '420624', '南漳县', '420600');
INSERT INTO `relation_areas` VALUES ('1730', '420625', '谷城县', '420600');
INSERT INTO `relation_areas` VALUES ('1731', '420626', '保康县', '420600');
INSERT INTO `relation_areas` VALUES ('1732', '420682', '老河口市', '420600');
INSERT INTO `relation_areas` VALUES ('1733', '420683', '枣阳市', '420600');
INSERT INTO `relation_areas` VALUES ('1734', '420684', '宜城市', '420600');
INSERT INTO `relation_areas` VALUES ('1735', '420701', '市辖区', '420700');
INSERT INTO `relation_areas` VALUES ('1736', '420702', '梁子湖区', '420700');
INSERT INTO `relation_areas` VALUES ('1737', '420703', '华容区', '420700');
INSERT INTO `relation_areas` VALUES ('1738', '420704', '鄂城区', '420700');
INSERT INTO `relation_areas` VALUES ('1739', '420801', '市辖区', '420800');
INSERT INTO `relation_areas` VALUES ('1740', '420802', '东宝区', '420800');
INSERT INTO `relation_areas` VALUES ('1741', '420804', '掇刀区', '420800');
INSERT INTO `relation_areas` VALUES ('1742', '420821', '京山县', '420800');
INSERT INTO `relation_areas` VALUES ('1743', '420822', '沙洋县', '420800');
INSERT INTO `relation_areas` VALUES ('1744', '420881', '钟祥市', '420800');
INSERT INTO `relation_areas` VALUES ('1745', '420901', '市辖区', '420900');
INSERT INTO `relation_areas` VALUES ('1746', '420902', '孝南区', '420900');
INSERT INTO `relation_areas` VALUES ('1747', '420921', '孝昌县', '420900');
INSERT INTO `relation_areas` VALUES ('1748', '420922', '大悟县', '420900');
INSERT INTO `relation_areas` VALUES ('1749', '420923', '云梦县', '420900');
INSERT INTO `relation_areas` VALUES ('1750', '420981', '应城市', '420900');
INSERT INTO `relation_areas` VALUES ('1751', '420982', '安陆市', '420900');
INSERT INTO `relation_areas` VALUES ('1752', '420984', '汉川市', '420900');
INSERT INTO `relation_areas` VALUES ('1753', '421001', '市辖区', '421000');
INSERT INTO `relation_areas` VALUES ('1754', '421002', '沙市区', '421000');
INSERT INTO `relation_areas` VALUES ('1755', '421003', '荆州区', '421000');
INSERT INTO `relation_areas` VALUES ('1756', '421022', '公安县', '421000');
INSERT INTO `relation_areas` VALUES ('1757', '421023', '监利县', '421000');
INSERT INTO `relation_areas` VALUES ('1758', '421024', '江陵县', '421000');
INSERT INTO `relation_areas` VALUES ('1759', '421081', '石首市', '421000');
INSERT INTO `relation_areas` VALUES ('1760', '421083', '洪湖市', '421000');
INSERT INTO `relation_areas` VALUES ('1761', '421087', '松滋市', '421000');
INSERT INTO `relation_areas` VALUES ('1762', '421101', '市辖区', '421100');
INSERT INTO `relation_areas` VALUES ('1763', '421102', '黄州区', '421100');
INSERT INTO `relation_areas` VALUES ('1764', '421121', '团风县', '421100');
INSERT INTO `relation_areas` VALUES ('1765', '421122', '红安县', '421100');
INSERT INTO `relation_areas` VALUES ('1766', '421123', '罗田县', '421100');
INSERT INTO `relation_areas` VALUES ('1767', '421124', '英山县', '421100');
INSERT INTO `relation_areas` VALUES ('1768', '421125', '浠水县', '421100');
INSERT INTO `relation_areas` VALUES ('1769', '421126', '蕲春县', '421100');
INSERT INTO `relation_areas` VALUES ('1770', '421127', '黄梅县', '421100');
INSERT INTO `relation_areas` VALUES ('1771', '421181', '麻城市', '421100');
INSERT INTO `relation_areas` VALUES ('1772', '421182', '武穴市', '421100');
INSERT INTO `relation_areas` VALUES ('1773', '421201', '市辖区', '421200');
INSERT INTO `relation_areas` VALUES ('1774', '421202', '咸安区', '421200');
INSERT INTO `relation_areas` VALUES ('1775', '421221', '嘉鱼县', '421200');
INSERT INTO `relation_areas` VALUES ('1776', '421222', '通城县', '421200');
INSERT INTO `relation_areas` VALUES ('1777', '421223', '崇阳县', '421200');
INSERT INTO `relation_areas` VALUES ('1778', '421224', '通山县', '421200');
INSERT INTO `relation_areas` VALUES ('1779', '421281', '赤壁市', '421200');
INSERT INTO `relation_areas` VALUES ('1780', '421301', '市辖区', '421300');
INSERT INTO `relation_areas` VALUES ('1781', '421302', '曾都区', '421300');
INSERT INTO `relation_areas` VALUES ('1782', '421381', '广水市', '421300');
INSERT INTO `relation_areas` VALUES ('1783', '422801', '恩施市', '422800');
INSERT INTO `relation_areas` VALUES ('1784', '422802', '利川市', '422800');
INSERT INTO `relation_areas` VALUES ('1785', '422822', '建始县', '422800');
INSERT INTO `relation_areas` VALUES ('1786', '422823', '巴东县', '422800');
INSERT INTO `relation_areas` VALUES ('1787', '422825', '宣恩县', '422800');
INSERT INTO `relation_areas` VALUES ('1788', '422826', '咸丰县', '422800');
INSERT INTO `relation_areas` VALUES ('1789', '422827', '来凤县', '422800');
INSERT INTO `relation_areas` VALUES ('1790', '422828', '鹤峰县', '422800');
INSERT INTO `relation_areas` VALUES ('1791', '429004', '仙桃市', '429000');
INSERT INTO `relation_areas` VALUES ('1792', '429005', '潜江市', '429000');
INSERT INTO `relation_areas` VALUES ('1793', '429006', '天门市', '429000');
INSERT INTO `relation_areas` VALUES ('1794', '429021', '神农架林区', '429000');
INSERT INTO `relation_areas` VALUES ('1795', '430101', '市辖区', '430100');
INSERT INTO `relation_areas` VALUES ('1796', '430102', '芙蓉区', '430100');
INSERT INTO `relation_areas` VALUES ('1797', '430103', '天心区', '430100');
INSERT INTO `relation_areas` VALUES ('1798', '430104', '岳麓区', '430100');
INSERT INTO `relation_areas` VALUES ('1799', '430105', '开福区', '430100');
INSERT INTO `relation_areas` VALUES ('1800', '430111', '雨花区', '430100');
INSERT INTO `relation_areas` VALUES ('1801', '430121', '长沙县', '430100');
INSERT INTO `relation_areas` VALUES ('1802', '430122', '望城县', '430100');
INSERT INTO `relation_areas` VALUES ('1803', '430124', '宁乡县', '430100');
INSERT INTO `relation_areas` VALUES ('1804', '430181', '浏阳市', '430100');
INSERT INTO `relation_areas` VALUES ('1805', '430201', '市辖区', '430200');
INSERT INTO `relation_areas` VALUES ('1806', '430202', '荷塘区', '430200');
INSERT INTO `relation_areas` VALUES ('1807', '430203', '芦淞区', '430200');
INSERT INTO `relation_areas` VALUES ('1808', '430204', '石峰区', '430200');
INSERT INTO `relation_areas` VALUES ('1809', '430211', '天元区', '430200');
INSERT INTO `relation_areas` VALUES ('1810', '430221', '株洲县', '430200');
INSERT INTO `relation_areas` VALUES ('1811', '430223', '攸　县', '430200');
INSERT INTO `relation_areas` VALUES ('1812', '430224', '茶陵县', '430200');
INSERT INTO `relation_areas` VALUES ('1813', '430225', '炎陵县', '430200');
INSERT INTO `relation_areas` VALUES ('1814', '430281', '醴陵市', '430200');
INSERT INTO `relation_areas` VALUES ('1815', '430301', '市辖区', '430300');
INSERT INTO `relation_areas` VALUES ('1816', '430302', '雨湖区', '430300');
INSERT INTO `relation_areas` VALUES ('1817', '430304', '岳塘区', '430300');
INSERT INTO `relation_areas` VALUES ('1818', '430321', '湘潭县', '430300');
INSERT INTO `relation_areas` VALUES ('1819', '430381', '湘乡市', '430300');
INSERT INTO `relation_areas` VALUES ('1820', '430382', '韶山市', '430300');
INSERT INTO `relation_areas` VALUES ('1821', '430401', '市辖区', '430400');
INSERT INTO `relation_areas` VALUES ('1822', '430405', '珠晖区', '430400');
INSERT INTO `relation_areas` VALUES ('1823', '430406', '雁峰区', '430400');
INSERT INTO `relation_areas` VALUES ('1824', '430407', '石鼓区', '430400');
INSERT INTO `relation_areas` VALUES ('1825', '430408', '蒸湘区', '430400');
INSERT INTO `relation_areas` VALUES ('1826', '430412', '南岳区', '430400');
INSERT INTO `relation_areas` VALUES ('1827', '430421', '衡阳县', '430400');
INSERT INTO `relation_areas` VALUES ('1828', '430422', '衡南县', '430400');
INSERT INTO `relation_areas` VALUES ('1829', '430423', '衡山县', '430400');
INSERT INTO `relation_areas` VALUES ('1830', '430424', '衡东县', '430400');
INSERT INTO `relation_areas` VALUES ('1831', '430426', '祁东县', '430400');
INSERT INTO `relation_areas` VALUES ('1832', '430481', '耒阳市', '430400');
INSERT INTO `relation_areas` VALUES ('1833', '430482', '常宁市', '430400');
INSERT INTO `relation_areas` VALUES ('1834', '430501', '市辖区', '430500');
INSERT INTO `relation_areas` VALUES ('1835', '430502', '双清区', '430500');
INSERT INTO `relation_areas` VALUES ('1836', '430503', '大祥区', '430500');
INSERT INTO `relation_areas` VALUES ('1837', '430511', '北塔区', '430500');
INSERT INTO `relation_areas` VALUES ('1838', '430521', '邵东县', '430500');
INSERT INTO `relation_areas` VALUES ('1839', '430522', '新邵县', '430500');
INSERT INTO `relation_areas` VALUES ('1840', '430523', '邵阳县', '430500');
INSERT INTO `relation_areas` VALUES ('1841', '430524', '隆回县', '430500');
INSERT INTO `relation_areas` VALUES ('1842', '430525', '洞口县', '430500');
INSERT INTO `relation_areas` VALUES ('1843', '430527', '绥宁县', '430500');
INSERT INTO `relation_areas` VALUES ('1844', '430528', '新宁县', '430500');
INSERT INTO `relation_areas` VALUES ('1845', '430529', '城步苗族自治县', '430500');
INSERT INTO `relation_areas` VALUES ('1846', '430581', '武冈市', '430500');
INSERT INTO `relation_areas` VALUES ('1847', '430601', '市辖区', '430600');
INSERT INTO `relation_areas` VALUES ('1848', '430602', '岳阳楼区', '430600');
INSERT INTO `relation_areas` VALUES ('1849', '430603', '云溪区', '430600');
INSERT INTO `relation_areas` VALUES ('1850', '430611', '君山区', '430600');
INSERT INTO `relation_areas` VALUES ('1851', '430621', '岳阳县', '430600');
INSERT INTO `relation_areas` VALUES ('1852', '430623', '华容县', '430600');
INSERT INTO `relation_areas` VALUES ('1853', '430624', '湘阴县', '430600');
INSERT INTO `relation_areas` VALUES ('1854', '430626', '平江县', '430600');
INSERT INTO `relation_areas` VALUES ('1855', '430681', '汨罗市', '430600');
INSERT INTO `relation_areas` VALUES ('1856', '430682', '临湘市', '430600');
INSERT INTO `relation_areas` VALUES ('1857', '430701', '市辖区', '430700');
INSERT INTO `relation_areas` VALUES ('1858', '430702', '武陵区', '430700');
INSERT INTO `relation_areas` VALUES ('1859', '430703', '鼎城区', '430700');
INSERT INTO `relation_areas` VALUES ('1860', '430721', '安乡县', '430700');
INSERT INTO `relation_areas` VALUES ('1861', '430722', '汉寿县', '430700');
INSERT INTO `relation_areas` VALUES ('1862', '430723', '澧　县', '430700');
INSERT INTO `relation_areas` VALUES ('1863', '430724', '临澧县', '430700');
INSERT INTO `relation_areas` VALUES ('1864', '430725', '桃源县', '430700');
INSERT INTO `relation_areas` VALUES ('1865', '430726', '石门县', '430700');
INSERT INTO `relation_areas` VALUES ('1866', '430781', '津市市', '430700');
INSERT INTO `relation_areas` VALUES ('1867', '430801', '市辖区', '430800');
INSERT INTO `relation_areas` VALUES ('1868', '430802', '永定区', '430800');
INSERT INTO `relation_areas` VALUES ('1869', '430811', '武陵源区', '430800');
INSERT INTO `relation_areas` VALUES ('1870', '430821', '慈利县', '430800');
INSERT INTO `relation_areas` VALUES ('1871', '430822', '桑植县', '430800');
INSERT INTO `relation_areas` VALUES ('1872', '430901', '市辖区', '430900');
INSERT INTO `relation_areas` VALUES ('1873', '430902', '资阳区', '430900');
INSERT INTO `relation_areas` VALUES ('1874', '430903', '赫山区', '430900');
INSERT INTO `relation_areas` VALUES ('1875', '430921', '南　县', '430900');
INSERT INTO `relation_areas` VALUES ('1876', '430922', '桃江县', '430900');
INSERT INTO `relation_areas` VALUES ('1877', '430923', '安化县', '430900');
INSERT INTO `relation_areas` VALUES ('1878', '430981', '沅江市', '430900');
INSERT INTO `relation_areas` VALUES ('1879', '431001', '市辖区', '431000');
INSERT INTO `relation_areas` VALUES ('1880', '431002', '北湖区', '431000');
INSERT INTO `relation_areas` VALUES ('1881', '431003', '苏仙区', '431000');
INSERT INTO `relation_areas` VALUES ('1882', '431021', '桂阳县', '431000');
INSERT INTO `relation_areas` VALUES ('1883', '431022', '宜章县', '431000');
INSERT INTO `relation_areas` VALUES ('1884', '431023', '永兴县', '431000');
INSERT INTO `relation_areas` VALUES ('1885', '431024', '嘉禾县', '431000');
INSERT INTO `relation_areas` VALUES ('1886', '431025', '临武县', '431000');
INSERT INTO `relation_areas` VALUES ('1887', '431026', '汝城县', '431000');
INSERT INTO `relation_areas` VALUES ('1888', '431027', '桂东县', '431000');
INSERT INTO `relation_areas` VALUES ('1889', '431028', '安仁县', '431000');
INSERT INTO `relation_areas` VALUES ('1890', '431081', '资兴市', '431000');
INSERT INTO `relation_areas` VALUES ('1891', '431101', '市辖区', '431100');
INSERT INTO `relation_areas` VALUES ('1892', '431102', '芝山区', '431100');
INSERT INTO `relation_areas` VALUES ('1893', '431103', '冷水滩区', '431100');
INSERT INTO `relation_areas` VALUES ('1894', '431121', '祁阳县', '431100');
INSERT INTO `relation_areas` VALUES ('1895', '431122', '东安县', '431100');
INSERT INTO `relation_areas` VALUES ('1896', '431123', '双牌县', '431100');
INSERT INTO `relation_areas` VALUES ('1897', '431124', '道　县', '431100');
INSERT INTO `relation_areas` VALUES ('1898', '431125', '江永县', '431100');
INSERT INTO `relation_areas` VALUES ('1899', '431126', '宁远县', '431100');
INSERT INTO `relation_areas` VALUES ('1900', '431127', '蓝山县', '431100');
INSERT INTO `relation_areas` VALUES ('1901', '431128', '新田县', '431100');
INSERT INTO `relation_areas` VALUES ('1902', '431129', '江华瑶族自治县', '431100');
INSERT INTO `relation_areas` VALUES ('1903', '431201', '市辖区', '431200');
INSERT INTO `relation_areas` VALUES ('1904', '431202', '鹤城区', '431200');
INSERT INTO `relation_areas` VALUES ('1905', '431221', '中方县', '431200');
INSERT INTO `relation_areas` VALUES ('1906', '431222', '沅陵县', '431200');
INSERT INTO `relation_areas` VALUES ('1907', '431223', '辰溪县', '431200');
INSERT INTO `relation_areas` VALUES ('1908', '431224', '溆浦县', '431200');
INSERT INTO `relation_areas` VALUES ('1909', '431225', '会同县', '431200');
INSERT INTO `relation_areas` VALUES ('1910', '431226', '麻阳苗族自治县', '431200');
INSERT INTO `relation_areas` VALUES ('1911', '431227', '新晃侗族自治县', '431200');
INSERT INTO `relation_areas` VALUES ('1912', '431228', '芷江侗族自治县', '431200');
INSERT INTO `relation_areas` VALUES ('1913', '431229', '靖州苗族侗族自治县', '431200');
INSERT INTO `relation_areas` VALUES ('1914', '431230', '通道侗族自治县', '431200');
INSERT INTO `relation_areas` VALUES ('1915', '431281', '洪江市', '431200');
INSERT INTO `relation_areas` VALUES ('1916', '431301', '市辖区', '431300');
INSERT INTO `relation_areas` VALUES ('1917', '431302', '娄星区', '431300');
INSERT INTO `relation_areas` VALUES ('1918', '431321', '双峰县', '431300');
INSERT INTO `relation_areas` VALUES ('1919', '431322', '新化县', '431300');
INSERT INTO `relation_areas` VALUES ('1920', '431381', '冷水江市', '431300');
INSERT INTO `relation_areas` VALUES ('1921', '431382', '涟源市', '431300');
INSERT INTO `relation_areas` VALUES ('1922', '433101', '吉首市', '433100');
INSERT INTO `relation_areas` VALUES ('1923', '433122', '泸溪县', '433100');
INSERT INTO `relation_areas` VALUES ('1924', '433123', '凤凰县', '433100');
INSERT INTO `relation_areas` VALUES ('1925', '433124', '花垣县', '433100');
INSERT INTO `relation_areas` VALUES ('1926', '433125', '保靖县', '433100');
INSERT INTO `relation_areas` VALUES ('1927', '433126', '古丈县', '433100');
INSERT INTO `relation_areas` VALUES ('1928', '433127', '永顺县', '433100');
INSERT INTO `relation_areas` VALUES ('1929', '433130', '龙山县', '433100');
INSERT INTO `relation_areas` VALUES ('1930', '440101', '市辖区', '440100');
INSERT INTO `relation_areas` VALUES ('1931', '440102', '东山区', '440100');
INSERT INTO `relation_areas` VALUES ('1932', '440103', '荔湾区', '440100');
INSERT INTO `relation_areas` VALUES ('1933', '440104', '越秀区', '440100');
INSERT INTO `relation_areas` VALUES ('1934', '440105', '海珠区', '440100');
INSERT INTO `relation_areas` VALUES ('1935', '440106', '天河区', '440100');
INSERT INTO `relation_areas` VALUES ('1936', '440107', '芳村区', '440100');
INSERT INTO `relation_areas` VALUES ('1937', '440111', '白云区', '440100');
INSERT INTO `relation_areas` VALUES ('1938', '440112', '黄埔区', '440100');
INSERT INTO `relation_areas` VALUES ('1939', '440113', '番禺区', '440100');
INSERT INTO `relation_areas` VALUES ('1940', '440114', '花都区', '440100');
INSERT INTO `relation_areas` VALUES ('1941', '440183', '增城市', '440100');
INSERT INTO `relation_areas` VALUES ('1942', '440184', '从化市', '440100');
INSERT INTO `relation_areas` VALUES ('1943', '440201', '市辖区', '440200');
INSERT INTO `relation_areas` VALUES ('1944', '440203', '武江区', '440200');
INSERT INTO `relation_areas` VALUES ('1945', '440204', '浈江区', '440200');
INSERT INTO `relation_areas` VALUES ('1946', '440205', '曲江区', '440200');
INSERT INTO `relation_areas` VALUES ('1947', '440222', '始兴县', '440200');
INSERT INTO `relation_areas` VALUES ('1948', '440224', '仁化县', '440200');
INSERT INTO `relation_areas` VALUES ('1949', '440229', '翁源县', '440200');
INSERT INTO `relation_areas` VALUES ('1950', '440232', '乳源瑶族自治县', '440200');
INSERT INTO `relation_areas` VALUES ('1951', '440233', '新丰县', '440200');
INSERT INTO `relation_areas` VALUES ('1952', '440281', '乐昌市', '440200');
INSERT INTO `relation_areas` VALUES ('1953', '440282', '南雄市', '440200');
INSERT INTO `relation_areas` VALUES ('1954', '440301', '市辖区', '440300');
INSERT INTO `relation_areas` VALUES ('1955', '440303', '罗湖区', '440300');
INSERT INTO `relation_areas` VALUES ('1956', '440304', '福田区', '440300');
INSERT INTO `relation_areas` VALUES ('1957', '440305', '南山区', '440300');
INSERT INTO `relation_areas` VALUES ('1958', '440306', '宝安区', '440300');
INSERT INTO `relation_areas` VALUES ('1959', '440307', '龙岗区', '440300');
INSERT INTO `relation_areas` VALUES ('1960', '440308', '盐田区', '440300');
INSERT INTO `relation_areas` VALUES ('1961', '440401', '市辖区', '440400');
INSERT INTO `relation_areas` VALUES ('1962', '440402', '香洲区', '440400');
INSERT INTO `relation_areas` VALUES ('1963', '440403', '斗门区', '440400');
INSERT INTO `relation_areas` VALUES ('1964', '440404', '金湾区', '440400');
INSERT INTO `relation_areas` VALUES ('1965', '440501', '市辖区', '440500');
INSERT INTO `relation_areas` VALUES ('1966', '440507', '龙湖区', '440500');
INSERT INTO `relation_areas` VALUES ('1967', '440511', '金平区', '440500');
INSERT INTO `relation_areas` VALUES ('1968', '440512', '濠江区', '440500');
INSERT INTO `relation_areas` VALUES ('1969', '440513', '潮阳区', '440500');
INSERT INTO `relation_areas` VALUES ('1970', '440514', '潮南区', '440500');
INSERT INTO `relation_areas` VALUES ('1971', '440515', '澄海区', '440500');
INSERT INTO `relation_areas` VALUES ('1972', '440523', '南澳县', '440500');
INSERT INTO `relation_areas` VALUES ('1973', '440601', '市辖区', '440600');
INSERT INTO `relation_areas` VALUES ('1974', '440604', '禅城区', '440600');
INSERT INTO `relation_areas` VALUES ('1975', '440605', '南海区', '440600');
INSERT INTO `relation_areas` VALUES ('1976', '440606', '顺德区', '440600');
INSERT INTO `relation_areas` VALUES ('1977', '440607', '三水区', '440600');
INSERT INTO `relation_areas` VALUES ('1978', '440608', '高明区', '440600');
INSERT INTO `relation_areas` VALUES ('1979', '440701', '市辖区', '440700');
INSERT INTO `relation_areas` VALUES ('1980', '440703', '蓬江区', '440700');
INSERT INTO `relation_areas` VALUES ('1981', '440704', '江海区', '440700');
INSERT INTO `relation_areas` VALUES ('1982', '440705', '新会区', '440700');
INSERT INTO `relation_areas` VALUES ('1983', '440781', '台山市', '440700');
INSERT INTO `relation_areas` VALUES ('1984', '440783', '开平市', '440700');
INSERT INTO `relation_areas` VALUES ('1985', '440784', '鹤山市', '440700');
INSERT INTO `relation_areas` VALUES ('1986', '440785', '恩平市', '440700');
INSERT INTO `relation_areas` VALUES ('1987', '440801', '市辖区', '440800');
INSERT INTO `relation_areas` VALUES ('1988', '440802', '赤坎区', '440800');
INSERT INTO `relation_areas` VALUES ('1989', '440803', '霞山区', '440800');
INSERT INTO `relation_areas` VALUES ('1990', '440804', '坡头区', '440800');
INSERT INTO `relation_areas` VALUES ('1991', '440811', '麻章区', '440800');
INSERT INTO `relation_areas` VALUES ('1992', '440823', '遂溪县', '440800');
INSERT INTO `relation_areas` VALUES ('1993', '440825', '徐闻县', '440800');
INSERT INTO `relation_areas` VALUES ('1994', '440881', '廉江市', '440800');
INSERT INTO `relation_areas` VALUES ('1995', '440882', '雷州市', '440800');
INSERT INTO `relation_areas` VALUES ('1996', '440883', '吴川市', '440800');
INSERT INTO `relation_areas` VALUES ('1997', '440901', '市辖区', '440900');
INSERT INTO `relation_areas` VALUES ('1998', '440902', '茂南区', '440900');
INSERT INTO `relation_areas` VALUES ('1999', '440903', '茂港区', '440900');
INSERT INTO `relation_areas` VALUES ('2000', '440923', '电白县', '440900');
INSERT INTO `relation_areas` VALUES ('2001', '440981', '高州市', '440900');
INSERT INTO `relation_areas` VALUES ('2002', '440982', '化州市', '440900');
INSERT INTO `relation_areas` VALUES ('2003', '440983', '信宜市', '440900');
INSERT INTO `relation_areas` VALUES ('2004', '441201', '市辖区', '441200');
INSERT INTO `relation_areas` VALUES ('2005', '441202', '端州区', '441200');
INSERT INTO `relation_areas` VALUES ('2006', '441203', '鼎湖区', '441200');
INSERT INTO `relation_areas` VALUES ('2007', '441223', '广宁县', '441200');
INSERT INTO `relation_areas` VALUES ('2008', '441224', '怀集县', '441200');
INSERT INTO `relation_areas` VALUES ('2009', '441225', '封开县', '441200');
INSERT INTO `relation_areas` VALUES ('2010', '441226', '德庆县', '441200');
INSERT INTO `relation_areas` VALUES ('2011', '441283', '高要市', '441200');
INSERT INTO `relation_areas` VALUES ('2012', '441284', '四会市', '441200');
INSERT INTO `relation_areas` VALUES ('2013', '441301', '市辖区', '441300');
INSERT INTO `relation_areas` VALUES ('2014', '441302', '惠城区', '441300');
INSERT INTO `relation_areas` VALUES ('2015', '441303', '惠阳区', '441300');
INSERT INTO `relation_areas` VALUES ('2016', '441322', '博罗县', '441300');
INSERT INTO `relation_areas` VALUES ('2017', '441323', '惠东县', '441300');
INSERT INTO `relation_areas` VALUES ('2018', '441324', '龙门县', '441300');
INSERT INTO `relation_areas` VALUES ('2019', '441401', '市辖区', '441400');
INSERT INTO `relation_areas` VALUES ('2020', '441402', '梅江区', '441400');
INSERT INTO `relation_areas` VALUES ('2021', '441421', '梅　县', '441400');
INSERT INTO `relation_areas` VALUES ('2022', '441422', '大埔县', '441400');
INSERT INTO `relation_areas` VALUES ('2023', '441423', '丰顺县', '441400');
INSERT INTO `relation_areas` VALUES ('2024', '441424', '五华县', '441400');
INSERT INTO `relation_areas` VALUES ('2025', '441426', '平远县', '441400');
INSERT INTO `relation_areas` VALUES ('2026', '441427', '蕉岭县', '441400');
INSERT INTO `relation_areas` VALUES ('2027', '441481', '兴宁市', '441400');
INSERT INTO `relation_areas` VALUES ('2028', '441501', '市辖区', '441500');
INSERT INTO `relation_areas` VALUES ('2029', '441502', '城　区', '441500');
INSERT INTO `relation_areas` VALUES ('2030', '441521', '海丰县', '441500');
INSERT INTO `relation_areas` VALUES ('2031', '441523', '陆河县', '441500');
INSERT INTO `relation_areas` VALUES ('2032', '441581', '陆丰市', '441500');
INSERT INTO `relation_areas` VALUES ('2033', '441601', '市辖区', '441600');
INSERT INTO `relation_areas` VALUES ('2034', '441602', '源城区', '441600');
INSERT INTO `relation_areas` VALUES ('2035', '441621', '紫金县', '441600');
INSERT INTO `relation_areas` VALUES ('2036', '441622', '龙川县', '441600');
INSERT INTO `relation_areas` VALUES ('2037', '441623', '连平县', '441600');
INSERT INTO `relation_areas` VALUES ('2038', '441624', '和平县', '441600');
INSERT INTO `relation_areas` VALUES ('2039', '441625', '东源县', '441600');
INSERT INTO `relation_areas` VALUES ('2040', '441701', '市辖区', '441700');
INSERT INTO `relation_areas` VALUES ('2041', '441702', '江城区', '441700');
INSERT INTO `relation_areas` VALUES ('2042', '441721', '阳西县', '441700');
INSERT INTO `relation_areas` VALUES ('2043', '441723', '阳东县', '441700');
INSERT INTO `relation_areas` VALUES ('2044', '441781', '阳春市', '441700');
INSERT INTO `relation_areas` VALUES ('2045', '441801', '市辖区', '441800');
INSERT INTO `relation_areas` VALUES ('2046', '441802', '清城区', '441800');
INSERT INTO `relation_areas` VALUES ('2047', '441821', '佛冈县', '441800');
INSERT INTO `relation_areas` VALUES ('2048', '441823', '阳山县', '441800');
INSERT INTO `relation_areas` VALUES ('2049', '441825', '连山壮族瑶族自治县', '441800');
INSERT INTO `relation_areas` VALUES ('2050', '441826', '连南瑶族自治县', '441800');
INSERT INTO `relation_areas` VALUES ('2051', '441827', '清新县', '441800');
INSERT INTO `relation_areas` VALUES ('2052', '441881', '英德市', '441800');
INSERT INTO `relation_areas` VALUES ('2053', '441882', '连州市', '441800');
INSERT INTO `relation_areas` VALUES ('2054', '445101', '市辖区', '445100');
INSERT INTO `relation_areas` VALUES ('2055', '445102', '湘桥区', '445100');
INSERT INTO `relation_areas` VALUES ('2056', '445121', '潮安县', '445100');
INSERT INTO `relation_areas` VALUES ('2057', '445122', '饶平县', '445100');
INSERT INTO `relation_areas` VALUES ('2058', '445201', '市辖区', '445200');
INSERT INTO `relation_areas` VALUES ('2059', '445202', '榕城区', '445200');
INSERT INTO `relation_areas` VALUES ('2060', '445221', '揭东县', '445200');
INSERT INTO `relation_areas` VALUES ('2061', '445222', '揭西县', '445200');
INSERT INTO `relation_areas` VALUES ('2062', '445224', '惠来县', '445200');
INSERT INTO `relation_areas` VALUES ('2063', '445281', '普宁市', '445200');
INSERT INTO `relation_areas` VALUES ('2064', '445301', '市辖区', '445300');
INSERT INTO `relation_areas` VALUES ('2065', '445302', '云城区', '445300');
INSERT INTO `relation_areas` VALUES ('2066', '445321', '新兴县', '445300');
INSERT INTO `relation_areas` VALUES ('2067', '445322', '郁南县', '445300');
INSERT INTO `relation_areas` VALUES ('2068', '445323', '云安县', '445300');
INSERT INTO `relation_areas` VALUES ('2069', '445381', '罗定市', '445300');
INSERT INTO `relation_areas` VALUES ('2070', '450101', '市辖区', '450100');
INSERT INTO `relation_areas` VALUES ('2071', '450102', '兴宁区', '450100');
INSERT INTO `relation_areas` VALUES ('2072', '450103', '青秀区', '450100');
INSERT INTO `relation_areas` VALUES ('2073', '450105', '江南区', '450100');
INSERT INTO `relation_areas` VALUES ('2074', '450107', '西乡塘区', '450100');
INSERT INTO `relation_areas` VALUES ('2075', '450108', '良庆区', '450100');
INSERT INTO `relation_areas` VALUES ('2076', '450109', '邕宁区', '450100');
INSERT INTO `relation_areas` VALUES ('2077', '450122', '武鸣县', '450100');
INSERT INTO `relation_areas` VALUES ('2078', '450123', '隆安县', '450100');
INSERT INTO `relation_areas` VALUES ('2079', '450124', '马山县', '450100');
INSERT INTO `relation_areas` VALUES ('2080', '450125', '上林县', '450100');
INSERT INTO `relation_areas` VALUES ('2081', '450126', '宾阳县', '450100');
INSERT INTO `relation_areas` VALUES ('2082', '450127', '横　县', '450100');
INSERT INTO `relation_areas` VALUES ('2083', '450201', '市辖区', '450200');
INSERT INTO `relation_areas` VALUES ('2084', '450202', '城中区', '450200');
INSERT INTO `relation_areas` VALUES ('2085', '450203', '鱼峰区', '450200');
INSERT INTO `relation_areas` VALUES ('2086', '450204', '柳南区', '450200');
INSERT INTO `relation_areas` VALUES ('2087', '450205', '柳北区', '450200');
INSERT INTO `relation_areas` VALUES ('2088', '450221', '柳江县', '450200');
INSERT INTO `relation_areas` VALUES ('2089', '450222', '柳城县', '450200');
INSERT INTO `relation_areas` VALUES ('2090', '450223', '鹿寨县', '450200');
INSERT INTO `relation_areas` VALUES ('2091', '450224', '融安县', '450200');
INSERT INTO `relation_areas` VALUES ('2092', '450225', '融水苗族自治县', '450200');
INSERT INTO `relation_areas` VALUES ('2093', '450226', '三江侗族自治县', '450200');
INSERT INTO `relation_areas` VALUES ('2094', '450301', '市辖区', '450300');
INSERT INTO `relation_areas` VALUES ('2095', '450302', '秀峰区', '450300');
INSERT INTO `relation_areas` VALUES ('2096', '450303', '叠彩区', '450300');
INSERT INTO `relation_areas` VALUES ('2097', '450304', '象山区', '450300');
INSERT INTO `relation_areas` VALUES ('2098', '450305', '七星区', '450300');
INSERT INTO `relation_areas` VALUES ('2099', '450311', '雁山区', '450300');
INSERT INTO `relation_areas` VALUES ('2100', '450321', '阳朔县', '450300');
INSERT INTO `relation_areas` VALUES ('2101', '450322', '临桂县', '450300');
INSERT INTO `relation_areas` VALUES ('2102', '450323', '灵川县', '450300');
INSERT INTO `relation_areas` VALUES ('2103', '450324', '全州县', '450300');
INSERT INTO `relation_areas` VALUES ('2104', '450325', '兴安县', '450300');
INSERT INTO `relation_areas` VALUES ('2105', '450326', '永福县', '450300');
INSERT INTO `relation_areas` VALUES ('2106', '450327', '灌阳县', '450300');
INSERT INTO `relation_areas` VALUES ('2107', '450328', '龙胜各族自治县', '450300');
INSERT INTO `relation_areas` VALUES ('2108', '450329', '资源县', '450300');
INSERT INTO `relation_areas` VALUES ('2109', '450330', '平乐县', '450300');
INSERT INTO `relation_areas` VALUES ('2110', '450331', '荔蒲县', '450300');
INSERT INTO `relation_areas` VALUES ('2111', '450332', '恭城瑶族自治县', '450300');
INSERT INTO `relation_areas` VALUES ('2112', '450401', '市辖区', '450400');
INSERT INTO `relation_areas` VALUES ('2113', '450403', '万秀区', '450400');
INSERT INTO `relation_areas` VALUES ('2114', '450404', '蝶山区', '450400');
INSERT INTO `relation_areas` VALUES ('2115', '450405', '长洲区', '450400');
INSERT INTO `relation_areas` VALUES ('2116', '450421', '苍梧县', '450400');
INSERT INTO `relation_areas` VALUES ('2117', '450422', '藤　县', '450400');
INSERT INTO `relation_areas` VALUES ('2118', '450423', '蒙山县', '450400');
INSERT INTO `relation_areas` VALUES ('2119', '450481', '岑溪市', '450400');
INSERT INTO `relation_areas` VALUES ('2120', '450501', '市辖区', '450500');
INSERT INTO `relation_areas` VALUES ('2121', '450502', '海城区', '450500');
INSERT INTO `relation_areas` VALUES ('2122', '450503', '银海区', '450500');
INSERT INTO `relation_areas` VALUES ('2123', '450512', '铁山港区', '450500');
INSERT INTO `relation_areas` VALUES ('2124', '450521', '合浦县', '450500');
INSERT INTO `relation_areas` VALUES ('2125', '450601', '市辖区', '450600');
INSERT INTO `relation_areas` VALUES ('2126', '450602', '港口区', '450600');
INSERT INTO `relation_areas` VALUES ('2127', '450603', '防城区', '450600');
INSERT INTO `relation_areas` VALUES ('2128', '450621', '上思县', '450600');
INSERT INTO `relation_areas` VALUES ('2129', '450681', '东兴市', '450600');
INSERT INTO `relation_areas` VALUES ('2130', '450701', '市辖区', '450700');
INSERT INTO `relation_areas` VALUES ('2131', '450702', '钦南区', '450700');
INSERT INTO `relation_areas` VALUES ('2132', '450703', '钦北区', '450700');
INSERT INTO `relation_areas` VALUES ('2133', '450721', '灵山县', '450700');
INSERT INTO `relation_areas` VALUES ('2134', '450722', '浦北县', '450700');
INSERT INTO `relation_areas` VALUES ('2135', '450801', '市辖区', '450800');
INSERT INTO `relation_areas` VALUES ('2136', '450802', '港北区', '450800');
INSERT INTO `relation_areas` VALUES ('2137', '450803', '港南区', '450800');
INSERT INTO `relation_areas` VALUES ('2138', '450804', '覃塘区', '450800');
INSERT INTO `relation_areas` VALUES ('2139', '450821', '平南县', '450800');
INSERT INTO `relation_areas` VALUES ('2140', '450881', '桂平市', '450800');
INSERT INTO `relation_areas` VALUES ('2141', '450901', '市辖区', '450900');
INSERT INTO `relation_areas` VALUES ('2142', '450902', '玉州区', '450900');
INSERT INTO `relation_areas` VALUES ('2143', '450921', '容　县', '450900');
INSERT INTO `relation_areas` VALUES ('2144', '450922', '陆川县', '450900');
INSERT INTO `relation_areas` VALUES ('2145', '450923', '博白县', '450900');
INSERT INTO `relation_areas` VALUES ('2146', '450924', '兴业县', '450900');
INSERT INTO `relation_areas` VALUES ('2147', '450981', '北流市', '450900');
INSERT INTO `relation_areas` VALUES ('2148', '451001', '市辖区', '451000');
INSERT INTO `relation_areas` VALUES ('2149', '451002', '右江区', '451000');
INSERT INTO `relation_areas` VALUES ('2150', '451021', '田阳县', '451000');
INSERT INTO `relation_areas` VALUES ('2151', '451022', '田东县', '451000');
INSERT INTO `relation_areas` VALUES ('2152', '451023', '平果县', '451000');
INSERT INTO `relation_areas` VALUES ('2153', '451024', '德保县', '451000');
INSERT INTO `relation_areas` VALUES ('2154', '451025', '靖西县', '451000');
INSERT INTO `relation_areas` VALUES ('2155', '451026', '那坡县', '451000');
INSERT INTO `relation_areas` VALUES ('2156', '451027', '凌云县', '451000');
INSERT INTO `relation_areas` VALUES ('2157', '451028', '乐业县', '451000');
INSERT INTO `relation_areas` VALUES ('2158', '451029', '田林县', '451000');
INSERT INTO `relation_areas` VALUES ('2159', '451030', '西林县', '451000');
INSERT INTO `relation_areas` VALUES ('2160', '451031', '隆林各族自治县', '451000');
INSERT INTO `relation_areas` VALUES ('2161', '451101', '市辖区', '451100');
INSERT INTO `relation_areas` VALUES ('2162', '451102', '八步区', '451100');
INSERT INTO `relation_areas` VALUES ('2163', '451121', '昭平县', '451100');
INSERT INTO `relation_areas` VALUES ('2164', '451122', '钟山县', '451100');
INSERT INTO `relation_areas` VALUES ('2165', '451123', '富川瑶族自治县', '451100');
INSERT INTO `relation_areas` VALUES ('2166', '451201', '市辖区', '451200');
INSERT INTO `relation_areas` VALUES ('2167', '451202', '金城江区', '451200');
INSERT INTO `relation_areas` VALUES ('2168', '451221', '南丹县', '451200');
INSERT INTO `relation_areas` VALUES ('2169', '451222', '天峨县', '451200');
INSERT INTO `relation_areas` VALUES ('2170', '451223', '凤山县', '451200');
INSERT INTO `relation_areas` VALUES ('2171', '451224', '东兰县', '451200');
INSERT INTO `relation_areas` VALUES ('2172', '451225', '罗城仫佬族自治县', '451200');
INSERT INTO `relation_areas` VALUES ('2173', '451226', '环江毛南族自治县', '451200');
INSERT INTO `relation_areas` VALUES ('2174', '451227', '巴马瑶族自治县', '451200');
INSERT INTO `relation_areas` VALUES ('2175', '451228', '都安瑶族自治县', '451200');
INSERT INTO `relation_areas` VALUES ('2176', '451229', '大化瑶族自治县', '451200');
INSERT INTO `relation_areas` VALUES ('2177', '451281', '宜州市', '451200');
INSERT INTO `relation_areas` VALUES ('2178', '451301', '市辖区', '451300');
INSERT INTO `relation_areas` VALUES ('2179', '451302', '兴宾区', '451300');
INSERT INTO `relation_areas` VALUES ('2180', '451321', '忻城县', '451300');
INSERT INTO `relation_areas` VALUES ('2181', '451322', '象州县', '451300');
INSERT INTO `relation_areas` VALUES ('2182', '451323', '武宣县', '451300');
INSERT INTO `relation_areas` VALUES ('2183', '451324', '金秀瑶族自治县', '451300');
INSERT INTO `relation_areas` VALUES ('2184', '451381', '合山市', '451300');
INSERT INTO `relation_areas` VALUES ('2185', '451401', '市辖区', '451400');
INSERT INTO `relation_areas` VALUES ('2186', '451402', '江洲区', '451400');
INSERT INTO `relation_areas` VALUES ('2187', '451421', '扶绥县', '451400');
INSERT INTO `relation_areas` VALUES ('2188', '451422', '宁明县', '451400');
INSERT INTO `relation_areas` VALUES ('2189', '451423', '龙州县', '451400');
INSERT INTO `relation_areas` VALUES ('2190', '451424', '大新县', '451400');
INSERT INTO `relation_areas` VALUES ('2191', '451425', '天等县', '451400');
INSERT INTO `relation_areas` VALUES ('2192', '451481', '凭祥市', '451400');
INSERT INTO `relation_areas` VALUES ('2193', '460101', '市辖区', '460100');
INSERT INTO `relation_areas` VALUES ('2194', '460105', '秀英区', '460100');
INSERT INTO `relation_areas` VALUES ('2195', '460106', '龙华区', '460100');
INSERT INTO `relation_areas` VALUES ('2196', '460107', '琼山区', '460100');
INSERT INTO `relation_areas` VALUES ('2197', '460108', '美兰区', '460100');
INSERT INTO `relation_areas` VALUES ('2198', '460201', '市辖区', '460200');
INSERT INTO `relation_areas` VALUES ('2199', '469001', '五指山市', '469000');
INSERT INTO `relation_areas` VALUES ('2200', '469002', '琼海市', '469000');
INSERT INTO `relation_areas` VALUES ('2201', '469003', '儋州市', '469000');
INSERT INTO `relation_areas` VALUES ('2202', '469005', '文昌市', '469000');
INSERT INTO `relation_areas` VALUES ('2203', '469006', '万宁市', '469000');
INSERT INTO `relation_areas` VALUES ('2204', '469007', '东方市', '469000');
INSERT INTO `relation_areas` VALUES ('2205', '469025', '定安县', '469000');
INSERT INTO `relation_areas` VALUES ('2206', '469026', '屯昌县', '469000');
INSERT INTO `relation_areas` VALUES ('2207', '469027', '澄迈县', '469000');
INSERT INTO `relation_areas` VALUES ('2208', '469028', '临高县', '469000');
INSERT INTO `relation_areas` VALUES ('2209', '469030', '白沙黎族自治县', '469000');
INSERT INTO `relation_areas` VALUES ('2210', '469031', '昌江黎族自治县', '469000');
INSERT INTO `relation_areas` VALUES ('2211', '469033', '乐东黎族自治县', '469000');
INSERT INTO `relation_areas` VALUES ('2212', '469034', '陵水黎族自治县', '469000');
INSERT INTO `relation_areas` VALUES ('2213', '469035', '保亭黎族苗族自治县', '469000');
INSERT INTO `relation_areas` VALUES ('2214', '469036', '琼中黎族苗族自治县', '469000');
INSERT INTO `relation_areas` VALUES ('2215', '469037', '西沙群岛', '469000');
INSERT INTO `relation_areas` VALUES ('2216', '469038', '南沙群岛', '469000');
INSERT INTO `relation_areas` VALUES ('2217', '469039', '中沙群岛的岛礁及其海域', '469000');
INSERT INTO `relation_areas` VALUES ('2218', '500101', '万州区', '500100');
INSERT INTO `relation_areas` VALUES ('2219', '500102', '涪陵区', '500100');
INSERT INTO `relation_areas` VALUES ('2220', '500103', '渝中区', '500100');
INSERT INTO `relation_areas` VALUES ('2221', '500104', '大渡口区', '500100');
INSERT INTO `relation_areas` VALUES ('2222', '500105', '江北区', '500100');
INSERT INTO `relation_areas` VALUES ('2223', '500106', '沙坪坝区', '500100');
INSERT INTO `relation_areas` VALUES ('2224', '500107', '九龙坡区', '500100');
INSERT INTO `relation_areas` VALUES ('2225', '500108', '南岸区', '500100');
INSERT INTO `relation_areas` VALUES ('2226', '500109', '北碚区', '500100');
INSERT INTO `relation_areas` VALUES ('2227', '500110', '万盛区', '500100');
INSERT INTO `relation_areas` VALUES ('2228', '500111', '双桥区', '500100');
INSERT INTO `relation_areas` VALUES ('2229', '500112', '渝北区', '500100');
INSERT INTO `relation_areas` VALUES ('2230', '500113', '巴南区', '500100');
INSERT INTO `relation_areas` VALUES ('2231', '500114', '黔江区', '500100');
INSERT INTO `relation_areas` VALUES ('2232', '500115', '长寿区', '500100');
INSERT INTO `relation_areas` VALUES ('2233', '500222', '綦江县', '500200');
INSERT INTO `relation_areas` VALUES ('2234', '500223', '潼南县', '500200');
INSERT INTO `relation_areas` VALUES ('2235', '500224', '铜梁县', '500200');
INSERT INTO `relation_areas` VALUES ('2236', '500225', '大足县', '500200');
INSERT INTO `relation_areas` VALUES ('2237', '500226', '荣昌县', '500200');
INSERT INTO `relation_areas` VALUES ('2238', '500227', '璧山县', '500200');
INSERT INTO `relation_areas` VALUES ('2239', '500228', '梁平县', '500200');
INSERT INTO `relation_areas` VALUES ('2240', '500229', '城口县', '500200');
INSERT INTO `relation_areas` VALUES ('2241', '500230', '丰都县', '500200');
INSERT INTO `relation_areas` VALUES ('2242', '500231', '垫江县', '500200');
INSERT INTO `relation_areas` VALUES ('2243', '500232', '武隆县', '500200');
INSERT INTO `relation_areas` VALUES ('2244', '500233', '忠　县', '500200');
INSERT INTO `relation_areas` VALUES ('2245', '500234', '开　县', '500200');
INSERT INTO `relation_areas` VALUES ('2246', '500235', '云阳县', '500200');
INSERT INTO `relation_areas` VALUES ('2247', '500236', '奉节县', '500200');
INSERT INTO `relation_areas` VALUES ('2248', '500237', '巫山县', '500200');
INSERT INTO `relation_areas` VALUES ('2249', '500238', '巫溪县', '500200');
INSERT INTO `relation_areas` VALUES ('2250', '500240', '石柱土家族自治县', '500200');
INSERT INTO `relation_areas` VALUES ('2251', '500241', '秀山土家族苗族自治县', '500200');
INSERT INTO `relation_areas` VALUES ('2252', '500242', '酉阳土家族苗族自治县', '500200');
INSERT INTO `relation_areas` VALUES ('2253', '500243', '彭水苗族土家族自治县', '500200');
INSERT INTO `relation_areas` VALUES ('2254', '500381', '江津市', '500300');
INSERT INTO `relation_areas` VALUES ('2255', '500382', '合川市', '500300');
INSERT INTO `relation_areas` VALUES ('2256', '500383', '永川市', '500300');
INSERT INTO `relation_areas` VALUES ('2257', '500384', '南川市', '500300');
INSERT INTO `relation_areas` VALUES ('2258', '510101', '市辖区', '510100');
INSERT INTO `relation_areas` VALUES ('2259', '510104', '锦江区', '510100');
INSERT INTO `relation_areas` VALUES ('2260', '510105', '青羊区', '510100');
INSERT INTO `relation_areas` VALUES ('2261', '510106', '金牛区', '510100');
INSERT INTO `relation_areas` VALUES ('2262', '510107', '武侯区', '510100');
INSERT INTO `relation_areas` VALUES ('2263', '510108', '成华区', '510100');
INSERT INTO `relation_areas` VALUES ('2264', '510112', '龙泉驿区', '510100');
INSERT INTO `relation_areas` VALUES ('2265', '510113', '青白江区', '510100');
INSERT INTO `relation_areas` VALUES ('2266', '510114', '新都区', '510100');
INSERT INTO `relation_areas` VALUES ('2267', '510115', '温江县', '510100');
INSERT INTO `relation_areas` VALUES ('2268', '510121', '金堂县', '510100');
INSERT INTO `relation_areas` VALUES ('2269', '510122', '双流县', '510100');
INSERT INTO `relation_areas` VALUES ('2270', '510124', '郫　县', '510100');
INSERT INTO `relation_areas` VALUES ('2271', '510129', '大邑县', '510100');
INSERT INTO `relation_areas` VALUES ('2272', '510131', '蒲江县', '510100');
INSERT INTO `relation_areas` VALUES ('2273', '510132', '新津县', '510100');
INSERT INTO `relation_areas` VALUES ('2274', '510181', '都江堰市', '510100');
INSERT INTO `relation_areas` VALUES ('2275', '510182', '彭州市', '510100');
INSERT INTO `relation_areas` VALUES ('2276', '510183', '邛崃市', '510100');
INSERT INTO `relation_areas` VALUES ('2277', '510184', '崇州市', '510100');
INSERT INTO `relation_areas` VALUES ('2278', '510301', '市辖区', '510300');
INSERT INTO `relation_areas` VALUES ('2279', '510302', '自流井区', '510300');
INSERT INTO `relation_areas` VALUES ('2280', '510303', '贡井区', '510300');
INSERT INTO `relation_areas` VALUES ('2281', '510304', '大安区', '510300');
INSERT INTO `relation_areas` VALUES ('2282', '510311', '沿滩区', '510300');
INSERT INTO `relation_areas` VALUES ('2283', '510321', '荣　县', '510300');
INSERT INTO `relation_areas` VALUES ('2284', '510322', '富顺县', '510300');
INSERT INTO `relation_areas` VALUES ('2285', '510401', '市辖区', '510400');
INSERT INTO `relation_areas` VALUES ('2286', '510402', '东　区', '510400');
INSERT INTO `relation_areas` VALUES ('2287', '510403', '西　区', '510400');
INSERT INTO `relation_areas` VALUES ('2288', '510411', '仁和区', '510400');
INSERT INTO `relation_areas` VALUES ('2289', '510421', '米易县', '510400');
INSERT INTO `relation_areas` VALUES ('2290', '510422', '盐边县', '510400');
INSERT INTO `relation_areas` VALUES ('2291', '510501', '市辖区', '510500');
INSERT INTO `relation_areas` VALUES ('2292', '510502', '江阳区', '510500');
INSERT INTO `relation_areas` VALUES ('2293', '510503', '纳溪区', '510500');
INSERT INTO `relation_areas` VALUES ('2294', '510504', '龙马潭区', '510500');
INSERT INTO `relation_areas` VALUES ('2295', '510521', '泸　县', '510500');
INSERT INTO `relation_areas` VALUES ('2296', '510522', '合江县', '510500');
INSERT INTO `relation_areas` VALUES ('2297', '510524', '叙永县', '510500');
INSERT INTO `relation_areas` VALUES ('2298', '510525', '古蔺县', '510500');
INSERT INTO `relation_areas` VALUES ('2299', '510601', '市辖区', '510600');
INSERT INTO `relation_areas` VALUES ('2300', '510603', '旌阳区', '510600');
INSERT INTO `relation_areas` VALUES ('2301', '510623', '中江县', '510600');
INSERT INTO `relation_areas` VALUES ('2302', '510626', '罗江县', '510600');
INSERT INTO `relation_areas` VALUES ('2303', '510681', '广汉市', '510600');
INSERT INTO `relation_areas` VALUES ('2304', '510682', '什邡市', '510600');
INSERT INTO `relation_areas` VALUES ('2305', '510683', '绵竹市', '510600');
INSERT INTO `relation_areas` VALUES ('2306', '510701', '市辖区', '510700');
INSERT INTO `relation_areas` VALUES ('2307', '510703', '涪城区', '510700');
INSERT INTO `relation_areas` VALUES ('2308', '510704', '游仙区', '510700');
INSERT INTO `relation_areas` VALUES ('2309', '510722', '三台县', '510700');
INSERT INTO `relation_areas` VALUES ('2310', '510723', '盐亭县', '510700');
INSERT INTO `relation_areas` VALUES ('2311', '510724', '安　县', '510700');
INSERT INTO `relation_areas` VALUES ('2312', '510725', '梓潼县', '510700');
INSERT INTO `relation_areas` VALUES ('2313', '510726', '北川羌族自治县', '510700');
INSERT INTO `relation_areas` VALUES ('2314', '510727', '平武县', '510700');
INSERT INTO `relation_areas` VALUES ('2315', '510781', '江油市', '510700');
INSERT INTO `relation_areas` VALUES ('2316', '510801', '市辖区', '510800');
INSERT INTO `relation_areas` VALUES ('2317', '510802', '市中区', '510800');
INSERT INTO `relation_areas` VALUES ('2318', '510811', '元坝区', '510800');
INSERT INTO `relation_areas` VALUES ('2319', '510812', '朝天区', '510800');
INSERT INTO `relation_areas` VALUES ('2320', '510821', '旺苍县', '510800');
INSERT INTO `relation_areas` VALUES ('2321', '510822', '青川县', '510800');
INSERT INTO `relation_areas` VALUES ('2322', '510823', '剑阁县', '510800');
INSERT INTO `relation_areas` VALUES ('2323', '510824', '苍溪县', '510800');
INSERT INTO `relation_areas` VALUES ('2324', '510901', '市辖区', '510900');
INSERT INTO `relation_areas` VALUES ('2325', '510903', '船山区', '510900');
INSERT INTO `relation_areas` VALUES ('2326', '510904', '安居区', '510900');
INSERT INTO `relation_areas` VALUES ('2327', '510921', '蓬溪县', '510900');
INSERT INTO `relation_areas` VALUES ('2328', '510922', '射洪县', '510900');
INSERT INTO `relation_areas` VALUES ('2329', '510923', '大英县', '510900');
INSERT INTO `relation_areas` VALUES ('2330', '511001', '市辖区', '511000');
INSERT INTO `relation_areas` VALUES ('2331', '511002', '市中区', '511000');
INSERT INTO `relation_areas` VALUES ('2332', '511011', '东兴区', '511000');
INSERT INTO `relation_areas` VALUES ('2333', '511024', '威远县', '511000');
INSERT INTO `relation_areas` VALUES ('2334', '511025', '资中县', '511000');
INSERT INTO `relation_areas` VALUES ('2335', '511028', '隆昌县', '511000');
INSERT INTO `relation_areas` VALUES ('2336', '511101', '市辖区', '511100');
INSERT INTO `relation_areas` VALUES ('2337', '511102', '市中区', '511100');
INSERT INTO `relation_areas` VALUES ('2338', '511111', '沙湾区', '511100');
INSERT INTO `relation_areas` VALUES ('2339', '511112', '五通桥区', '511100');
INSERT INTO `relation_areas` VALUES ('2340', '511113', '金口河区', '511100');
INSERT INTO `relation_areas` VALUES ('2341', '511123', '犍为县', '511100');
INSERT INTO `relation_areas` VALUES ('2342', '511124', '井研县', '511100');
INSERT INTO `relation_areas` VALUES ('2343', '511126', '夹江县', '511100');
INSERT INTO `relation_areas` VALUES ('2344', '511129', '沐川县', '511100');
INSERT INTO `relation_areas` VALUES ('2345', '511132', '峨边彝族自治县', '511100');
INSERT INTO `relation_areas` VALUES ('2346', '511133', '马边彝族自治县', '511100');
INSERT INTO `relation_areas` VALUES ('2347', '511181', '峨眉山市', '511100');
INSERT INTO `relation_areas` VALUES ('2348', '511301', '市辖区', '511300');
INSERT INTO `relation_areas` VALUES ('2349', '511302', '顺庆区', '511300');
INSERT INTO `relation_areas` VALUES ('2350', '511303', '高坪区', '511300');
INSERT INTO `relation_areas` VALUES ('2351', '511304', '嘉陵区', '511300');
INSERT INTO `relation_areas` VALUES ('2352', '511321', '南部县', '511300');
INSERT INTO `relation_areas` VALUES ('2353', '511322', '营山县', '511300');
INSERT INTO `relation_areas` VALUES ('2354', '511323', '蓬安县', '511300');
INSERT INTO `relation_areas` VALUES ('2355', '511324', '仪陇县', '511300');
INSERT INTO `relation_areas` VALUES ('2356', '511325', '西充县', '511300');
INSERT INTO `relation_areas` VALUES ('2357', '511381', '阆中市', '511300');
INSERT INTO `relation_areas` VALUES ('2358', '511401', '市辖区', '511400');
INSERT INTO `relation_areas` VALUES ('2359', '511402', '东坡区', '511400');
INSERT INTO `relation_areas` VALUES ('2360', '511421', '仁寿县', '511400');
INSERT INTO `relation_areas` VALUES ('2361', '511422', '彭山县', '511400');
INSERT INTO `relation_areas` VALUES ('2362', '511423', '洪雅县', '511400');
INSERT INTO `relation_areas` VALUES ('2363', '511424', '丹棱县', '511400');
INSERT INTO `relation_areas` VALUES ('2364', '511425', '青神县', '511400');
INSERT INTO `relation_areas` VALUES ('2365', '511501', '市辖区', '511500');
INSERT INTO `relation_areas` VALUES ('2366', '511502', '翠屏区', '511500');
INSERT INTO `relation_areas` VALUES ('2367', '511521', '宜宾县', '511500');
INSERT INTO `relation_areas` VALUES ('2368', '511522', '南溪县', '511500');
INSERT INTO `relation_areas` VALUES ('2369', '511523', '江安县', '511500');
INSERT INTO `relation_areas` VALUES ('2370', '511524', '长宁县', '511500');
INSERT INTO `relation_areas` VALUES ('2371', '511525', '高　县', '511500');
INSERT INTO `relation_areas` VALUES ('2372', '511526', '珙　县', '511500');
INSERT INTO `relation_areas` VALUES ('2373', '511527', '筠连县', '511500');
INSERT INTO `relation_areas` VALUES ('2374', '511528', '兴文县', '511500');
INSERT INTO `relation_areas` VALUES ('2375', '511529', '屏山县', '511500');
INSERT INTO `relation_areas` VALUES ('2376', '511601', '市辖区', '511600');
INSERT INTO `relation_areas` VALUES ('2377', '511602', '广安区', '511600');
INSERT INTO `relation_areas` VALUES ('2378', '511621', '岳池县', '511600');
INSERT INTO `relation_areas` VALUES ('2379', '511622', '武胜县', '511600');
INSERT INTO `relation_areas` VALUES ('2380', '511623', '邻水县', '511600');
INSERT INTO `relation_areas` VALUES ('2381', '511681', '华莹市', '511600');
INSERT INTO `relation_areas` VALUES ('2382', '511701', '市辖区', '511700');
INSERT INTO `relation_areas` VALUES ('2383', '511702', '通川区', '511700');
INSERT INTO `relation_areas` VALUES ('2384', '511721', '达　县', '511700');
INSERT INTO `relation_areas` VALUES ('2385', '511722', '宣汉县', '511700');
INSERT INTO `relation_areas` VALUES ('2386', '511723', '开江县', '511700');
INSERT INTO `relation_areas` VALUES ('2387', '511724', '大竹县', '511700');
INSERT INTO `relation_areas` VALUES ('2388', '511725', '渠　县', '511700');
INSERT INTO `relation_areas` VALUES ('2389', '511781', '万源市', '511700');
INSERT INTO `relation_areas` VALUES ('2390', '511801', '市辖区', '511800');
INSERT INTO `relation_areas` VALUES ('2391', '511802', '雨城区', '511800');
INSERT INTO `relation_areas` VALUES ('2392', '511821', '名山县', '511800');
INSERT INTO `relation_areas` VALUES ('2393', '511822', '荥经县', '511800');
INSERT INTO `relation_areas` VALUES ('2394', '511823', '汉源县', '511800');
INSERT INTO `relation_areas` VALUES ('2395', '511824', '石棉县', '511800');
INSERT INTO `relation_areas` VALUES ('2396', '511825', '天全县', '511800');
INSERT INTO `relation_areas` VALUES ('2397', '511826', '芦山县', '511800');
INSERT INTO `relation_areas` VALUES ('2398', '511827', '宝兴县', '511800');
INSERT INTO `relation_areas` VALUES ('2399', '511901', '市辖区', '511900');
INSERT INTO `relation_areas` VALUES ('2400', '511902', '巴州区', '511900');
INSERT INTO `relation_areas` VALUES ('2401', '511921', '通江县', '511900');
INSERT INTO `relation_areas` VALUES ('2402', '511922', '南江县', '511900');
INSERT INTO `relation_areas` VALUES ('2403', '511923', '平昌县', '511900');
INSERT INTO `relation_areas` VALUES ('2404', '512001', '市辖区', '512000');
INSERT INTO `relation_areas` VALUES ('2405', '512002', '雁江区', '512000');
INSERT INTO `relation_areas` VALUES ('2406', '512021', '安岳县', '512000');
INSERT INTO `relation_areas` VALUES ('2407', '512022', '乐至县', '512000');
INSERT INTO `relation_areas` VALUES ('2408', '512081', '简阳市', '512000');
INSERT INTO `relation_areas` VALUES ('2409', '513221', '汶川县', '513200');
INSERT INTO `relation_areas` VALUES ('2410', '513222', '理　县', '513200');
INSERT INTO `relation_areas` VALUES ('2411', '513223', '茂　县', '513200');
INSERT INTO `relation_areas` VALUES ('2412', '513224', '松潘县', '513200');
INSERT INTO `relation_areas` VALUES ('2413', '513225', '九寨沟县', '513200');
INSERT INTO `relation_areas` VALUES ('2414', '513226', '金川县', '513200');
INSERT INTO `relation_areas` VALUES ('2415', '513227', '小金县', '513200');
INSERT INTO `relation_areas` VALUES ('2416', '513228', '黑水县', '513200');
INSERT INTO `relation_areas` VALUES ('2417', '513229', '马尔康县', '513200');
INSERT INTO `relation_areas` VALUES ('2418', '513230', '壤塘县', '513200');
INSERT INTO `relation_areas` VALUES ('2419', '513231', '阿坝县', '513200');
INSERT INTO `relation_areas` VALUES ('2420', '513232', '若尔盖县', '513200');
INSERT INTO `relation_areas` VALUES ('2421', '513233', '红原县', '513200');
INSERT INTO `relation_areas` VALUES ('2422', '513321', '康定县', '513300');
INSERT INTO `relation_areas` VALUES ('2423', '513322', '泸定县', '513300');
INSERT INTO `relation_areas` VALUES ('2424', '513323', '丹巴县', '513300');
INSERT INTO `relation_areas` VALUES ('2425', '513324', '九龙县', '513300');
INSERT INTO `relation_areas` VALUES ('2426', '513325', '雅江县', '513300');
INSERT INTO `relation_areas` VALUES ('2427', '513326', '道孚县', '513300');
INSERT INTO `relation_areas` VALUES ('2428', '513327', '炉霍县', '513300');
INSERT INTO `relation_areas` VALUES ('2429', '513328', '甘孜县', '513300');
INSERT INTO `relation_areas` VALUES ('2430', '513329', '新龙县', '513300');
INSERT INTO `relation_areas` VALUES ('2431', '513330', '德格县', '513300');
INSERT INTO `relation_areas` VALUES ('2432', '513331', '白玉县', '513300');
INSERT INTO `relation_areas` VALUES ('2433', '513332', '石渠县', '513300');
INSERT INTO `relation_areas` VALUES ('2434', '513333', '色达县', '513300');
INSERT INTO `relation_areas` VALUES ('2435', '513334', '理塘县', '513300');
INSERT INTO `relation_areas` VALUES ('2436', '513335', '巴塘县', '513300');
INSERT INTO `relation_areas` VALUES ('2437', '513336', '乡城县', '513300');
INSERT INTO `relation_areas` VALUES ('2438', '513337', '稻城县', '513300');
INSERT INTO `relation_areas` VALUES ('2439', '513338', '得荣县', '513300');
INSERT INTO `relation_areas` VALUES ('2440', '513401', '西昌市', '513400');
INSERT INTO `relation_areas` VALUES ('2441', '513422', '木里藏族自治县', '513400');
INSERT INTO `relation_areas` VALUES ('2442', '513423', '盐源县', '513400');
INSERT INTO `relation_areas` VALUES ('2443', '513424', '德昌县', '513400');
INSERT INTO `relation_areas` VALUES ('2444', '513425', '会理县', '513400');
INSERT INTO `relation_areas` VALUES ('2445', '513426', '会东县', '513400');
INSERT INTO `relation_areas` VALUES ('2446', '513427', '宁南县', '513400');
INSERT INTO `relation_areas` VALUES ('2447', '513428', '普格县', '513400');
INSERT INTO `relation_areas` VALUES ('2448', '513429', '布拖县', '513400');
INSERT INTO `relation_areas` VALUES ('2449', '513430', '金阳县', '513400');
INSERT INTO `relation_areas` VALUES ('2450', '513431', '昭觉县', '513400');
INSERT INTO `relation_areas` VALUES ('2451', '513432', '喜德县', '513400');
INSERT INTO `relation_areas` VALUES ('2452', '513433', '冕宁县', '513400');
INSERT INTO `relation_areas` VALUES ('2453', '513434', '越西县', '513400');
INSERT INTO `relation_areas` VALUES ('2454', '513435', '甘洛县', '513400');
INSERT INTO `relation_areas` VALUES ('2455', '513436', '美姑县', '513400');
INSERT INTO `relation_areas` VALUES ('2456', '513437', '雷波县', '513400');
INSERT INTO `relation_areas` VALUES ('2457', '520101', '市辖区', '520100');
INSERT INTO `relation_areas` VALUES ('2458', '520102', '南明区', '520100');
INSERT INTO `relation_areas` VALUES ('2459', '520103', '云岩区', '520100');
INSERT INTO `relation_areas` VALUES ('2460', '520111', '花溪区', '520100');
INSERT INTO `relation_areas` VALUES ('2461', '520112', '乌当区', '520100');
INSERT INTO `relation_areas` VALUES ('2462', '520113', '白云区', '520100');
INSERT INTO `relation_areas` VALUES ('2463', '520114', '小河区', '520100');
INSERT INTO `relation_areas` VALUES ('2464', '520121', '开阳县', '520100');
INSERT INTO `relation_areas` VALUES ('2465', '520122', '息烽县', '520100');
INSERT INTO `relation_areas` VALUES ('2466', '520123', '修文县', '520100');
INSERT INTO `relation_areas` VALUES ('2467', '520181', '清镇市', '520100');
INSERT INTO `relation_areas` VALUES ('2468', '520201', '钟山区', '520200');
INSERT INTO `relation_areas` VALUES ('2469', '520203', '六枝特区', '520200');
INSERT INTO `relation_areas` VALUES ('2470', '520221', '水城县', '520200');
INSERT INTO `relation_areas` VALUES ('2471', '520222', '盘　县', '520200');
INSERT INTO `relation_areas` VALUES ('2472', '520301', '市辖区', '520300');
INSERT INTO `relation_areas` VALUES ('2473', '520302', '红花岗区', '520300');
INSERT INTO `relation_areas` VALUES ('2474', '520303', '汇川区', '520300');
INSERT INTO `relation_areas` VALUES ('2475', '520321', '遵义县', '520300');
INSERT INTO `relation_areas` VALUES ('2476', '520322', '桐梓县', '520300');
INSERT INTO `relation_areas` VALUES ('2477', '520323', '绥阳县', '520300');
INSERT INTO `relation_areas` VALUES ('2478', '520324', '正安县', '520300');
INSERT INTO `relation_areas` VALUES ('2479', '520325', '道真仡佬族苗族自治县', '520300');
INSERT INTO `relation_areas` VALUES ('2480', '520326', '务川仡佬族苗族自治县', '520300');
INSERT INTO `relation_areas` VALUES ('2481', '520327', '凤冈县', '520300');
INSERT INTO `relation_areas` VALUES ('2482', '520328', '湄潭县', '520300');
INSERT INTO `relation_areas` VALUES ('2483', '520329', '余庆县', '520300');
INSERT INTO `relation_areas` VALUES ('2484', '520330', '习水县', '520300');
INSERT INTO `relation_areas` VALUES ('2485', '520381', '赤水市', '520300');
INSERT INTO `relation_areas` VALUES ('2486', '520382', '仁怀市', '520300');
INSERT INTO `relation_areas` VALUES ('2487', '520401', '市辖区', '520400');
INSERT INTO `relation_areas` VALUES ('2488', '520402', '西秀区', '520400');
INSERT INTO `relation_areas` VALUES ('2489', '520421', '平坝县', '520400');
INSERT INTO `relation_areas` VALUES ('2490', '520422', '普定县', '520400');
INSERT INTO `relation_areas` VALUES ('2491', '520423', '镇宁布依族苗族自治县', '520400');
INSERT INTO `relation_areas` VALUES ('2492', '520424', '关岭布依族苗族自治县', '520400');
INSERT INTO `relation_areas` VALUES ('2493', '520425', '紫云苗族布依族自治县', '520400');
INSERT INTO `relation_areas` VALUES ('2494', '522201', '铜仁市', '522200');
INSERT INTO `relation_areas` VALUES ('2495', '522222', '江口县', '522200');
INSERT INTO `relation_areas` VALUES ('2496', '522223', '玉屏侗族自治县', '522200');
INSERT INTO `relation_areas` VALUES ('2497', '522224', '石阡县', '522200');
INSERT INTO `relation_areas` VALUES ('2498', '522225', '思南县', '522200');
INSERT INTO `relation_areas` VALUES ('2499', '522226', '印江土家族苗族自治县', '522200');
INSERT INTO `relation_areas` VALUES ('2500', '522227', '德江县', '522200');
INSERT INTO `relation_areas` VALUES ('2501', '522228', '沿河土家族自治县', '522200');
INSERT INTO `relation_areas` VALUES ('2502', '522229', '松桃苗族自治县', '522200');
INSERT INTO `relation_areas` VALUES ('2503', '522230', '万山特区', '522200');
INSERT INTO `relation_areas` VALUES ('2504', '522301', '兴义市', '522300');
INSERT INTO `relation_areas` VALUES ('2505', '522322', '兴仁县', '522300');
INSERT INTO `relation_areas` VALUES ('2506', '522323', '普安县', '522300');
INSERT INTO `relation_areas` VALUES ('2507', '522324', '晴隆县', '522300');
INSERT INTO `relation_areas` VALUES ('2508', '522325', '贞丰县', '522300');
INSERT INTO `relation_areas` VALUES ('2509', '522326', '望谟县', '522300');
INSERT INTO `relation_areas` VALUES ('2510', '522327', '册亨县', '522300');
INSERT INTO `relation_areas` VALUES ('2511', '522328', '安龙县', '522300');
INSERT INTO `relation_areas` VALUES ('2512', '522401', '毕节市', '522400');
INSERT INTO `relation_areas` VALUES ('2513', '522422', '大方县', '522400');
INSERT INTO `relation_areas` VALUES ('2514', '522423', '黔西县', '522400');
INSERT INTO `relation_areas` VALUES ('2515', '522424', '金沙县', '522400');
INSERT INTO `relation_areas` VALUES ('2516', '522425', '织金县', '522400');
INSERT INTO `relation_areas` VALUES ('2517', '522426', '纳雍县', '522400');
INSERT INTO `relation_areas` VALUES ('2518', '522427', '威宁彝族回族苗族自治县', '522400');
INSERT INTO `relation_areas` VALUES ('2519', '522428', '赫章县', '522400');
INSERT INTO `relation_areas` VALUES ('2520', '522601', '凯里市', '522600');
INSERT INTO `relation_areas` VALUES ('2521', '522622', '黄平县', '522600');
INSERT INTO `relation_areas` VALUES ('2522', '522623', '施秉县', '522600');
INSERT INTO `relation_areas` VALUES ('2523', '522624', '三穗县', '522600');
INSERT INTO `relation_areas` VALUES ('2524', '522625', '镇远县', '522600');
INSERT INTO `relation_areas` VALUES ('2525', '522626', '岑巩县', '522600');
INSERT INTO `relation_areas` VALUES ('2526', '522627', '天柱县', '522600');
INSERT INTO `relation_areas` VALUES ('2527', '522628', '锦屏县', '522600');
INSERT INTO `relation_areas` VALUES ('2528', '522629', '剑河县', '522600');
INSERT INTO `relation_areas` VALUES ('2529', '522630', '台江县', '522600');
INSERT INTO `relation_areas` VALUES ('2530', '522631', '黎平县', '522600');
INSERT INTO `relation_areas` VALUES ('2531', '522632', '榕江县', '522600');
INSERT INTO `relation_areas` VALUES ('2532', '522633', '从江县', '522600');
INSERT INTO `relation_areas` VALUES ('2533', '522634', '雷山县', '522600');
INSERT INTO `relation_areas` VALUES ('2534', '522635', '麻江县', '522600');
INSERT INTO `relation_areas` VALUES ('2535', '522636', '丹寨县', '522600');
INSERT INTO `relation_areas` VALUES ('2536', '522701', '都匀市', '522700');
INSERT INTO `relation_areas` VALUES ('2537', '522702', '福泉市', '522700');
INSERT INTO `relation_areas` VALUES ('2538', '522722', '荔波县', '522700');
INSERT INTO `relation_areas` VALUES ('2539', '522723', '贵定县', '522700');
INSERT INTO `relation_areas` VALUES ('2540', '522725', '瓮安县', '522700');
INSERT INTO `relation_areas` VALUES ('2541', '522726', '独山县', '522700');
INSERT INTO `relation_areas` VALUES ('2542', '522727', '平塘县', '522700');
INSERT INTO `relation_areas` VALUES ('2543', '522728', '罗甸县', '522700');
INSERT INTO `relation_areas` VALUES ('2544', '522729', '长顺县', '522700');
INSERT INTO `relation_areas` VALUES ('2545', '522730', '龙里县', '522700');
INSERT INTO `relation_areas` VALUES ('2546', '522731', '惠水县', '522700');
INSERT INTO `relation_areas` VALUES ('2547', '522732', '三都水族自治县', '522700');
INSERT INTO `relation_areas` VALUES ('2548', '530101', '市辖区', '530100');
INSERT INTO `relation_areas` VALUES ('2549', '530102', '五华区', '530100');
INSERT INTO `relation_areas` VALUES ('2550', '530103', '盘龙区', '530100');
INSERT INTO `relation_areas` VALUES ('2551', '530111', '官渡区', '530100');
INSERT INTO `relation_areas` VALUES ('2552', '530112', '西山区', '530100');
INSERT INTO `relation_areas` VALUES ('2553', '530113', '东川区', '530100');
INSERT INTO `relation_areas` VALUES ('2554', '530121', '呈贡县', '530100');
INSERT INTO `relation_areas` VALUES ('2555', '530122', '晋宁县', '530100');
INSERT INTO `relation_areas` VALUES ('2556', '530124', '富民县', '530100');
INSERT INTO `relation_areas` VALUES ('2557', '530125', '宜良县', '530100');
INSERT INTO `relation_areas` VALUES ('2558', '530126', '石林彝族自治县', '530100');
INSERT INTO `relation_areas` VALUES ('2559', '530127', '嵩明县', '530100');
INSERT INTO `relation_areas` VALUES ('2560', '530128', '禄劝彝族苗族自治县', '530100');
INSERT INTO `relation_areas` VALUES ('2561', '530129', '寻甸回族彝族自治县', '530100');
INSERT INTO `relation_areas` VALUES ('2562', '530181', '安宁市', '530100');
INSERT INTO `relation_areas` VALUES ('2563', '530301', '市辖区', '530300');
INSERT INTO `relation_areas` VALUES ('2564', '530302', '麒麟区', '530300');
INSERT INTO `relation_areas` VALUES ('2565', '530321', '马龙县', '530300');
INSERT INTO `relation_areas` VALUES ('2566', '530322', '陆良县', '530300');
INSERT INTO `relation_areas` VALUES ('2567', '530323', '师宗县', '530300');
INSERT INTO `relation_areas` VALUES ('2568', '530324', '罗平县', '530300');
INSERT INTO `relation_areas` VALUES ('2569', '530325', '富源县', '530300');
INSERT INTO `relation_areas` VALUES ('2570', '530326', '会泽县', '530300');
INSERT INTO `relation_areas` VALUES ('2571', '530328', '沾益县', '530300');
INSERT INTO `relation_areas` VALUES ('2572', '530381', '宣威市', '530300');
INSERT INTO `relation_areas` VALUES ('2573', '530401', '市辖区', '530400');
INSERT INTO `relation_areas` VALUES ('2574', '530402', '红塔区', '530400');
INSERT INTO `relation_areas` VALUES ('2575', '530421', '江川县', '530400');
INSERT INTO `relation_areas` VALUES ('2576', '530422', '澄江县', '530400');
INSERT INTO `relation_areas` VALUES ('2577', '530423', '通海县', '530400');
INSERT INTO `relation_areas` VALUES ('2578', '530424', '华宁县', '530400');
INSERT INTO `relation_areas` VALUES ('2579', '530425', '易门县', '530400');
INSERT INTO `relation_areas` VALUES ('2580', '530426', '峨山彝族自治县', '530400');
INSERT INTO `relation_areas` VALUES ('2581', '530427', '新平彝族傣族自治县', '530400');
INSERT INTO `relation_areas` VALUES ('2582', '530428', '元江哈尼族彝族傣族自治县', '530400');
INSERT INTO `relation_areas` VALUES ('2583', '530501', '市辖区', '530500');
INSERT INTO `relation_areas` VALUES ('2584', '530502', '隆阳区', '530500');
INSERT INTO `relation_areas` VALUES ('2585', '530521', '施甸县', '530500');
INSERT INTO `relation_areas` VALUES ('2586', '530522', '腾冲县', '530500');
INSERT INTO `relation_areas` VALUES ('2587', '530523', '龙陵县', '530500');
INSERT INTO `relation_areas` VALUES ('2588', '530524', '昌宁县', '530500');
INSERT INTO `relation_areas` VALUES ('2589', '530601', '市辖区', '530600');
INSERT INTO `relation_areas` VALUES ('2590', '530602', '昭阳区', '530600');
INSERT INTO `relation_areas` VALUES ('2591', '530621', '鲁甸县', '530600');
INSERT INTO `relation_areas` VALUES ('2592', '530622', '巧家县', '530600');
INSERT INTO `relation_areas` VALUES ('2593', '530623', '盐津县', '530600');
INSERT INTO `relation_areas` VALUES ('2594', '530624', '大关县', '530600');
INSERT INTO `relation_areas` VALUES ('2595', '530625', '永善县', '530600');
INSERT INTO `relation_areas` VALUES ('2596', '530626', '绥江县', '530600');
INSERT INTO `relation_areas` VALUES ('2597', '530627', '镇雄县', '530600');
INSERT INTO `relation_areas` VALUES ('2598', '530628', '彝良县', '530600');
INSERT INTO `relation_areas` VALUES ('2599', '530629', '威信县', '530600');
INSERT INTO `relation_areas` VALUES ('2600', '530630', '水富县', '530600');
INSERT INTO `relation_areas` VALUES ('2601', '530701', '市辖区', '530700');
INSERT INTO `relation_areas` VALUES ('2602', '530702', '古城区', '530700');
INSERT INTO `relation_areas` VALUES ('2603', '530721', '玉龙纳西族自治县', '530700');
INSERT INTO `relation_areas` VALUES ('2604', '530722', '永胜县', '530700');
INSERT INTO `relation_areas` VALUES ('2605', '530723', '华坪县', '530700');
INSERT INTO `relation_areas` VALUES ('2606', '530724', '宁蒗彝族自治县', '530700');
INSERT INTO `relation_areas` VALUES ('2607', '530801', '市辖区', '530800');
INSERT INTO `relation_areas` VALUES ('2608', '530802', '翠云区', '530800');
INSERT INTO `relation_areas` VALUES ('2609', '530821', '普洱哈尼族彝族自治县', '530800');
INSERT INTO `relation_areas` VALUES ('2610', '530822', '墨江哈尼族自治县', '530800');
INSERT INTO `relation_areas` VALUES ('2611', '530823', '景东彝族自治县', '530800');
INSERT INTO `relation_areas` VALUES ('2612', '530824', '景谷傣族彝族自治县', '530800');
INSERT INTO `relation_areas` VALUES ('2613', '530825', '镇沅彝族哈尼族拉祜族自治县', '530800');
INSERT INTO `relation_areas` VALUES ('2614', '530826', '江城哈尼族彝族自治县', '530800');
INSERT INTO `relation_areas` VALUES ('2615', '530827', '孟连傣族拉祜族佤族自治县', '530800');
INSERT INTO `relation_areas` VALUES ('2616', '530828', '澜沧拉祜族自治县', '530800');
INSERT INTO `relation_areas` VALUES ('2617', '530829', '西盟佤族自治县', '530800');
INSERT INTO `relation_areas` VALUES ('2618', '530901', '市辖区', '530900');
INSERT INTO `relation_areas` VALUES ('2619', '530902', '临翔区', '530900');
INSERT INTO `relation_areas` VALUES ('2620', '530921', '凤庆县', '530900');
INSERT INTO `relation_areas` VALUES ('2621', '530922', '云　县', '530900');
INSERT INTO `relation_areas` VALUES ('2622', '530923', '永德县', '530900');
INSERT INTO `relation_areas` VALUES ('2623', '530924', '镇康县', '530900');
INSERT INTO `relation_areas` VALUES ('2624', '530925', '双江拉祜族佤族布朗族傣族自治县', '530900');
INSERT INTO `relation_areas` VALUES ('2625', '530926', '耿马傣族佤族自治县', '530900');
INSERT INTO `relation_areas` VALUES ('2626', '530927', '沧源佤族自治县', '530900');
INSERT INTO `relation_areas` VALUES ('2627', '532301', '楚雄市', '532300');
INSERT INTO `relation_areas` VALUES ('2628', '532322', '双柏县', '532300');
INSERT INTO `relation_areas` VALUES ('2629', '532323', '牟定县', '532300');
INSERT INTO `relation_areas` VALUES ('2630', '532324', '南华县', '532300');
INSERT INTO `relation_areas` VALUES ('2631', '532325', '姚安县', '532300');
INSERT INTO `relation_areas` VALUES ('2632', '532326', '大姚县', '532300');
INSERT INTO `relation_areas` VALUES ('2633', '532327', '永仁县', '532300');
INSERT INTO `relation_areas` VALUES ('2634', '532328', '元谋县', '532300');
INSERT INTO `relation_areas` VALUES ('2635', '532329', '武定县', '532300');
INSERT INTO `relation_areas` VALUES ('2636', '532331', '禄丰县', '532300');
INSERT INTO `relation_areas` VALUES ('2637', '532501', '个旧市', '532500');
INSERT INTO `relation_areas` VALUES ('2638', '532502', '开远市', '532500');
INSERT INTO `relation_areas` VALUES ('2639', '532522', '蒙自县', '532500');
INSERT INTO `relation_areas` VALUES ('2640', '532523', '屏边苗族自治县', '532500');
INSERT INTO `relation_areas` VALUES ('2641', '532524', '建水县', '532500');
INSERT INTO `relation_areas` VALUES ('2642', '532525', '石屏县', '532500');
INSERT INTO `relation_areas` VALUES ('2643', '532526', '弥勒县', '532500');
INSERT INTO `relation_areas` VALUES ('2644', '532527', '泸西县', '532500');
INSERT INTO `relation_areas` VALUES ('2645', '532528', '元阳县', '532500');
INSERT INTO `relation_areas` VALUES ('2646', '532529', '红河县', '532500');
INSERT INTO `relation_areas` VALUES ('2647', '532530', '金平苗族瑶族傣族自治县', '532500');
INSERT INTO `relation_areas` VALUES ('2648', '532531', '绿春县', '532500');
INSERT INTO `relation_areas` VALUES ('2649', '532532', '河口瑶族自治县', '532500');
INSERT INTO `relation_areas` VALUES ('2650', '532621', '文山县', '532600');
INSERT INTO `relation_areas` VALUES ('2651', '532622', '砚山县', '532600');
INSERT INTO `relation_areas` VALUES ('2652', '532623', '西畴县', '532600');
INSERT INTO `relation_areas` VALUES ('2653', '532624', '麻栗坡县', '532600');
INSERT INTO `relation_areas` VALUES ('2654', '532625', '马关县', '532600');
INSERT INTO `relation_areas` VALUES ('2655', '532626', '丘北县', '532600');
INSERT INTO `relation_areas` VALUES ('2656', '532627', '广南县', '532600');
INSERT INTO `relation_areas` VALUES ('2657', '532628', '富宁县', '532600');
INSERT INTO `relation_areas` VALUES ('2658', '532801', '景洪市', '532800');
INSERT INTO `relation_areas` VALUES ('2659', '532822', '勐海县', '532800');
INSERT INTO `relation_areas` VALUES ('2660', '532823', '勐腊县', '532800');
INSERT INTO `relation_areas` VALUES ('2661', '532901', '大理市', '532900');
INSERT INTO `relation_areas` VALUES ('2662', '532922', '漾濞彝族自治县', '532900');
INSERT INTO `relation_areas` VALUES ('2663', '532923', '祥云县', '532900');
INSERT INTO `relation_areas` VALUES ('2664', '532924', '宾川县', '532900');
INSERT INTO `relation_areas` VALUES ('2665', '532925', '弥渡县', '532900');
INSERT INTO `relation_areas` VALUES ('2666', '532926', '南涧彝族自治县', '532900');
INSERT INTO `relation_areas` VALUES ('2667', '532927', '巍山彝族回族自治县', '532900');
INSERT INTO `relation_areas` VALUES ('2668', '532928', '永平县', '532900');
INSERT INTO `relation_areas` VALUES ('2669', '532929', '云龙县', '532900');
INSERT INTO `relation_areas` VALUES ('2670', '532930', '洱源县', '532900');
INSERT INTO `relation_areas` VALUES ('2671', '532931', '剑川县', '532900');
INSERT INTO `relation_areas` VALUES ('2672', '532932', '鹤庆县', '532900');
INSERT INTO `relation_areas` VALUES ('2673', '533102', '瑞丽市', '533100');
INSERT INTO `relation_areas` VALUES ('2674', '533103', '潞西市', '533100');
INSERT INTO `relation_areas` VALUES ('2675', '533122', '梁河县', '533100');
INSERT INTO `relation_areas` VALUES ('2676', '533123', '盈江县', '533100');
INSERT INTO `relation_areas` VALUES ('2677', '533124', '陇川县', '533100');
INSERT INTO `relation_areas` VALUES ('2678', '533321', '泸水县', '533300');
INSERT INTO `relation_areas` VALUES ('2679', '533323', '福贡县', '533300');
INSERT INTO `relation_areas` VALUES ('2680', '533324', '贡山独龙族怒族自治县', '533300');
INSERT INTO `relation_areas` VALUES ('2681', '533325', '兰坪白族普米族自治县', '533300');
INSERT INTO `relation_areas` VALUES ('2682', '533421', '香格里拉县', '533400');
INSERT INTO `relation_areas` VALUES ('2683', '533422', '德钦县', '533400');
INSERT INTO `relation_areas` VALUES ('2684', '533423', '维西傈僳族自治县', '533400');
INSERT INTO `relation_areas` VALUES ('2685', '540101', '市辖区', '540100');
INSERT INTO `relation_areas` VALUES ('2686', '540102', '城关区', '540100');
INSERT INTO `relation_areas` VALUES ('2687', '540121', '林周县', '540100');
INSERT INTO `relation_areas` VALUES ('2688', '540122', '当雄县', '540100');
INSERT INTO `relation_areas` VALUES ('2689', '540123', '尼木县', '540100');
INSERT INTO `relation_areas` VALUES ('2690', '540124', '曲水县', '540100');
INSERT INTO `relation_areas` VALUES ('2691', '540125', '堆龙德庆县', '540100');
INSERT INTO `relation_areas` VALUES ('2692', '540126', '达孜县', '540100');
INSERT INTO `relation_areas` VALUES ('2693', '540127', '墨竹工卡县', '540100');
INSERT INTO `relation_areas` VALUES ('2694', '542121', '昌都县', '542100');
INSERT INTO `relation_areas` VALUES ('2695', '542122', '江达县', '542100');
INSERT INTO `relation_areas` VALUES ('2696', '542123', '贡觉县', '542100');
INSERT INTO `relation_areas` VALUES ('2697', '542124', '类乌齐县', '542100');
INSERT INTO `relation_areas` VALUES ('2698', '542125', '丁青县', '542100');
INSERT INTO `relation_areas` VALUES ('2699', '542126', '察雅县', '542100');
INSERT INTO `relation_areas` VALUES ('2700', '542127', '八宿县', '542100');
INSERT INTO `relation_areas` VALUES ('2701', '542128', '左贡县', '542100');
INSERT INTO `relation_areas` VALUES ('2702', '542129', '芒康县', '542100');
INSERT INTO `relation_areas` VALUES ('2703', '542132', '洛隆县', '542100');
INSERT INTO `relation_areas` VALUES ('2704', '542133', '边坝县', '542100');
INSERT INTO `relation_areas` VALUES ('2705', '542221', '乃东县', '542200');
INSERT INTO `relation_areas` VALUES ('2706', '542222', '扎囊县', '542200');
INSERT INTO `relation_areas` VALUES ('2707', '542223', '贡嘎县', '542200');
INSERT INTO `relation_areas` VALUES ('2708', '542224', '桑日县', '542200');
INSERT INTO `relation_areas` VALUES ('2709', '542225', '琼结县', '542200');
INSERT INTO `relation_areas` VALUES ('2710', '542226', '曲松县', '542200');
INSERT INTO `relation_areas` VALUES ('2711', '542227', '措美县', '542200');
INSERT INTO `relation_areas` VALUES ('2712', '542228', '洛扎县', '542200');
INSERT INTO `relation_areas` VALUES ('2713', '542229', '加查县', '542200');
INSERT INTO `relation_areas` VALUES ('2714', '542231', '隆子县', '542200');
INSERT INTO `relation_areas` VALUES ('2715', '542232', '错那县', '542200');
INSERT INTO `relation_areas` VALUES ('2716', '542233', '浪卡子县', '542200');
INSERT INTO `relation_areas` VALUES ('2717', '542301', '日喀则市', '542300');
INSERT INTO `relation_areas` VALUES ('2718', '542322', '南木林县', '542300');
INSERT INTO `relation_areas` VALUES ('2719', '542323', '江孜县', '542300');
INSERT INTO `relation_areas` VALUES ('2720', '542324', '定日县', '542300');
INSERT INTO `relation_areas` VALUES ('2721', '542325', '萨迦县', '542300');
INSERT INTO `relation_areas` VALUES ('2722', '542326', '拉孜县', '542300');
INSERT INTO `relation_areas` VALUES ('2723', '542327', '昂仁县', '542300');
INSERT INTO `relation_areas` VALUES ('2724', '542328', '谢通门县', '542300');
INSERT INTO `relation_areas` VALUES ('2725', '542329', '白朗县', '542300');
INSERT INTO `relation_areas` VALUES ('2726', '542330', '仁布县', '542300');
INSERT INTO `relation_areas` VALUES ('2727', '542331', '康马县', '542300');
INSERT INTO `relation_areas` VALUES ('2728', '542332', '定结县', '542300');
INSERT INTO `relation_areas` VALUES ('2729', '542333', '仲巴县', '542300');
INSERT INTO `relation_areas` VALUES ('2730', '542334', '亚东县', '542300');
INSERT INTO `relation_areas` VALUES ('2731', '542335', '吉隆县', '542300');
INSERT INTO `relation_areas` VALUES ('2732', '542336', '聂拉木县', '542300');
INSERT INTO `relation_areas` VALUES ('2733', '542337', '萨嘎县', '542300');
INSERT INTO `relation_areas` VALUES ('2734', '542338', '岗巴县', '542300');
INSERT INTO `relation_areas` VALUES ('2735', '542421', '那曲县', '542400');
INSERT INTO `relation_areas` VALUES ('2736', '542422', '嘉黎县', '542400');
INSERT INTO `relation_areas` VALUES ('2737', '542423', '比如县', '542400');
INSERT INTO `relation_areas` VALUES ('2738', '542424', '聂荣县', '542400');
INSERT INTO `relation_areas` VALUES ('2739', '542425', '安多县', '542400');
INSERT INTO `relation_areas` VALUES ('2740', '542426', '申扎县', '542400');
INSERT INTO `relation_areas` VALUES ('2741', '542427', '索　县', '542400');
INSERT INTO `relation_areas` VALUES ('2742', '542428', '班戈县', '542400');
INSERT INTO `relation_areas` VALUES ('2743', '542429', '巴青县', '542400');
INSERT INTO `relation_areas` VALUES ('2744', '542430', '尼玛县', '542400');
INSERT INTO `relation_areas` VALUES ('2745', '542521', '普兰县', '542500');
INSERT INTO `relation_areas` VALUES ('2746', '542522', '札达县', '542500');
INSERT INTO `relation_areas` VALUES ('2747', '542523', '噶尔县', '542500');
INSERT INTO `relation_areas` VALUES ('2748', '542524', '日土县', '542500');
INSERT INTO `relation_areas` VALUES ('2749', '542525', '革吉县', '542500');
INSERT INTO `relation_areas` VALUES ('2750', '542526', '改则县', '542500');
INSERT INTO `relation_areas` VALUES ('2751', '542527', '措勤县', '542500');
INSERT INTO `relation_areas` VALUES ('2752', '542621', '林芝县', '542600');
INSERT INTO `relation_areas` VALUES ('2753', '542622', '工布江达县', '542600');
INSERT INTO `relation_areas` VALUES ('2754', '542623', '米林县', '542600');
INSERT INTO `relation_areas` VALUES ('2755', '542624', '墨脱县', '542600');
INSERT INTO `relation_areas` VALUES ('2756', '542625', '波密县', '542600');
INSERT INTO `relation_areas` VALUES ('2757', '542626', '察隅县', '542600');
INSERT INTO `relation_areas` VALUES ('2758', '542627', '朗　县', '542600');
INSERT INTO `relation_areas` VALUES ('2759', '610101', '市辖区', '610100');
INSERT INTO `relation_areas` VALUES ('2760', '610102', '新城区', '610100');
INSERT INTO `relation_areas` VALUES ('2761', '610103', '碑林区', '610100');
INSERT INTO `relation_areas` VALUES ('2762', '610104', '莲湖区', '610100');
INSERT INTO `relation_areas` VALUES ('2763', '610111', '灞桥区', '610100');
INSERT INTO `relation_areas` VALUES ('2764', '610112', '未央区', '610100');
INSERT INTO `relation_areas` VALUES ('2765', '610113', '雁塔区', '610100');
INSERT INTO `relation_areas` VALUES ('2766', '610114', '阎良区', '610100');
INSERT INTO `relation_areas` VALUES ('2767', '610115', '临潼区', '610100');
INSERT INTO `relation_areas` VALUES ('2768', '610116', '长安区', '610100');
INSERT INTO `relation_areas` VALUES ('2769', '610122', '蓝田县', '610100');
INSERT INTO `relation_areas` VALUES ('2770', '610124', '周至县', '610100');
INSERT INTO `relation_areas` VALUES ('2771', '610125', '户　县', '610100');
INSERT INTO `relation_areas` VALUES ('2772', '610126', '高陵县', '610100');
INSERT INTO `relation_areas` VALUES ('2773', '610201', '市辖区', '610200');
INSERT INTO `relation_areas` VALUES ('2774', '610202', '王益区', '610200');
INSERT INTO `relation_areas` VALUES ('2775', '610203', '印台区', '610200');
INSERT INTO `relation_areas` VALUES ('2776', '610204', '耀州区', '610200');
INSERT INTO `relation_areas` VALUES ('2777', '610222', '宜君县', '610200');
INSERT INTO `relation_areas` VALUES ('2778', '610301', '市辖区', '610300');
INSERT INTO `relation_areas` VALUES ('2779', '610302', '渭滨区', '610300');
INSERT INTO `relation_areas` VALUES ('2780', '610303', '金台区', '610300');
INSERT INTO `relation_areas` VALUES ('2781', '610304', '陈仓区', '610300');
INSERT INTO `relation_areas` VALUES ('2782', '610322', '凤翔县', '610300');
INSERT INTO `relation_areas` VALUES ('2783', '610323', '岐山县', '610300');
INSERT INTO `relation_areas` VALUES ('2784', '610324', '扶风县', '610300');
INSERT INTO `relation_areas` VALUES ('2785', '610326', '眉　县', '610300');
INSERT INTO `relation_areas` VALUES ('2786', '610327', '陇　县', '610300');
INSERT INTO `relation_areas` VALUES ('2787', '610328', '千阳县', '610300');
INSERT INTO `relation_areas` VALUES ('2788', '610329', '麟游县', '610300');
INSERT INTO `relation_areas` VALUES ('2789', '610330', '凤　县', '610300');
INSERT INTO `relation_areas` VALUES ('2790', '610331', '太白县', '610300');
INSERT INTO `relation_areas` VALUES ('2791', '610401', '市辖区', '610400');
INSERT INTO `relation_areas` VALUES ('2792', '610402', '秦都区', '610400');
INSERT INTO `relation_areas` VALUES ('2793', '610403', '杨凌区', '610400');
INSERT INTO `relation_areas` VALUES ('2794', '610404', '渭城区', '610400');
INSERT INTO `relation_areas` VALUES ('2795', '610422', '三原县', '610400');
INSERT INTO `relation_areas` VALUES ('2796', '610423', '泾阳县', '610400');
INSERT INTO `relation_areas` VALUES ('2797', '610424', '乾　县', '610400');
INSERT INTO `relation_areas` VALUES ('2798', '610425', '礼泉县', '610400');
INSERT INTO `relation_areas` VALUES ('2799', '610426', '永寿县', '610400');
INSERT INTO `relation_areas` VALUES ('2800', '610427', '彬　县', '610400');
INSERT INTO `relation_areas` VALUES ('2801', '610428', '长武县', '610400');
INSERT INTO `relation_areas` VALUES ('2802', '610429', '旬邑县', '610400');
INSERT INTO `relation_areas` VALUES ('2803', '610430', '淳化县', '610400');
INSERT INTO `relation_areas` VALUES ('2804', '610431', '武功县', '610400');
INSERT INTO `relation_areas` VALUES ('2805', '610481', '兴平市', '610400');
INSERT INTO `relation_areas` VALUES ('2806', '610501', '市辖区', '610500');
INSERT INTO `relation_areas` VALUES ('2807', '610502', '临渭区', '610500');
INSERT INTO `relation_areas` VALUES ('2808', '610521', '华　县', '610500');
INSERT INTO `relation_areas` VALUES ('2809', '610522', '潼关县', '610500');
INSERT INTO `relation_areas` VALUES ('2810', '610523', '大荔县', '610500');
INSERT INTO `relation_areas` VALUES ('2811', '610524', '合阳县', '610500');
INSERT INTO `relation_areas` VALUES ('2812', '610525', '澄城县', '610500');
INSERT INTO `relation_areas` VALUES ('2813', '610526', '蒲城县', '610500');
INSERT INTO `relation_areas` VALUES ('2814', '610527', '白水县', '610500');
INSERT INTO `relation_areas` VALUES ('2815', '610528', '富平县', '610500');
INSERT INTO `relation_areas` VALUES ('2816', '610581', '韩城市', '610500');
INSERT INTO `relation_areas` VALUES ('2817', '610582', '华阴市', '610500');
INSERT INTO `relation_areas` VALUES ('2818', '610601', '市辖区', '610600');
INSERT INTO `relation_areas` VALUES ('2819', '610602', '宝塔区', '610600');
INSERT INTO `relation_areas` VALUES ('2820', '610621', '延长县', '610600');
INSERT INTO `relation_areas` VALUES ('2821', '610622', '延川县', '610600');
INSERT INTO `relation_areas` VALUES ('2822', '610623', '子长县', '610600');
INSERT INTO `relation_areas` VALUES ('2823', '610624', '安塞县', '610600');
INSERT INTO `relation_areas` VALUES ('2824', '610625', '志丹县', '610600');
INSERT INTO `relation_areas` VALUES ('2825', '610626', '吴旗县', '610600');
INSERT INTO `relation_areas` VALUES ('2826', '610627', '甘泉县', '610600');
INSERT INTO `relation_areas` VALUES ('2827', '610628', '富　县', '610600');
INSERT INTO `relation_areas` VALUES ('2828', '610629', '洛川县', '610600');
INSERT INTO `relation_areas` VALUES ('2829', '610630', '宜川县', '610600');
INSERT INTO `relation_areas` VALUES ('2830', '610631', '黄龙县', '610600');
INSERT INTO `relation_areas` VALUES ('2831', '610632', '黄陵县', '610600');
INSERT INTO `relation_areas` VALUES ('2832', '610701', '市辖区', '610700');
INSERT INTO `relation_areas` VALUES ('2833', '610702', '汉台区', '610700');
INSERT INTO `relation_areas` VALUES ('2834', '610721', '南郑县', '610700');
INSERT INTO `relation_areas` VALUES ('2835', '610722', '城固县', '610700');
INSERT INTO `relation_areas` VALUES ('2836', '610723', '洋　县', '610700');
INSERT INTO `relation_areas` VALUES ('2837', '610724', '西乡县', '610700');
INSERT INTO `relation_areas` VALUES ('2838', '610725', '勉　县', '610700');
INSERT INTO `relation_areas` VALUES ('2839', '610726', '宁强县', '610700');
INSERT INTO `relation_areas` VALUES ('2840', '610727', '略阳县', '610700');
INSERT INTO `relation_areas` VALUES ('2841', '610728', '镇巴县', '610700');
INSERT INTO `relation_areas` VALUES ('2842', '610729', '留坝县', '610700');
INSERT INTO `relation_areas` VALUES ('2843', '610730', '佛坪县', '610700');
INSERT INTO `relation_areas` VALUES ('2844', '610801', '市辖区', '610800');
INSERT INTO `relation_areas` VALUES ('2845', '610802', '榆阳区', '610800');
INSERT INTO `relation_areas` VALUES ('2846', '610821', '神木县', '610800');
INSERT INTO `relation_areas` VALUES ('2847', '610822', '府谷县', '610800');
INSERT INTO `relation_areas` VALUES ('2848', '610823', '横山县', '610800');
INSERT INTO `relation_areas` VALUES ('2849', '610824', '靖边县', '610800');
INSERT INTO `relation_areas` VALUES ('2850', '610825', '定边县', '610800');
INSERT INTO `relation_areas` VALUES ('2851', '610826', '绥德县', '610800');
INSERT INTO `relation_areas` VALUES ('2852', '610827', '米脂县', '610800');
INSERT INTO `relation_areas` VALUES ('2853', '610828', '佳　县', '610800');
INSERT INTO `relation_areas` VALUES ('2854', '610829', '吴堡县', '610800');
INSERT INTO `relation_areas` VALUES ('2855', '610830', '清涧县', '610800');
INSERT INTO `relation_areas` VALUES ('2856', '610831', '子洲县', '610800');
INSERT INTO `relation_areas` VALUES ('2857', '610901', '市辖区', '610900');
INSERT INTO `relation_areas` VALUES ('2858', '610902', '汉滨区', '610900');
INSERT INTO `relation_areas` VALUES ('2859', '610921', '汉阴县', '610900');
INSERT INTO `relation_areas` VALUES ('2860', '610922', '石泉县', '610900');
INSERT INTO `relation_areas` VALUES ('2861', '610923', '宁陕县', '610900');
INSERT INTO `relation_areas` VALUES ('2862', '610924', '紫阳县', '610900');
INSERT INTO `relation_areas` VALUES ('2863', '610925', '岚皋县', '610900');
INSERT INTO `relation_areas` VALUES ('2864', '610926', '平利县', '610900');
INSERT INTO `relation_areas` VALUES ('2865', '610927', '镇坪县', '610900');
INSERT INTO `relation_areas` VALUES ('2866', '610928', '旬阳县', '610900');
INSERT INTO `relation_areas` VALUES ('2867', '610929', '白河县', '610900');
INSERT INTO `relation_areas` VALUES ('2868', '611001', '市辖区', '611000');
INSERT INTO `relation_areas` VALUES ('2869', '611002', '商州区', '611000');
INSERT INTO `relation_areas` VALUES ('2870', '611021', '洛南县', '611000');
INSERT INTO `relation_areas` VALUES ('2871', '611022', '丹凤县', '611000');
INSERT INTO `relation_areas` VALUES ('2872', '611023', '商南县', '611000');
INSERT INTO `relation_areas` VALUES ('2873', '611024', '山阳县', '611000');
INSERT INTO `relation_areas` VALUES ('2874', '611025', '镇安县', '611000');
INSERT INTO `relation_areas` VALUES ('2875', '611026', '柞水县', '611000');
INSERT INTO `relation_areas` VALUES ('2876', '620101', '市辖区', '620100');
INSERT INTO `relation_areas` VALUES ('2877', '620102', '城关区', '620100');
INSERT INTO `relation_areas` VALUES ('2878', '620103', '七里河区', '620100');
INSERT INTO `relation_areas` VALUES ('2879', '620104', '西固区', '620100');
INSERT INTO `relation_areas` VALUES ('2880', '620105', '安宁区', '620100');
INSERT INTO `relation_areas` VALUES ('2881', '620111', '红古区', '620100');
INSERT INTO `relation_areas` VALUES ('2882', '620121', '永登县', '620100');
INSERT INTO `relation_areas` VALUES ('2883', '620122', '皋兰县', '620100');
INSERT INTO `relation_areas` VALUES ('2884', '620123', '榆中县', '620100');
INSERT INTO `relation_areas` VALUES ('2885', '620201', '市辖区', '620200');
INSERT INTO `relation_areas` VALUES ('2886', '620301', '市辖区', '620300');
INSERT INTO `relation_areas` VALUES ('2887', '620302', '金川区', '620300');
INSERT INTO `relation_areas` VALUES ('2888', '620321', '永昌县', '620300');
INSERT INTO `relation_areas` VALUES ('2889', '620401', '市辖区', '620400');
INSERT INTO `relation_areas` VALUES ('2890', '620402', '白银区', '620400');
INSERT INTO `relation_areas` VALUES ('2891', '620403', '平川区', '620400');
INSERT INTO `relation_areas` VALUES ('2892', '620421', '靖远县', '620400');
INSERT INTO `relation_areas` VALUES ('2893', '620422', '会宁县', '620400');
INSERT INTO `relation_areas` VALUES ('2894', '620423', '景泰县', '620400');
INSERT INTO `relation_areas` VALUES ('2895', '620501', '市辖区', '620500');
INSERT INTO `relation_areas` VALUES ('2896', '620502', '秦城区', '620500');
INSERT INTO `relation_areas` VALUES ('2897', '620503', '北道区', '620500');
INSERT INTO `relation_areas` VALUES ('2898', '620521', '清水县', '620500');
INSERT INTO `relation_areas` VALUES ('2899', '620522', '秦安县', '620500');
INSERT INTO `relation_areas` VALUES ('2900', '620523', '甘谷县', '620500');
INSERT INTO `relation_areas` VALUES ('2901', '620524', '武山县', '620500');
INSERT INTO `relation_areas` VALUES ('2902', '620525', '张家川回族自治县', '620500');
INSERT INTO `relation_areas` VALUES ('2903', '620601', '市辖区', '620600');
INSERT INTO `relation_areas` VALUES ('2904', '620602', '凉州区', '620600');
INSERT INTO `relation_areas` VALUES ('2905', '620621', '民勤县', '620600');
INSERT INTO `relation_areas` VALUES ('2906', '620622', '古浪县', '620600');
INSERT INTO `relation_areas` VALUES ('2907', '620623', '天祝藏族自治县', '620600');
INSERT INTO `relation_areas` VALUES ('2908', '620701', '市辖区', '620700');
INSERT INTO `relation_areas` VALUES ('2909', '620702', '甘州区', '620700');
INSERT INTO `relation_areas` VALUES ('2910', '620721', '肃南裕固族自治县', '620700');
INSERT INTO `relation_areas` VALUES ('2911', '620722', '民乐县', '620700');
INSERT INTO `relation_areas` VALUES ('2912', '620723', '临泽县', '620700');
INSERT INTO `relation_areas` VALUES ('2913', '620724', '高台县', '620700');
INSERT INTO `relation_areas` VALUES ('2914', '620725', '山丹县', '620700');
INSERT INTO `relation_areas` VALUES ('2915', '620801', '市辖区', '620800');
INSERT INTO `relation_areas` VALUES ('2916', '620802', '崆峒区', '620800');
INSERT INTO `relation_areas` VALUES ('2917', '620821', '泾川县', '620800');
INSERT INTO `relation_areas` VALUES ('2918', '620822', '灵台县', '620800');
INSERT INTO `relation_areas` VALUES ('2919', '620823', '崇信县', '620800');
INSERT INTO `relation_areas` VALUES ('2920', '620824', '华亭县', '620800');
INSERT INTO `relation_areas` VALUES ('2921', '620825', '庄浪县', '620800');
INSERT INTO `relation_areas` VALUES ('2922', '620826', '静宁县', '620800');
INSERT INTO `relation_areas` VALUES ('2923', '620901', '市辖区', '620900');
INSERT INTO `relation_areas` VALUES ('2924', '620902', '肃州区', '620900');
INSERT INTO `relation_areas` VALUES ('2925', '620921', '金塔县', '620900');
INSERT INTO `relation_areas` VALUES ('2926', '620922', '安西县', '620900');
INSERT INTO `relation_areas` VALUES ('2927', '620923', '肃北蒙古族自治县', '620900');
INSERT INTO `relation_areas` VALUES ('2928', '620924', '阿克塞哈萨克族自治县', '620900');
INSERT INTO `relation_areas` VALUES ('2929', '620981', '玉门市', '620900');
INSERT INTO `relation_areas` VALUES ('2930', '620982', '敦煌市', '620900');
INSERT INTO `relation_areas` VALUES ('2931', '621001', '市辖区', '621000');
INSERT INTO `relation_areas` VALUES ('2932', '621002', '西峰区', '621000');
INSERT INTO `relation_areas` VALUES ('2933', '621021', '庆城县', '621000');
INSERT INTO `relation_areas` VALUES ('2934', '621022', '环　县', '621000');
INSERT INTO `relation_areas` VALUES ('2935', '621023', '华池县', '621000');
INSERT INTO `relation_areas` VALUES ('2936', '621024', '合水县', '621000');
INSERT INTO `relation_areas` VALUES ('2937', '621025', '正宁县', '621000');
INSERT INTO `relation_areas` VALUES ('2938', '621026', '宁　县', '621000');
INSERT INTO `relation_areas` VALUES ('2939', '621027', '镇原县', '621000');
INSERT INTO `relation_areas` VALUES ('2940', '621101', '市辖区', '621100');
INSERT INTO `relation_areas` VALUES ('2941', '621102', '安定区', '621100');
INSERT INTO `relation_areas` VALUES ('2942', '621121', '通渭县', '621100');
INSERT INTO `relation_areas` VALUES ('2943', '621122', '陇西县', '621100');
INSERT INTO `relation_areas` VALUES ('2944', '621123', '渭源县', '621100');
INSERT INTO `relation_areas` VALUES ('2945', '621124', '临洮县', '621100');
INSERT INTO `relation_areas` VALUES ('2946', '621125', '漳　县', '621100');
INSERT INTO `relation_areas` VALUES ('2947', '621126', '岷　县', '621100');
INSERT INTO `relation_areas` VALUES ('2948', '621201', '市辖区', '621200');
INSERT INTO `relation_areas` VALUES ('2949', '621202', '武都区', '621200');
INSERT INTO `relation_areas` VALUES ('2950', '621221', '成　县', '621200');
INSERT INTO `relation_areas` VALUES ('2951', '621222', '文　县', '621200');
INSERT INTO `relation_areas` VALUES ('2952', '621223', '宕昌县', '621200');
INSERT INTO `relation_areas` VALUES ('2953', '621224', '康　县', '621200');
INSERT INTO `relation_areas` VALUES ('2954', '621225', '西和县', '621200');
INSERT INTO `relation_areas` VALUES ('2955', '621226', '礼　县', '621200');
INSERT INTO `relation_areas` VALUES ('2956', '621227', '徽　县', '621200');
INSERT INTO `relation_areas` VALUES ('2957', '621228', '两当县', '621200');
INSERT INTO `relation_areas` VALUES ('2958', '622901', '临夏市', '622900');
INSERT INTO `relation_areas` VALUES ('2959', '622921', '临夏县', '622900');
INSERT INTO `relation_areas` VALUES ('2960', '622922', '康乐县', '622900');
INSERT INTO `relation_areas` VALUES ('2961', '622923', '永靖县', '622900');
INSERT INTO `relation_areas` VALUES ('2962', '622924', '广河县', '622900');
INSERT INTO `relation_areas` VALUES ('2963', '622925', '和政县', '622900');
INSERT INTO `relation_areas` VALUES ('2964', '622926', '东乡族自治县', '622900');
INSERT INTO `relation_areas` VALUES ('2965', '622927', '积石山保安族东乡族撒拉族自治县', '622900');
INSERT INTO `relation_areas` VALUES ('2966', '623001', '合作市', '623000');
INSERT INTO `relation_areas` VALUES ('2967', '623021', '临潭县', '623000');
INSERT INTO `relation_areas` VALUES ('2968', '623022', '卓尼县', '623000');
INSERT INTO `relation_areas` VALUES ('2969', '623023', '舟曲县', '623000');
INSERT INTO `relation_areas` VALUES ('2970', '623024', '迭部县', '623000');
INSERT INTO `relation_areas` VALUES ('2971', '623025', '玛曲县', '623000');
INSERT INTO `relation_areas` VALUES ('2972', '623026', '碌曲县', '623000');
INSERT INTO `relation_areas` VALUES ('2973', '623027', '夏河县', '623000');
INSERT INTO `relation_areas` VALUES ('2974', '630101', '市辖区', '630100');
INSERT INTO `relation_areas` VALUES ('2975', '630102', '城东区', '630100');
INSERT INTO `relation_areas` VALUES ('2976', '630103', '城中区', '630100');
INSERT INTO `relation_areas` VALUES ('2977', '630104', '城西区', '630100');
INSERT INTO `relation_areas` VALUES ('2978', '630105', '城北区', '630100');
INSERT INTO `relation_areas` VALUES ('2979', '630121', '大通回族土族自治县', '630100');
INSERT INTO `relation_areas` VALUES ('2980', '630122', '湟中县', '630100');
INSERT INTO `relation_areas` VALUES ('2981', '630123', '湟源县', '630100');
INSERT INTO `relation_areas` VALUES ('2982', '632121', '平安县', '632100');
INSERT INTO `relation_areas` VALUES ('2983', '632122', '民和回族土族自治县', '632100');
INSERT INTO `relation_areas` VALUES ('2984', '632123', '乐都县', '632100');
INSERT INTO `relation_areas` VALUES ('2985', '632126', '互助土族自治县', '632100');
INSERT INTO `relation_areas` VALUES ('2986', '632127', '化隆回族自治县', '632100');
INSERT INTO `relation_areas` VALUES ('2987', '632128', '循化撒拉族自治县', '632100');
INSERT INTO `relation_areas` VALUES ('2988', '632221', '门源回族自治县', '632200');
INSERT INTO `relation_areas` VALUES ('2989', '632222', '祁连县', '632200');
INSERT INTO `relation_areas` VALUES ('2990', '632223', '海晏县', '632200');
INSERT INTO `relation_areas` VALUES ('2991', '632224', '刚察县', '632200');
INSERT INTO `relation_areas` VALUES ('2992', '632321', '同仁县', '632300');
INSERT INTO `relation_areas` VALUES ('2993', '632322', '尖扎县', '632300');
INSERT INTO `relation_areas` VALUES ('2994', '632323', '泽库县', '632300');
INSERT INTO `relation_areas` VALUES ('2995', '632324', '河南蒙古族自治县', '632300');
INSERT INTO `relation_areas` VALUES ('2996', '632521', '共和县', '632500');
INSERT INTO `relation_areas` VALUES ('2997', '632522', '同德县', '632500');
INSERT INTO `relation_areas` VALUES ('2998', '632523', '贵德县', '632500');
INSERT INTO `relation_areas` VALUES ('2999', '632524', '兴海县', '632500');
INSERT INTO `relation_areas` VALUES ('3000', '632525', '贵南县', '632500');
INSERT INTO `relation_areas` VALUES ('3001', '632621', '玛沁县', '632600');
INSERT INTO `relation_areas` VALUES ('3002', '632622', '班玛县', '632600');
INSERT INTO `relation_areas` VALUES ('3003', '632623', '甘德县', '632600');
INSERT INTO `relation_areas` VALUES ('3004', '632624', '达日县', '632600');
INSERT INTO `relation_areas` VALUES ('3005', '632625', '久治县', '632600');
INSERT INTO `relation_areas` VALUES ('3006', '632626', '玛多县', '632600');
INSERT INTO `relation_areas` VALUES ('3007', '632721', '玉树县', '632700');
INSERT INTO `relation_areas` VALUES ('3008', '632722', '杂多县', '632700');
INSERT INTO `relation_areas` VALUES ('3009', '632723', '称多县', '632700');
INSERT INTO `relation_areas` VALUES ('3010', '632724', '治多县', '632700');
INSERT INTO `relation_areas` VALUES ('3011', '632725', '囊谦县', '632700');
INSERT INTO `relation_areas` VALUES ('3012', '632726', '曲麻莱县', '632700');
INSERT INTO `relation_areas` VALUES ('3013', '632801', '格尔木市', '632800');
INSERT INTO `relation_areas` VALUES ('3014', '632802', '德令哈市', '632800');
INSERT INTO `relation_areas` VALUES ('3015', '632821', '乌兰县', '632800');
INSERT INTO `relation_areas` VALUES ('3016', '632822', '都兰县', '632800');
INSERT INTO `relation_areas` VALUES ('3017', '632823', '天峻县', '632800');
INSERT INTO `relation_areas` VALUES ('3018', '640101', '市辖区', '640100');
INSERT INTO `relation_areas` VALUES ('3019', '640104', '兴庆区', '640100');
INSERT INTO `relation_areas` VALUES ('3020', '640105', '西夏区', '640100');
INSERT INTO `relation_areas` VALUES ('3021', '640106', '金凤区', '640100');
INSERT INTO `relation_areas` VALUES ('3022', '640121', '永宁县', '640100');
INSERT INTO `relation_areas` VALUES ('3023', '640122', '贺兰县', '640100');
INSERT INTO `relation_areas` VALUES ('3024', '640181', '灵武市', '640100');
INSERT INTO `relation_areas` VALUES ('3025', '640201', '市辖区', '640200');
INSERT INTO `relation_areas` VALUES ('3026', '640202', '大武口区', '640200');
INSERT INTO `relation_areas` VALUES ('3027', '640205', '惠农区', '640200');
INSERT INTO `relation_areas` VALUES ('3028', '640221', '平罗县', '640200');
INSERT INTO `relation_areas` VALUES ('3029', '640301', '市辖区', '640300');
INSERT INTO `relation_areas` VALUES ('3030', '640302', '利通区', '640300');
INSERT INTO `relation_areas` VALUES ('3031', '640323', '盐池县', '640300');
INSERT INTO `relation_areas` VALUES ('3032', '640324', '同心县', '640300');
INSERT INTO `relation_areas` VALUES ('3033', '640381', '青铜峡市', '640300');
INSERT INTO `relation_areas` VALUES ('3034', '640401', '市辖区', '640400');
INSERT INTO `relation_areas` VALUES ('3035', '640402', '原州区', '640400');
INSERT INTO `relation_areas` VALUES ('3036', '640422', '西吉县', '640400');
INSERT INTO `relation_areas` VALUES ('3037', '640423', '隆德县', '640400');
INSERT INTO `relation_areas` VALUES ('3038', '640424', '泾源县', '640400');
INSERT INTO `relation_areas` VALUES ('3039', '640425', '彭阳县', '640400');
INSERT INTO `relation_areas` VALUES ('3040', '640501', '市辖区', '640500');
INSERT INTO `relation_areas` VALUES ('3041', '640502', '沙坡头区', '640500');
INSERT INTO `relation_areas` VALUES ('3042', '640521', '中宁县', '640500');
INSERT INTO `relation_areas` VALUES ('3043', '640522', '海原县', '640400');
INSERT INTO `relation_areas` VALUES ('3044', '650101', '市辖区', '650100');
INSERT INTO `relation_areas` VALUES ('3045', '650102', '天山区', '650100');
INSERT INTO `relation_areas` VALUES ('3046', '650103', '沙依巴克区', '650100');
INSERT INTO `relation_areas` VALUES ('3047', '650104', '新市区', '650100');
INSERT INTO `relation_areas` VALUES ('3048', '650105', '水磨沟区', '650100');
INSERT INTO `relation_areas` VALUES ('3049', '650106', '头屯河区', '650100');
INSERT INTO `relation_areas` VALUES ('3050', '650107', '达坂城区', '650100');
INSERT INTO `relation_areas` VALUES ('3051', '650108', '东山区', '650100');
INSERT INTO `relation_areas` VALUES ('3052', '650121', '乌鲁木齐县', '650100');
INSERT INTO `relation_areas` VALUES ('3053', '650201', '市辖区', '650200');
INSERT INTO `relation_areas` VALUES ('3054', '650202', '独山子区', '650200');
INSERT INTO `relation_areas` VALUES ('3055', '650203', '克拉玛依区', '650200');
INSERT INTO `relation_areas` VALUES ('3056', '650204', '白碱滩区', '650200');
INSERT INTO `relation_areas` VALUES ('3057', '650205', '乌尔禾区', '650200');
INSERT INTO `relation_areas` VALUES ('3058', '652101', '吐鲁番市', '652100');
INSERT INTO `relation_areas` VALUES ('3059', '652122', '鄯善县', '652100');
INSERT INTO `relation_areas` VALUES ('3060', '652123', '托克逊县', '652100');
INSERT INTO `relation_areas` VALUES ('3061', '652201', '哈密市', '652200');
INSERT INTO `relation_areas` VALUES ('3062', '652222', '巴里坤哈萨克自治县', '652200');
INSERT INTO `relation_areas` VALUES ('3063', '652223', '伊吾县', '652200');
INSERT INTO `relation_areas` VALUES ('3064', '652301', '昌吉市', '652300');
INSERT INTO `relation_areas` VALUES ('3065', '652302', '阜康市', '652300');
INSERT INTO `relation_areas` VALUES ('3066', '652303', '米泉市', '652300');
INSERT INTO `relation_areas` VALUES ('3067', '652323', '呼图壁县', '652300');
INSERT INTO `relation_areas` VALUES ('3068', '652324', '玛纳斯县', '652300');
INSERT INTO `relation_areas` VALUES ('3069', '652325', '奇台县', '652300');
INSERT INTO `relation_areas` VALUES ('3070', '652327', '吉木萨尔县', '652300');
INSERT INTO `relation_areas` VALUES ('3071', '652328', '木垒哈萨克自治县', '652300');
INSERT INTO `relation_areas` VALUES ('3072', '652701', '博乐市', '652700');
INSERT INTO `relation_areas` VALUES ('3073', '652722', '精河县', '652700');
INSERT INTO `relation_areas` VALUES ('3074', '652723', '温泉县', '652700');
INSERT INTO `relation_areas` VALUES ('3075', '652801', '库尔勒市', '652800');
INSERT INTO `relation_areas` VALUES ('3076', '652822', '轮台县', '652800');
INSERT INTO `relation_areas` VALUES ('3077', '652823', '尉犁县', '652800');
INSERT INTO `relation_areas` VALUES ('3078', '652824', '若羌县', '652800');
INSERT INTO `relation_areas` VALUES ('3079', '652825', '且末县', '652800');
INSERT INTO `relation_areas` VALUES ('3080', '652826', '焉耆回族自治县', '652800');
INSERT INTO `relation_areas` VALUES ('3081', '652827', '和静县', '652800');
INSERT INTO `relation_areas` VALUES ('3082', '652828', '和硕县', '652800');
INSERT INTO `relation_areas` VALUES ('3083', '652829', '博湖县', '652800');
INSERT INTO `relation_areas` VALUES ('3084', '652901', '阿克苏市', '652900');
INSERT INTO `relation_areas` VALUES ('3085', '652922', '温宿县', '652900');
INSERT INTO `relation_areas` VALUES ('3086', '652923', '库车县', '652900');
INSERT INTO `relation_areas` VALUES ('3087', '652924', '沙雅县', '652900');
INSERT INTO `relation_areas` VALUES ('3088', '652925', '新和县', '652900');
INSERT INTO `relation_areas` VALUES ('3089', '652926', '拜城县', '652900');
INSERT INTO `relation_areas` VALUES ('3090', '652927', '乌什县', '652900');
INSERT INTO `relation_areas` VALUES ('3091', '652928', '阿瓦提县', '652900');
INSERT INTO `relation_areas` VALUES ('3092', '652929', '柯坪县', '652900');
INSERT INTO `relation_areas` VALUES ('3093', '653001', '阿图什市', '653000');
INSERT INTO `relation_areas` VALUES ('3094', '653022', '阿克陶县', '653000');
INSERT INTO `relation_areas` VALUES ('3095', '653023', '阿合奇县', '653000');
INSERT INTO `relation_areas` VALUES ('3096', '653024', '乌恰县', '653000');
INSERT INTO `relation_areas` VALUES ('3097', '653101', '喀什市', '653100');
INSERT INTO `relation_areas` VALUES ('3098', '653121', '疏附县', '653100');
INSERT INTO `relation_areas` VALUES ('3099', '653122', '疏勒县', '653100');
INSERT INTO `relation_areas` VALUES ('3100', '653123', '英吉沙县', '653100');
INSERT INTO `relation_areas` VALUES ('3101', '653124', '泽普县', '653100');
INSERT INTO `relation_areas` VALUES ('3102', '653125', '莎车县', '653100');
INSERT INTO `relation_areas` VALUES ('3103', '653126', '叶城县', '653100');
INSERT INTO `relation_areas` VALUES ('3104', '653127', '麦盖提县', '653100');
INSERT INTO `relation_areas` VALUES ('3105', '653128', '岳普湖县', '653100');
INSERT INTO `relation_areas` VALUES ('3106', '653129', '伽师县', '653100');
INSERT INTO `relation_areas` VALUES ('3107', '653130', '巴楚县', '653100');
INSERT INTO `relation_areas` VALUES ('3108', '653131', '塔什库尔干塔吉克自治县', '653100');
INSERT INTO `relation_areas` VALUES ('3109', '653201', '和田市', '653200');
INSERT INTO `relation_areas` VALUES ('3110', '653221', '和田县', '653200');
INSERT INTO `relation_areas` VALUES ('3111', '653222', '墨玉县', '653200');
INSERT INTO `relation_areas` VALUES ('3112', '653223', '皮山县', '653200');
INSERT INTO `relation_areas` VALUES ('3113', '653224', '洛浦县', '653200');
INSERT INTO `relation_areas` VALUES ('3114', '653225', '策勒县', '653200');
INSERT INTO `relation_areas` VALUES ('3115', '653226', '于田县', '653200');
INSERT INTO `relation_areas` VALUES ('3116', '653227', '民丰县', '653200');
INSERT INTO `relation_areas` VALUES ('3117', '654002', '伊宁市', '654000');
INSERT INTO `relation_areas` VALUES ('3118', '654003', '奎屯市', '654000');
INSERT INTO `relation_areas` VALUES ('3119', '654021', '伊宁县', '654000');
INSERT INTO `relation_areas` VALUES ('3120', '654022', '察布查尔锡伯自治县', '654000');
INSERT INTO `relation_areas` VALUES ('3121', '654023', '霍城县', '654000');
INSERT INTO `relation_areas` VALUES ('3122', '654024', '巩留县', '654000');
INSERT INTO `relation_areas` VALUES ('3123', '654025', '新源县', '654000');
INSERT INTO `relation_areas` VALUES ('3124', '654026', '昭苏县', '654000');
INSERT INTO `relation_areas` VALUES ('3125', '654027', '特克斯县', '654000');
INSERT INTO `relation_areas` VALUES ('3126', '654028', '尼勒克县', '654000');
INSERT INTO `relation_areas` VALUES ('3127', '654201', '塔城市', '654200');
INSERT INTO `relation_areas` VALUES ('3128', '654202', '乌苏市', '654200');
INSERT INTO `relation_areas` VALUES ('3129', '654221', '额敏县', '654200');
INSERT INTO `relation_areas` VALUES ('3130', '654223', '沙湾县', '654200');
INSERT INTO `relation_areas` VALUES ('3131', '654224', '托里县', '654200');
INSERT INTO `relation_areas` VALUES ('3132', '654225', '裕民县', '654200');
INSERT INTO `relation_areas` VALUES ('3133', '654226', '和布克赛尔蒙古自治县', '654200');
INSERT INTO `relation_areas` VALUES ('3134', '654301', '阿勒泰市', '654300');
INSERT INTO `relation_areas` VALUES ('3135', '654321', '布尔津县', '654300');
INSERT INTO `relation_areas` VALUES ('3136', '654322', '富蕴县', '654300');
INSERT INTO `relation_areas` VALUES ('3137', '654323', '福海县', '654300');
INSERT INTO `relation_areas` VALUES ('3138', '654324', '哈巴河县', '654300');
INSERT INTO `relation_areas` VALUES ('3139', '654325', '青河县', '654300');
INSERT INTO `relation_areas` VALUES ('3140', '654326', '吉木乃县', '654300');
INSERT INTO `relation_areas` VALUES ('3141', '659001', '石河子市', '659000');
INSERT INTO `relation_areas` VALUES ('3142', '659002', '阿拉尔市', '659000');
INSERT INTO `relation_areas` VALUES ('3143', '659003', '图木舒克市', '659000');
INSERT INTO `relation_areas` VALUES ('3144', '659004', '五家渠市', '659000');
INSERT INTO `relation_areas` VALUES ('3145', '710000', '台湾', '710000');
INSERT INTO `relation_areas` VALUES ('3146', '810000', '香港', '810000');
INSERT INTO `relation_areas` VALUES ('3147', '820000', '澳门', '820000');

-- ----------------------------
